000
CDUS44 KCRP 060943
CLIVCT

CLIMATE REPORT
NATIONAL WEATHER SERVICE CORPUS CHRISTI TX
339 AM CST FRI MAR 6 2015


...................................

...THE VICTORIA CLIMATE SUMMARY FOR MARCH 5 2015...

CLIMATE NORMAL PERIOD 1981 TO 2010
CLIMATE RECORD PERIOD 1893 TO 2015


WEATHER ITEM   OBSERVED TIME   RECORD YEAR NORMAL DEPARTURE LAST
                VALUE   (LST)  VALUE       VALUE  FROM      YEAR
                                                  NORMAL
..................................................................
TEMPERATURE (F)
 YESTERDAY
  MAXIMUM         52    326 PM  92    1945  72    -20       57
  MINIMUM         36    938 AM  26    1917  50    -14       40
  AVERAGE         44                        61    -17       49

PRECIPITATION (IN)
  YESTERDAY        0.05          0.76 1948   0.09  -0.04      T
  MONTH TO DATE    0.15                      0.43  -0.28     0.64
  SINCE MAR 1      0.15                      0.43  -0.28     0.64
  SINCE JAN 1      4.20                      5.03  -0.83     2.30

SNOWFALL (IN)
  YESTERDAY       MM
  MONTH TO DATE    0.0
  SINCE MAR 1      0.0
  SINCE JUL 1      0.0
  SNOW DEPTH       0

DEGREE DAYS
 HEATING
  YESTERDAY       21                         6     15       16
  MONTH TO DATE   61                        30     31       83
  SINCE MAR 1     61                        30     31       83
  SINCE JUL 1   1141                      1123     18     1336

 COOLING
  YESTERDAY        0                         2     -2        0
  MONTH TO DATE    0                         9     -9        9
  SINCE MAR 1      0                         9     -9        9
  SINCE JAN 1     15                        47    -32       67
..................................................................


WIND (MPH)
  HIGHEST WIND SPEED    32   HIGHEST WIND DIRECTION     N (10)
  HIGHEST GUST SPEED    46   HIGHEST GUST DIRECTION     N (10)
  AVERAGE WIND SPEED    18.7


SKY COVER
  POSSIBLE SUNSHINE  MM
  AVERAGE SKY COVER 0.6


WEATHER CONDITIONS
 THE FOLLOWING WEATHER WAS RECORDED YESTERDAY.
  HEAVY RAIN
  LIGHT RAIN
  LIGHT SNOW
  FOG


RELATIVE HUMIDITY (PERCENT)
 HIGHEST    92          1200 AM
 LOWEST     46           500 PM
 AVERAGE    69

..........................................................


THE VICTORIA CLIMATE NORMALS FOR TODAY
                         NORMAL    RECORD    YEAR
 MAXIMUM TEMPERATURE (F)   72        92      1949
 MINIMUM TEMPERATURE (F)   51        28      1989


SUNRISE AND SUNSET
MARCH  6 2015.........SUNRISE   648 AM CST   SUNSET   631 PM CST
MARCH  7 2015.........SUNRISE   647 AM CST   SUNSET   631 PM CST


-  INDICATES NEGATIVE NUMBERS.
R  INDICATES RECORD WAS SET OR TIED.
MM INDICATES DATA IS MISSING.
T  INDICATES TRACE AMOUNT.




$$
