000
CDUS44 KCRP 022145
CLIVCT

CLIMATE REPORT
NATIONAL WEATHER SERVICE CORPUS CHRISTI TX
441 PM CDT TUE SEP 2 2014


...................................

...THE VICTORIA CLIMATE SUMMARY FOR SEPTEMBER 2 2014...
VALID TODAY AS OF 400 PM LOCAL TIME.

CLIMATE NORMAL PERIOD 1981 TO 2010
CLIMATE RECORD PERIOD 1893 TO 2014


WEATHER ITEM   OBSERVED TIME   RECORD YEAR NORMAL DEPARTURE LAST
                VALUE   (LST)  VALUE       VALUE  FROM      YEAR
                                                  NORMAL
..................................................................
TEMPERATURE (F)
 TODAY
  MAXIMUM         97   1224 PM 104    2000  93      4       98
                                      1939
  MINIMUM         78    157 AM  61    1915  72      6       74
  AVERAGE         88                        83      5       86

PRECIPITATION (IN)
  TODAY            0.01          0.95 1973   0.15  -0.14     0.00
  MONTH TO DATE    0.01                      0.29  -0.28     0.00
  SINCE SEP 1      0.01                      0.29  -0.28     0.00
  SINCE JAN 1     18.90                     27.16  -8.26    14.92

SNOWFALL (IN)
  TODAY            0.0
  MONTH TO DATE    0.0
  SINCE SEP 1      0.0
  SINCE JUL 1      0.0
  SNOW DEPTH       0

DEGREE DAYS
 HEATING
  TODAY            0                         0      0        0
  MONTH TO DATE    0                         0      0        0
  SINCE SEP 1      0                         0      0        0
  SINCE JUL 1      0                         0      0        0

 COOLING
  TODAY           23                        18      5       21
  MONTH TO DATE   46                        36     10       42
  SINCE SEP 1     46                        36     10       42
  SINCE JAN 1   2612                      2389    223     2536
..................................................................


WIND (MPH)
  HIGHEST WIND SPEED    25   HIGHEST WIND DIRECTION    SE (140)
  HIGHEST GUST SPEED    31   HIGHEST GUST DIRECTION    SE (150)


SKY COVER
  POSSIBLE SUNSHINE  MM
  AVERAGE SKY COVER 0.2


WEATHER CONDITIONS
 THE FOLLOWING WEATHER WAS RECORDED TODAY.
  LIGHT RAIN


RELATIVE HUMIDITY (PERCENT)
 HIGHEST    97           600 AM
 LOWEST     49           100 PM
 AVERAGE    73

..........................................................


THE VICTORIA CLIMATE NORMALS FOR TOMORROW
                         NORMAL    RECORD    YEAR
 MAXIMUM TEMPERATURE (F)   93       105      2000
 MINIMUM TEMPERATURE (F)   72        63      1915


SUNRISE AND SUNSET
SEPTEMBER  2 2014.....SUNRISE   706 AM CDT   SUNSET   748 PM CDT
SEPTEMBER  3 2014.....SUNRISE   707 AM CDT   SUNSET   747 PM CDT


-  INDICATES NEGATIVE NUMBERS.
R  INDICATES RECORD WAS SET OR TIED.
MM INDICATES DATA IS MISSING.
T  INDICATES TRACE AMOUNT.




$$
