000
CDUS44 KCRP 250655
CLIVCT

CLIMATE REPORT
NATIONAL WEATHER SERVICE CORPUS CHRISTI TX
153 AM CDT FRI APR 25 2014


...................................

...THE VICTORIA CLIMATE SUMMARY FOR APRIL 24 2014...

CLIMATE NORMAL PERIOD 1981 TO 2010
CLIMATE RECORD PERIOD 1893 TO 2014


WEATHER ITEM   OBSERVED TIME   RECORD YEAR NORMAL DEPARTURE LAST
                VALUE   (LST)  VALUE       VALUE  FROM      YEAR
                                                  NORMAL
..................................................................
TEMPERATURE (F)
 YESTERDAY
  MAXIMUM         86   1234 PM  92    1955  82      4       67
  MINIMUM         68    621 AM  44    1995  62      6       48
  AVERAGE         77                        72      5       58

PRECIPITATION (IN)
  YESTERDAY        0.00          1.25 2004   0.09  -0.09      T
  MONTH TO DATE    0.38                      2.15  -1.77     0.45
  SINCE MAR 1      2.00                      4.92  -2.92     0.77
  SINCE JAN 1      3.66                      9.52  -5.86     4.86

SNOWFALL (IN)
  YESTERDAY        0.0
  MONTH TO DATE    0.0
  SINCE MAR 1      0.0
  SINCE JUL 1      T
  SNOW DEPTH       0

DEGREE DAYS
 HEATING
  YESTERDAY        0                         0      0        7
  MONTH TO DATE   32                        29      3       50
  SINCE MAR 1    237                       154     83      200
  SINCE JUL 1   1490                      1247    243     1015

 COOLING
  YESTERDAY       12                         7      5        0
  MONTH TO DATE  127                       129     -2      104
  SINCE MAR 1    179                       203    -24      177
  SINCE JAN 1    237                       241     -4      236
..................................................................


WIND (MPH)
  HIGHEST WIND SPEED    24   HIGHEST WIND DIRECTION     S (170)
  HIGHEST GUST SPEED    30   HIGHEST GUST DIRECTION     S (180)
  AVERAGE WIND SPEED    10.9


SKY COVER
  POSSIBLE SUNSHINE  MM
  AVERAGE SKY COVER 0.4


WEATHER CONDITIONS
 THE FOLLOWING WEATHER WAS RECORDED YESTERDAY.
  FOG


RELATIVE HUMIDITY (PERCENT)
 HIGHEST    97          1100 PM
 LOWEST     55           100 PM
 AVERAGE    76

..........................................................


THE VICTORIA CLIMATE NORMALS FOR TODAY
                         NORMAL    RECORD    YEAR
 MAXIMUM TEMPERATURE (F)   82        96      1932
 MINIMUM TEMPERATURE (F)   62        45      1910


SUNRISE AND SUNSET
APRIL 25 2014.........SUNRISE   652 AM CDT   SUNSET   800 PM CDT
APRIL 26 2014.........SUNRISE   651 AM CDT   SUNSET   800 PM CDT


-  INDICATES NEGATIVE NUMBERS.
R  INDICATES RECORD WAS SET OR TIED.
MM INDICATES DATA IS MISSING.
T  INDICATES TRACE AMOUNT.

$$

GW
