000
CDUS44 KCRP 230759
CLIVCT

CLIMATE REPORT
NATIONAL WEATHER SERVICE CORPUS CHRISTI TX
253 AM CDT THU MAR 23 2017


...................................

...THE VICTORIA CLIMATE SUMMARY FOR MARCH 22 2017...

CLIMATE NORMAL PERIOD 1981 TO 2010
CLIMATE RECORD PERIOD 1893 TO 2017


WEATHER ITEM   OBSERVED TIME   RECORD YEAR NORMAL DEPARTURE LAST
                VALUE   (LST)  VALUE       VALUE  FROM      YEAR
                                                  NORMAL
..................................................................
TEMPERATURE (F)
 YESTERDAY
  MAXIMUM         83    256 PM  96    1916  76      7       75
  MINIMUM         61    440 AM  31    1915  54      7       47
  AVERAGE         72                        65      7       61

PRECIPITATION (IN)
  YESTERDAY        0.00          0.13 1993   0.11  -0.11     0.00
  MONTH TO DATE    4.13                      1.89   2.24     4.22
  SINCE MAR 1      4.13                      1.89   2.24     4.22
  SINCE JAN 1     12.73                      6.49   6.24     9.16

SNOWFALL (IN)
  YESTERDAY        0.0
  MONTH TO DATE    0.0
  SINCE MAR 1      0.0
  SINCE JUL 1      0.0
  SNOW DEPTH       0

DEGREE DAYS
 HEATING
  YESTERDAY        0                         3     -3        4
  MONTH TO DATE   34                       102    -68       39
  SINCE MAR 1     34                       102    -68       39
  SINCE JUL 1    565                      1195   -630      889

 COOLING
  YESTERDAY        7                         3      4        0
  MONTH TO DATE  100                        45     55       88
  SINCE MAR 1    100                        45     55       88
  SINCE JAN 1    307                        83    224      123
..................................................................


WIND (MPH)
  HIGHEST WIND SPEED    20   HIGHEST WIND DIRECTION     S (170)
  HIGHEST GUST SPEED    26   HIGHEST GUST DIRECTION     S (170)
  AVERAGE WIND SPEED    10.4


SKY COVER
  POSSIBLE SUNSHINE  MM
  AVERAGE SKY COVER 0.3


WEATHER CONDITIONS
 THE FOLLOWING WEATHER WAS RECORDED YESTERDAY.
  FOG
  FOG W/VISIBILITY <= 1/4 MILE


RELATIVE HUMIDITY (PERCENT)
 HIGHEST   100           700 AM
 LOWEST     51           300 PM
 AVERAGE    76

..........................................................


THE VICTORIA CLIMATE NORMALS FOR TODAY
                         NORMAL    RECORD    YEAR
 MAXIMUM TEMPERATURE (F)   76        95      1936
 MINIMUM TEMPERATURE (F)   54        35      1914


SUNRISE AND SUNSET
MARCH 23 2017.........SUNRISE   728 AM CDT   SUNSET   741 PM CDT
MARCH 24 2017.........SUNRISE   727 AM CDT   SUNSET   742 PM CDT


-  INDICATES NEGATIVE NUMBERS.
R  INDICATES RECORD WAS SET OR TIED.
MM INDICATES DATA IS MISSING.
T  INDICATES TRACE AMOUNT.

$$
