000
CDUS44 KCRP 271007
CLIVCT

CLIMATE REPORT
NATIONAL WEATHER SERVICE CORPUS CHRISTI TX
504 AM CDT THU JUL 27 2017


...................................

...THE VICTORIA CLIMATE SUMMARY FOR JULY 26 2017...

CLIMATE NORMAL PERIOD 1981 TO 2010
CLIMATE RECORD PERIOD 1893 TO 2017


WEATHER ITEM   OBSERVED TIME   RECORD YEAR NORMAL DEPARTURE LAST
                VALUE   (LST)  VALUE       VALUE  FROM      YEAR
                                                  NORMAL
..................................................................
TEMPERATURE (F)
 YESTERDAY
  MAXIMUM        100    219 PM 107    1954  95      5       84
  MINIMUM         77    605 AM  69    1904  74      3       74
  AVERAGE         89                        84      5       79

PRECIPITATION (IN)
  YESTERDAY        0.00          2.35 1979   0.11  -0.11     0.07
  MONTH TO DATE    0.37                      3.62  -3.25     0.11
  SINCE JUN 1      3.88                      8.08  -4.20     3.29
  SINCE JAN 1     23.46                     23.46   0.00    23.51

SNOWFALL (IN)
  YESTERDAY        0.0
  MONTH TO DATE    0.0
  SINCE JUN 1      0.0
  SINCE JUL 1      0.0
  SNOW DEPTH       0

DEGREE DAYS
 HEATING
  YESTERDAY        0                         0      0        0
  MONTH TO DATE    0                         0      0        0
  SINCE JUN 1      0                         0      0        0
  SINCE JUL 1      0                         0      0        0

 COOLING
  YESTERDAY       24                        19      5       14
  MONTH TO DATE  541                       489     52      551
  SINCE JUN 1   1101                       997    104     1081
  SINCE JAN 1   2113                      1656    457     1794
..................................................................


WIND (MPH)
  HIGHEST WIND SPEED    25   HIGHEST WIND DIRECTION     S (160)
  HIGHEST GUST SPEED    32   HIGHEST GUST DIRECTION    SE (150)
  AVERAGE WIND SPEED     9.5


SKY COVER
  POSSIBLE SUNSHINE  MM
  AVERAGE SKY COVER 0.1


WEATHER CONDITIONS
 THE FOLLOWING WEATHER WAS RECORDED YESTERDAY.
  NO SIGNIFICANT WEATHER WAS OBSERVED.


RELATIVE HUMIDITY (PERCENT)
 HIGHEST    91          1200 AM
 LOWEST     33           100 PM
 AVERAGE    62

..........................................................


THE VICTORIA CLIMATE NORMALS FOR TODAY
                         NORMAL    RECORD    YEAR
 MAXIMUM TEMPERATURE (F)   95       103      1954
 MINIMUM TEMPERATURE (F)   74        67      2008


SUNRISE AND SUNSET
JULY 27 2017..........SUNRISE   646 AM CDT   SUNSET   822 PM CDT
JULY 28 2017..........SUNRISE   647 AM CDT   SUNSET   821 PM CDT


-  INDICATES NEGATIVE NUMBERS.
R  INDICATES RECORD WAS SET OR TIED.
MM INDICATES DATA IS MISSING.
T  INDICATES TRACE AMOUNT.




$$
