000
CDUS45 KGJT 210800
CLIVEL


CLIMATE REPORT
NATIONAL WEATHER SERVICE GRAND JUNCTION CO
158 AM MDT THU AUG 21 2014


...................................

...THE VERNAL UT CLIMATE SUMMARY FOR AUGUST 20 2014...

CLIMATE NORMAL PERIOD 1981 TO 2010
CLIMATE RECORD PERIOD 9999 TO 9999


WEATHER ITEM   OBSERVED TIME   RECORD YEAR NORMAL DEPARTURE LAST
                VALUE   (LST)  VALUE       VALUE  FROM      YEAR
                                                  NORMAL
..................................................................
TEMPERATURE (F)
 YESTERDAY
  MAXIMUM         76    247 PM  MM      MM  85     -9       88
  MINIMUM         56    404 PM  MM      MM  55      1       62
  AVERAGE         66                        70     -4       75

PRECIPITATION (IN)
  YESTERDAY        0.47         MM      MM   0.03   0.44     0.02
  MONTH TO DATE    1.27                      0.46   0.81     0.17
  SINCE JUN 1      2.02                      1.90   0.12     0.76
  SINCE JAN 1      4.00                      5.31  -1.31     4.55

SNOWFALL (IN)
  YESTERDAY       MM            MM      MM   0.0   MM       MM
  MONTH TO DATE   MM                         0.0   MM       MM
  SINCE JUN 1     MM                         0.0   MM       MM
  SINCE JUL 1     MM                         0.0   MM       MM
  SNOW DEPTH      MM

DEGREE DAYS
 HEATING
  YESTERDAY        0                         0      0        0
  MONTH TO DATE    0                         0      0        0
  SINCE JUN 1     33                        78    -45       15
  SINCE JUL 1      0                         6     -6        0

 COOLING
  YESTERDAY        1                         5     -4       10
  MONTH TO DATE  128                       132     -4      143
  SINCE JUN 1    561                       441    120      648
  SINCE JAN 1    584                       450    134      656
..................................................................


WIND (MPH)
  HIGHEST WIND SPEED    29   HIGHEST WIND DIRECTION    NW (330)
  HIGHEST GUST SPEED    40   HIGHEST GUST DIRECTION    NW (330)
  AVERAGE WIND SPEED     5.0


SKY COVER
  POSSIBLE SUNSHINE  MM
  AVERAGE SKY COVER 0.6


WEATHER CONDITIONS
 THE FOLLOWING WEATHER WAS RECORDED YESTERDAY.
  THUNDERSTORM
  HEAVY RAIN
  RAIN
  LIGHT RAIN
  FOG


RELATIVE HUMIDITY (PERCENT)
 HIGHEST    93           300 AM
 LOWEST     46           200 PM
 AVERAGE    70

..........................................................


THE VERNAL UT CLIMATE NORMALS FOR TODAY
                         NORMAL    RECORD    YEAR
 MAXIMUM TEMPERATURE (F)   84        MM        MM
 MINIMUM TEMPERATURE (F)   55        MM        MM


SUNRISE AND SUNSET
AUGUST 21 2014........SUNRISE   635 AM MDT   SUNSET   807 PM MDT
AUGUST 22 2014........SUNRISE   636 AM MDT   SUNSET   805 PM MDT


-  INDICATES NEGATIVE NUMBERS.
R  INDICATES RECORD WAS SET OR TIED.
MM INDICATES DATA IS MISSING.
T  INDICATES TRACE AMOUNT.




$$
