000
CDUS45 KGJT 180838
CLIVEL


CLIMATE REPORT
NATIONAL WEATHER SERVICE GRAND JUNCTION CO
136 AM MST WED JAN 18 2017


...................................

...THE VERNAL UT CLIMATE SUMMARY FOR JANUARY 17 2017...

CLIMATE NORMAL PERIOD 1981 TO 2010
CLIMATE RECORD PERIOD 9999 TO 9999


WEATHER ITEM   OBSERVED TIME   RECORD YEAR NORMAL DEPARTURE LAST
                VALUE   (LST)  VALUE       VALUE  FROM      YEAR
                                                  NORMAL
..................................................................
TEMPERATURE (F)
 YESTERDAY
  MAXIMUM         20    411 PM  MM      MM  28     -8       38
  MINIMUM         13   1234 AM  MM      MM   9      4        8
  AVERAGE         17                        19     -2       23

PRECIPITATION (IN)
  YESTERDAY        0.00         MM      MM   0.02  -0.02     0.00
  MONTH TO DATE    1.03                      0.31   0.72     0.01
  SINCE DEC 1      2.05                      0.95   1.10     0.47
  SINCE JAN 1      1.03                      0.31   0.72     0.01

SNOWFALL (IN)
  YESTERDAY       MM            MM      MM   0.2   MM       MM
  MONTH TO DATE   MM                         3.1   MM       MM
  SINCE DEC 1     MM                         9.0   MM       MM
  SINCE JUL 1     MM                        10.6   MM       MM
  SNOW DEPTH      MM

DEGREE DAYS
 HEATING
  YESTERDAY       48                        46      2       42
  MONTH TO DATE  764                       782    -18      857
  SINCE DEC 1   1996                      2122   -126     2328
  SINCE JUL 1   3353                      3753   -400     3620

 COOLING
  YESTERDAY        0                         0      0        0
  MONTH TO DATE    0                         0      0        0
  SINCE DEC 1      0                         0      0        0
  SINCE JAN 1      0                         0      0        0
..................................................................


WIND (MPH)
  HIGHEST WIND SPEED     6   HIGHEST WIND DIRECTION     N (350)
  HIGHEST GUST SPEED     8   HIGHEST GUST DIRECTION     N (350)
  AVERAGE WIND SPEED     0.6


SKY COVER
  POSSIBLE SUNSHINE  MM
  AVERAGE SKY COVER 1.0


WEATHER CONDITIONS
 THE FOLLOWING WEATHER WAS RECORDED YESTERDAY.
  FOG


RELATIVE HUMIDITY (PERCENT)
 HIGHEST    92           300 AM
 LOWEST     73           400 PM
 AVERAGE    83

..........................................................


THE VERNAL UT CLIMATE NORMALS FOR TODAY
                         NORMAL    RECORD    YEAR
 MAXIMUM TEMPERATURE (F)   28        MM        MM
 MINIMUM TEMPERATURE (F)    9        MM        MM


SUNRISE AND SUNSET
JANUARY 18 2017.......SUNRISE   738 AM MST   SUNSET   520 PM MST
JANUARY 19 2017.......SUNRISE   737 AM MST   SUNSET   521 PM MST


-  INDICATES NEGATIVE NUMBERS.
R  INDICATES RECORD WAS SET OR TIED.
MM INDICATES DATA IS MISSING.
T  INDICATES TRACE AMOUNT.




$$
