000
CDUS43 KSGF 302330
CLIVIH


CLIMATE REPORT
NATIONAL WEATHER SERVICE SPRINGFIELD MO
628 PM CDT THU MAR 30 2017


...................................

...THE VICHY-ROLLA MO CLIMATE SUMMARY FOR MARCH 30 2017...
VALID TODAY AS OF 0500 PM LOCAL TIME.

CLIMATE NORMAL PERIOD 1981 TO 2010
CLIMATE RECORD PERIOD 1888 TO 2017


WEATHER ITEM   OBSERVED TIME   RECORD YEAR NORMAL DEPARTURE LAST
                VALUE   (LST)  VALUE       VALUE  FROM      YEAR
                                                  NORMAL
..................................................................
TEMPERATURE (F)
 TODAY
  MAXIMUM         63    131 AM  80    1967  62      1       70
  MINIMUM         49    439 PM  13    1899  39     10       52
  AVERAGE         56                        50      6       61

PRECIPITATION (IN)
  TODAY            0.11          2.10 2008   0.15  -0.04     0.97
  MONTH TO DATE    3.11                      3.30  -0.19     2.70
  SINCE MAR 1      3.11                      3.30  -0.19     2.70
  SINCE JAN 1      5.17                      7.40  -2.23     4.82

DEGREE DAYS
 COOLING
  TODAY            0                         0      0        0
  MONTH TO DATE    3                         0      3        0
  SINCE MAR 1      3                         0      3        0
  SINCE JAN 1      4                         0      4        0
..................................................................


WIND (MPH)
  HIGHEST WIND SPEED    21   HIGHEST WIND DIRECTION     W (250)
  HIGHEST GUST SPEED    27   HIGHEST GUST DIRECTION    SW (240)


SKY COVER
  AVERAGE SKY COVER 0.7


WEATHER CONDITIONS
 THE FOLLOWING WEATHER WAS RECORDED TODAY.
  THUNDERSTORM
  RAIN
  LIGHT RAIN
  FOG


RELATIVE HUMIDITY (PERCENT)
 HIGHEST    93           300 AM
 LOWEST     71           100 PM
 AVERAGE    82

..........................................................


THE VICHY-ROLLA MO CLIMATE NORMALS FOR TOMORROW
                         NORMAL    RECORD    YEAR
 MAXIMUM TEMPERATURE (F)   62        84      2010
 MINIMUM TEMPERATURE (F)   39        20      1899


SUNRISE AND SUNSET
MARCH 30 2017.........SUNRISE   655 AM CDT   SUNSET   729 PM CDT
MARCH 31 2017.........SUNRISE   653 AM CDT   SUNSET   730 PM CDT


-  INDICATES NEGATIVE NUMBERS.
R  INDICATES RECORD WAS SET OR TIED.
MM INDICATES DATA IS MISSING.
T  INDICATES TRACE AMOUNT.




$$
