000
CDUS42 KTAE 010640
CLIVLD


CLIMATE REPORT
NATIONAL WEATHER SERVICE TALLAHASSEE FL
236 AM EDT SAT NOV 1 2014


...................................

...THE VALDOSTA CLIMATE SUMMARY FOR OCTOBER 31 2014...

CLIMATE NORMAL PERIOD 1981 TO 2010
CLIMATE RECORD PERIOD 1948 TO 2014


WEATHER ITEM   OBSERVED TIME   NORMAL DEPARTURE LAST
                VALUE   (LST)  VALUE  FROM      YEAR
                                      NORMAL
......................................................
TEMPERATURE (F)
 YESTERDAY
  MAXIMUM         74    222 PM  77     -3       86
  MINIMUM         44    659 AM  52     -8       61
  AVERAGE         59            64     -5       74

PRECIPITATION (IN)
  YESTERDAY        T             0.10  -0.10     0.00
  MONTH TO DATE    1.36          3.20  -1.84     1.44
  SINCE SEP 1      8.22          7.84   0.38     3.28
  SINCE JAN 1     43.65         44.87  -1.22    37.44

DEGREE DAYS
 HEATING
  YESTERDAY        6             4      2        0
  MONTH TO DATE   36            41     -5       22
  SINCE SEP 1     36            43     -7       22
  SINCE JUL 1     36            43     -7       22

 COOLING
  YESTERDAY        0             3     -3        9
  MONTH TO DATE  141           156    -15      250
  SINCE SEP 1    544           527     17      704
  SINCE JAN 1   2905          2381    524     2978
......................................................


WIND (MPH)
  HIGHEST WIND SPEED     9   HIGHEST WIND DIRECTION    NW (310)
  HIGHEST GUST SPEED    17   HIGHEST GUST DIRECTION    NW (300)
  AVERAGE WIND SPEED     2.2




RELATIVE HUMIDITY (PERCENT)
 HIGHEST    83
 LOWEST     25
 AVERAGE    54

..........................................................




SUNRISE AND SUNSET
NOVEMBER  1 2014......SUNRISE   748 AM EDT   SUNSET   645 PM EDT
NOVEMBER  2 2014......SUNRISE   649 AM EST   SUNSET   544 PM EST


-  INDICATES NEGATIVE NUMBERS.
R  INDICATES RECORD WAS SET OR TIED.
MM INDICATES DATA IS MISSING.
T  INDICATES TRACE AMOUNT.




$$
