000
CDUS42 KTAE 070632
CLIVLD


CLIMATE REPORT
NATIONAL WEATHER SERVICE TALLAHASSEE FL
231 AM EDT TUE JUL 7 2015


...................................

...THE VALDOSTA CLIMATE SUMMARY FOR JULY 6 2015...

CLIMATE NORMAL PERIOD 1981 TO 2010
CLIMATE RECORD PERIOD 1948 TO 2015


WEATHER ITEM   OBSERVED TIME   NORMAL DEPARTURE LAST
                VALUE   (LST)  VALUE  FROM      YEAR
                                      NORMAL
......................................................
TEMPERATURE (F)
 YESTERDAY
  MAXIMUM         90    322 PM  92     -2       96
  MINIMUM         68    554 AM  71     -3       73
  AVERAGE         79            81     -2       85

PRECIPITATION (IN)
  YESTERDAY        0.00          0.19  -0.19     0.00
  MONTH TO DATE    0.49          1.15  -0.66     1.64
  SINCE JUN 1      3.61          7.21  -3.60     3.88
  SINCE JAN 1     22.17         26.21  -4.04    27.15

DEGREE DAYS
 COOLING
  YESTERDAY       14            16     -2       20
  MONTH TO DATE   96            96      0      125
  SINCE JUN 1    575           528     47      687
  SINCE JAN 1   1222           940    282     1290
......................................................


WIND (MPH)
  HIGHEST WIND SPEED     8   HIGHEST WIND DIRECTION    NW (300)
  HIGHEST GUST SPEED    16   HIGHEST GUST DIRECTION    NW (320)
  AVERAGE WIND SPEED     1.7




RELATIVE HUMIDITY (PERCENT)
 HIGHEST   100
 LOWEST     55
 AVERAGE    78

..........................................................




SUNRISE AND SUNSET
JULY  7 2015..........SUNRISE   636 AM EDT   SUNSET   840 PM EDT
JULY  8 2015..........SUNRISE   637 AM EDT   SUNSET   839 PM EDT


-  INDICATES NEGATIVE NUMBERS.
R  INDICATES RECORD WAS SET OR TIED.
MM INDICATES DATA IS MISSING.
T  INDICATES TRACE AMOUNT.




$$
