000
CDUS42 KTAE 282134
CLIVLD


CLIMATE REPORT
NATIONAL WEATHER SERVICE TALLAHASSEE FL
534 PM EDT FRI APR 28 2017


...................................

...THE VALDOSTA CLIMATE SUMMARY FOR APRIL 28 2017...
VALID TODAY AS OF 0500 PM LOCAL TIME.

CLIMATE NORMAL PERIOD 1981 TO 2010
CLIMATE RECORD PERIOD 1948 TO 2017


WEATHER ITEM   OBSERVED TIME   NORMAL DEPARTURE LAST
                VALUE   (LST)  VALUE  FROM      YEAR
                                      NORMAL
......................................................
TEMPERATURE (F)
 TODAY
  MAXIMUM         93    314 PM  83     10       87
  MINIMUM         66    108 AM  56     10       69
  AVERAGE         80            69     11       78

PRECIPITATION (IN)
  TODAY            0.00          0.06  -0.06     0.00
  MONTH TO DATE    1.94          2.75  -0.81     4.97
  SINCE MAR 1      3.14          7.62  -4.48    11.14
  SINCE JAN 1     13.45         16.35  -2.90    20.00

......................................................







THE VALDOSTA CLIMATE NORMALS FOR TOMORROW
                         NORMAL
 MAXIMUM TEMPERATURE (F)   83
 MINIMUM TEMPERATURE (F)   56



-  INDICATES NEGATIVE NUMBERS.
R  INDICATES RECORD WAS SET OR TIED.
MM INDICATES DATA IS MISSING.
T  INDICATES TRACE AMOUNT.




$$
