000
CDUS42 KFFC 210819
CLIVPC


CLIMATE REPORT
NATIONAL WEATHER SERVICE PEACHTREE CITY GA
419 AM EDT THU AUG 21 2014


...................................

...THE CARTERSVILLE CLIMATE SUMMARY FOR AUGUST 20 2014...

CLIMATE NORMAL PERIOD 1981 TO 2010
CLIMATE RECORD PERIOD 9999 TO 9999


WEATHER ITEM   OBSERVED TIME   RECORD YEAR NORMAL DEPARTURE LAST
                VALUE   (LST)  VALUE       VALUE  FROM      YEAR
                                                  NORMAL
..................................................................
TEMPERATURE (F)
 YESTERDAY
  MAXIMUM         90    106 PM  MM      MM  90      0       84
  MINIMUM         69   1039 PM  MM      MM  67      2       70
  AVERAGE         80                        78      2       77

PRECIPITATION (IN)
  YESTERDAY        0.37         MM      MM   0.12   0.25     0.00
  MONTH TO DATE    2.43                      2.80  -0.37     4.38
  SINCE JUN 1      7.63                     11.30  -3.67    17.64
  SINCE JAN 1     28.40                     33.46  -5.06    29.45

DEGREE DAYS
 COOLING
  YESTERDAY       15                        13      2       12
  MONTH TO DATE  248                       276    -28      224
  SINCE JUN 1    950                       983    -33      922
  SINCE JAN 1   1132                      1132      0     1047
..................................................................


WIND (MPH)
  RESULTANT WIND SPEED   2   RESULTANT WIND DIRECTION   E (80)
  HIGHEST WIND SPEED    18   HIGHEST WIND DIRECTION    NE (30)
  HIGHEST GUST SPEED    26   HIGHEST GUST DIRECTION     N (20)
  AVERAGE WIND SPEED     2.3


SKY COVER
  AVERAGE SKY COVER 0.4


WEATHER CONDITIONS
 THE FOLLOWING WEATHER WAS RECORDED YESTERDAY.
  THUNDERSTORM
  HEAVY RAIN
  LIGHT RAIN
  FOG


RELATIVE HUMIDITY (PERCENT)
 HIGHEST   100           200 AM
 LOWEST     58           200 PM
 AVERAGE    79

..........................................................


THE CARTERSVILLE CLIMATE NORMALS FOR TODAY
                         NORMAL    RECORD    YEAR
 MAXIMUM TEMPERATURE (F)   90        MM        MM
 MINIMUM TEMPERATURE (F)   67        MM        MM


SUNRISE AND SUNSET
AUGUST 21 2014........SUNRISE   705 AM EDT   SUNSET   819 PM EDT
AUGUST 22 2014........SUNRISE   706 AM EDT   SUNSET   818 PM EDT


-  INDICATES NEGATIVE NUMBERS.
R  INDICATES RECORD WAS SET OR TIED.
MM INDICATES DATA IS MISSING.
T  INDICATES TRACE AMOUNT.




$$
