000
CDUS42 KFFC 200818
CLIVPC


CLIMATE REPORT
NATIONAL WEATHER SERVICE PEACHTREE CITY GA
417 AM EDT MON OCT 20 2014


...................................

...THE CARTERSVILLE CLIMATE SUMMARY FOR OCTOBER 19 2014...

CLIMATE NORMAL PERIOD 1981 TO 2010
CLIMATE RECORD PERIOD 9999 TO 9999


WEATHER ITEM   OBSERVED TIME   RECORD YEAR NORMAL DEPARTURE LAST
                VALUE   (LST)  VALUE       VALUE  FROM      YEAR
                                                  NORMAL
..................................................................
TEMPERATURE (F)
 YESTERDAY
  MAXIMUM         71    333 PM  MM      MM  72     -1       66
  MINIMUM         43    658 AM  MM      MM  47     -4       51
  AVERAGE         57                        60     -3       59

PRECIPITATION (IN)
  YESTERDAY        0.00         MM      MM   0.09  -0.09     0.02
  MONTH TO DATE    3.32                      2.13   1.19     1.49
  SINCE SEP 1      6.87                      5.75   1.12     4.33
  SINCE JAN 1     35.44                     40.34  -4.90    34.36

SNOWFALL (IN)
  YESTERDAY       MM            MM      MM  MM     MM       MM
  MONTH TO DATE    0.0                      MM     MM        0.0
  SINCE SEP 1      0.0                      MM     MM        0.0
  SINCE JUL 1      0.0                      MM     MM        0.0
  SNOW DEPTH      MM

DEGREE DAYS
 HEATING
  YESTERDAY        8                         6      2        6
  MONTH TO DATE   56                        79    -23       17
  SINCE SEP 1     56                        97    -41       18
  SINCE JUL 1     56                        97    -41       18

 COOLING
  YESTERDAY        0                         1     -1        0
  MONTH TO DATE   67                        29     38       43
  SINCE SEP 1    343                       236    107      256
  SINCE JAN 1   1623                      1501    122     1434
..................................................................


WIND (MPH)
  RESULTANT WIND SPEED   1   RESULTANT WIND DIRECTION  NE (50)
  HIGHEST WIND SPEED     9   HIGHEST WIND DIRECTION     N (20)
  HIGHEST GUST SPEED    15   HIGHEST GUST DIRECTION     N (20)
  AVERAGE WIND SPEED     1.2


SKY COVER
  AVERAGE SKY COVER 0.0


WEATHER CONDITIONS
 THE FOLLOWING WEATHER WAS RECORDED YESTERDAY.
  NO SIGNIFICANT WEATHER WAS OBSERVED.


RELATIVE HUMIDITY (PERCENT)
 HIGHEST   100           500 AM
 LOWEST     42           300 PM
 AVERAGE    71

..........................................................


THE CARTERSVILLE CLIMATE NORMALS FOR TODAY
                         NORMAL    RECORD    YEAR
 MAXIMUM TEMPERATURE (F)   72        MM        MM
 MINIMUM TEMPERATURE (F)   47        MM        MM


SUNRISE AND SUNSET
OCTOBER 20 2014.......SUNRISE   749 AM EDT   SUNSET   659 PM EDT
OCTOBER 21 2014.......SUNRISE   749 AM EDT   SUNSET   658 PM EDT


-  INDICATES NEGATIVE NUMBERS.
R  INDICATES RECORD WAS SET OR TIED.
MM INDICATES DATA IS MISSING.
T  INDICATES TRACE AMOUNT.




$$
