000
CDUS43 KLOT 250635
CLIVPZ


CLIMATE REPORT
NATIONAL WEATHER SERVICE CHICAGO IL
135 AM CDT TUE APR 25 2017


...................................

...THE VALPARAISO CLIMATE SUMMARY FOR APRIL 24 2017...

CLIMATE NORMAL PERIOD 1981 TO 2010
CLIMATE RECORD PERIOD 1998 TO 2017


WEATHER ITEM   OBSERVED TIME   RECORD YEAR NORMAL DEPARTURE LAST
                VALUE   (LST)  VALUE       VALUE  FROM      YEAR
                                                  NORMAL
..................................................................
TEMPERATURE (F)
 YESTERDAY
  MAXIMUM         76    336 PM  84    2009  63     13       76
                                      1960
                                      1915
  MINIMUM         42    520 AM  27    2015  41      1       40
  AVERAGE         59                        52      7       58

PRECIPITATION (IN)
  YESTERDAY        0.00          0.84 2010   0.10  -0.10     0.00
  MONTH TO DATE    3.34                      2.65   0.69     1.87
  SINCE MAR 1      6.39                      5.13   1.26     4.92
  SINCE JAN 1      9.83                      8.30   1.53     6.25

DEGREE DAYS
 HEATING
  YESTERDAY        6                        13     -7        7
  MONTH TO DATE  273                       410   -137      423
  SINCE MAR 1   1055                      1255   -200     1064
  SINCE JUL 1   4769                      5987  -1218     4922

 COOLING
  YESTERDAY        0                         0      0        0
  MONTH TO DATE    6                         0      6        2
  SINCE MAR 1      6                         0      6        2
  SINCE JAN 1      6                         0      6        2
..................................................................


WIND (MPH)
  RESULTANT WIND SPEED   7   RESULTANT WIND DIRECTION   E (100)
  HIGHEST WIND SPEED    17   HIGHEST WIND DIRECTION     E (100)
  HIGHEST GUST SPEED    22   HIGHEST GUST DIRECTION     E (90)
  AVERAGE WIND SPEED     8.4



WEATHER CONDITIONS
 THE FOLLOWING WEATHER WAS RECORDED YESTERDAY.
  NO SIGNIFICANT WEATHER WAS OBSERVED.


..........................................................


THE VALPARAISO CLIMATE NORMALS FOR TODAY
                         NORMAL    RECORD    YEAR
 MAXIMUM TEMPERATURE (F)   64        82      2008
 MINIMUM TEMPERATURE (F)   42        33      2005
                                             1999


SUNRISE AND SUNSET
APRIL 25 2017.........SUNRISE   553 AM CDT   SUNSET   740 PM CDT
APRIL 26 2017.........SUNRISE   552 AM CDT   SUNSET   741 PM CDT


-  INDICATES NEGATIVE NUMBERS.
R  INDICATES RECORD WAS SET OR TIED.
MM INDICATES DATA IS MISSING.
T  INDICATES TRACE AMOUNT.




$$
