000
CDUS43 KLOT 190638
CLIVPZ


CLIMATE REPORT
NATIONAL WEATHER SERVICE CHICAGO IL
1237 AM CST FRI JAN 19 2018


...................................

...THE VALPARAISO CLIMATE SUMMARY FOR JANUARY 18 2018...

CLIMATE NORMAL PERIOD 1981 TO 2010
CLIMATE RECORD PERIOD 1998 TO 2018


WEATHER ITEM   OBSERVED TIME   RECORD YEAR NORMAL DEPARTURE LAST
                VALUE   (LST)  VALUE       VALUE  FROM      YEAR
                                                  NORMAL
..................................................................
TEMPERATURE (F)
 YESTERDAY
  MAXIMUM         31    359 PM  46    1999  31      0       38
  MINIMUM         15    715 AM  -3    2016  16     -1       35
  AVERAGE         23                        23      0       37

PRECIPITATION (IN)
  YESTERDAY        0.00          0.07 2011   0.06  -0.06     0.00
  MONTH TO DATE    0.33                      0.98  -0.65     1.82
  SINCE DEC 1      0.49                      3.16  -2.67     2.57
  SINCE JAN 1      0.33                      0.98  -0.65     1.82

DEGREE DAYS
 HEATING
  YESTERDAY       42                        42      0       28
  MONTH TO DATE  861                       747    114      671
  SINCE DEC 1   2001                      1891    110     1869
  SINCE JUL 1   3000                      3149   -149     2682

 COOLING
  YESTERDAY        0                         0      0        0
  MONTH TO DATE    0                         0      0        0
  SINCE DEC 1      0                         0      0        0
  SINCE JAN 1      0                         0      0        0
..................................................................


WIND (MPH)
  RESULTANT WIND SPEED  14   RESULTANT WIND DIRECTION  SW (220)
  HIGHEST WIND SPEED    22   HIGHEST WIND DIRECTION    SW (220)
  HIGHEST GUST SPEED    27   HIGHEST GUST DIRECTION    SW (220)
  AVERAGE WIND SPEED    14.4



WEATHER CONDITIONS
 THE FOLLOWING WEATHER WAS RECORDED YESTERDAY.
  NO SIGNIFICANT WEATHER WAS OBSERVED.


..........................................................


THE VALPARAISO CLIMATE NORMALS FOR TODAY
                         NORMAL    RECORD    YEAR
 MAXIMUM TEMPERATURE (F)   31        55      2006
 MINIMUM TEMPERATURE (F)   16        -3      2003


SUNRISE AND SUNSET
JANUARY 19 2018.......SUNRISE   710 AM CST   SUNSET   448 PM CST
JANUARY 20 2018.......SUNRISE   709 AM CST   SUNSET   449 PM CST


-  INDICATES NEGATIVE NUMBERS.
R  INDICATES RECORD WAS SET OR TIED.
MM INDICATES DATA IS MISSING.
T  INDICATES TRACE AMOUNT.




$$
