274
CDUS43 KLOT 190638
CLIVPZ


CLIMATE REPORT
NATIONAL WEATHER SERVICE CHICAGO IL
1238 AM CST SUN NOV 19 2017


...................................

...THE VALPARAISO CLIMATE SUMMARY FOR NOVEMBER 18 2017...

CLIMATE NORMAL PERIOD 1981 TO 2010
CLIMATE RECORD PERIOD 1998 TO 2017


WEATHER ITEM   OBSERVED TIME   RECORD YEAR NORMAL DEPARTURE LAST
                VALUE   (LST)  VALUE       VALUE  FROM      YEAR
                                                  NORMAL
..................................................................
TEMPERATURE (F)
 YESTERDAY
  MAXIMUM         48    952 AM  69    2016  47      1       69
                                      1999
  MINIMUM         40   1159 PM  10    2014  32      8       41
  AVERAGE         44                        40      4       55

PRECIPITATION (IN)
  YESTERDAY        0.76          1.21 2003   0.11   0.65     0.26
  MONTH TO DATE    2.52                      2.14   0.38     1.36
  SINCE SEP 1     10.43                      8.60   1.83     7.25
  SINCE JAN 1     34.48                     34.14   0.34    30.09

DEGREE DAYS
 HEATING
  YESTERDAY       21                        25     -4       10
  MONTH TO DATE  421                       385     36      218
  SINCE SEP 1    725                       898   -173      500
  SINCE JUL 1    731                       915   -184      508

 COOLING
  YESTERDAY        0                         0      0        0
  MONTH TO DATE    0                         0      0        4
  SINCE SEP 1    204                        77    127      168
  SINCE JAN 1    968                       713    255     1017
..................................................................


WIND (MPH)
  RESULTANT WIND SPEED   9   RESULTANT WIND DIRECTION   N (350)
  HIGHEST WIND SPEED    28   HIGHEST WIND DIRECTION     N (350)
  HIGHEST GUST SPEED    40   HIGHEST GUST DIRECTION    NW (330)
  AVERAGE WIND SPEED    10.9



WEATHER CONDITIONS
 THE FOLLOWING WEATHER WAS RECORDED YESTERDAY.
  THUNDERSTORM
  RAIN
  LIGHT RAIN
  FOG


..........................................................


THE VALPARAISO CLIMATE NORMALS FOR TODAY
                         NORMAL    RECORD    YEAR
 MAXIMUM TEMPERATURE (F)   47        61      2007
 MINIMUM TEMPERATURE (F)   32        15      2014


SUNRISE AND SUNSET
NOVEMBER 19 2017......SUNRISE   642 AM CST   SUNSET   425 PM CST
NOVEMBER 20 2017......SUNRISE   643 AM CST   SUNSET   424 PM CST


-  INDICATES NEGATIVE NUMBERS.
R  INDICATES RECORD WAS SET OR TIED.
MM INDICATES DATA IS MISSING.
T  INDICATES TRACE AMOUNT.




$$
