000
CDUS43 KLOT 050659
CLIVPZ


CLIMATE REPORT
NATIONAL WEATHER SERVICE CHICAGO IL
158 AM CDT THU MAY 5 2016


...................................

...THE VALPARAISO CLIMATE SUMMARY FOR MAY 4 2016...

CLIMATE NORMAL PERIOD 1981 TO 2010
CLIMATE RECORD PERIOD 1998 TO 2016


WEATHER ITEM   OBSERVED TIME   RECORD YEAR NORMAL DEPARTURE LAST
                VALUE   (LST)  VALUE       VALUE  FROM      YEAR
                                                  NORMAL
..................................................................
TEMPERATURE (F)
 YESTERDAY
  MAXIMUM         56   1252 AM  81    2000  67    -11       72
  MINIMUM         40   1159 PM  30    2005  44     -4       57
  AVERAGE         48                        56     -8       65

PRECIPITATION (IN)
  YESTERDAY        0.37          1.03 2003   0.14   0.23     0.15
  MONTH TO DATE    0.45                      0.56  -0.11     0.15
  SINCE MAR 1      6.18                      6.57  -0.39     2.92
  SINCE JAN 1      7.51                      9.74  -2.23     4.53

DEGREE DAYS
 HEATING
  YESTERDAY       17                        10      7        0
  MONTH TO DATE   57                        41     16       15
  SINCE MAR 1   1200                      1368   -168     1425
  SINCE JUL 1   5058                      6100  -1042     6683

 COOLING
  YESTERDAY        0                         0      0        0
  MONTH TO DATE    0                         0      0        2
  SINCE MAR 1      6                         5      1        2
  SINCE JAN 1      6                         5      1        2
..................................................................


WIND (MPH)
  RESULTANT WIND SPEED  13   RESULTANT WIND DIRECTION   N (340)
  HIGHEST WIND SPEED    25   HIGHEST WIND DIRECTION     N (340)
  HIGHEST GUST SPEED    36   HIGHEST GUST DIRECTION     N (350)
  AVERAGE WIND SPEED    14.9



WEATHER CONDITIONS
 THE FOLLOWING WEATHER WAS RECORDED YESTERDAY.
  RAIN
  LIGHT RAIN
  FOG


..........................................................


THE VALPARAISO CLIMATE NORMALS FOR TODAY
                         NORMAL    RECORD    YEAR
 MAXIMUM TEMPERATURE (F)   67        83      2000
 MINIMUM TEMPERATURE (F)   45        34      2011


SUNRISE AND SUNSET
MAY  5 2016...........SUNRISE   539 AM CDT   SUNSET   750 PM CDT
MAY  6 2016...........SUNRISE   538 AM CDT   SUNSET   752 PM CDT


-  INDICATES NEGATIVE NUMBERS.
R  INDICATES RECORD WAS SET OR TIED.
MM INDICATES DATA IS MISSING.
T  INDICATES TRACE AMOUNT.




$$
