000
CDUS43 KLOT 250638
CLIVPZ


CLIMATE REPORT
NATIONAL WEATHER SERVICE CHICAGO IL
136 AM CDT MON MAY 25 2015


...................................

...THE VALPARAISO CLIMATE SUMMARY FOR MAY 24 2015...

CLIMATE NORMAL PERIOD 1981 TO 2010
CLIMATE RECORD PERIOD 1998 TO 2015


WEATHER ITEM   OBSERVED TIME   RECORD YEAR NORMAL DEPARTURE LAST
                VALUE   (LST)  VALUE       VALUE  FROM      YEAR
                                                  NORMAL
..................................................................
TEMPERATURE (F)
 YESTERDAY
  MAXIMUM         83    434 PM  90    2010  73     10       75
  MINIMUM         54    237 AM  39    2013  51      3       42
  AVERAGE         69                        62      7       59

PRECIPITATION (IN)
  YESTERDAY        T             0.52 2006   0.13  -0.13     0.00
  MONTH TO DATE    2.29                      3.05  -0.76     2.83
  SINCE MAR 1      5.06                      9.06  -4.00     5.82
  SINCE JAN 1      6.67                     12.23  -5.56     8.45

DEGREE DAYS
 HEATING
  YESTERDAY        0                         5     -5        6
  MONTH TO DATE  133                       190    -57      224
  SINCE MAR 1   1543                      1517     26     1742
  SINCE JUL 1   6801                      6249    552     7191

 COOLING
  YESTERDAY        4                         2      2        0
  MONTH TO DATE   45                        26     19       40
  SINCE MAR 1     45                        31     14       40
  SINCE JAN 1     45                        31     14       40
..................................................................


WIND (MPH)
  RESULTANT WIND SPEED   7   RESULTANT WIND DIRECTION   S (160)
  HIGHEST WIND SPEED    22   HIGHEST WIND DIRECTION     S (170)
  HIGHEST GUST SPEED    29   HIGHEST GUST DIRECTION     S (170)
  AVERAGE WIND SPEED     8.9



WEATHER CONDITIONS
 THE FOLLOWING WEATHER WAS RECORDED YESTERDAY.
  LIGHT RAIN


..........................................................


THE VALPARAISO CLIMATE NORMALS FOR TODAY
                         NORMAL    RECORD    YEAR
 MAXIMUM TEMPERATURE (F)   73        87      2010
 MINIMUM TEMPERATURE (F)   51        36      2013


SUNRISE AND SUNSET
MAY 25 2015...........SUNRISE   521 AM CDT   SUNSET   809 PM CDT
MAY 26 2015...........SUNRISE   520 AM CDT   SUNSET   810 PM CDT


-  INDICATES NEGATIVE NUMBERS.
R  INDICATES RECORD WAS SET OR TIED.
MM INDICATES DATA IS MISSING.
T  INDICATES TRACE AMOUNT.




$$
