000
CDUS43 KLOT 220709
CLIVPZ


CLIMATE REPORT
NATIONAL WEATHER SERVICE CHICAGO IL
208 AM CDT SAT JUL 22 2017


...................................

...THE VALPARAISO CLIMATE SUMMARY FOR JULY 21 2017...

CLIMATE NORMAL PERIOD 1981 TO 2010
CLIMATE RECORD PERIOD 1998 TO 2017


WEATHER ITEM   OBSERVED TIME   RECORD YEAR NORMAL DEPARTURE LAST
                VALUE   (LST)  VALUE       VALUE  FROM      YEAR
                                                  NORMAL
..................................................................
TEMPERATURE (F)
 YESTERDAY
  MAXIMUM         88    306 PM 101    2011  83      5       90
  MINIMUM         72    544 AM  54    2009  62     10       68
  AVERAGE         80                        73      7       79

PRECIPITATION (IN)
  YESTERDAY        0.82          1.47 2003   0.13   0.69     1.04
  MONTH TO DATE    2.96                      3.05  -0.09     2.44
  SINCE JUN 1      6.00                      6.96  -0.96     2.69
  SINCE JAN 1     21.40                     19.94   1.46    12.09

DEGREE DAYS
 HEATING
  YESTERDAY        0                         0      0        0
  MONTH TO DATE    0                         0      0        8
  SINCE JUN 1      3                        41    -38       28
  SINCE JUL 1      0                         0      0        8

 COOLING
  YESTERDAY       15                         8      7       14
  MONTH TO DATE  204                       168     36      165
  SINCE JUN 1    458                       332    126      365
  SINCE JAN 1    515                       379    136      442
..................................................................


WIND (MPH)
  RESULTANT WIND SPEED   4   RESULTANT WIND DIRECTION  SE (130)
  HIGHEST WIND SPEED    18   HIGHEST WIND DIRECTION     S (180)
  HIGHEST GUST SPEED    32   HIGHEST GUST DIRECTION    SE (150)
  AVERAGE WIND SPEED     5.4



WEATHER CONDITIONS
 THE FOLLOWING WEATHER WAS RECORDED YESTERDAY.
  HEAVY RAIN
  RAIN
  LIGHT RAIN
  FOG


..........................................................


THE VALPARAISO CLIMATE NORMALS FOR TODAY
                         NORMAL    RECORD    YEAR
 MAXIMUM TEMPERATURE (F)   83        93      2002
 MINIMUM TEMPERATURE (F)   62        52      2007


SUNRISE AND SUNSET
JULY 22 2017..........SUNRISE   534 AM CDT   SUNSET   815 PM CDT
JULY 23 2017..........SUNRISE   535 AM CDT   SUNSET   814 PM CDT


-  INDICATES NEGATIVE NUMBERS.
R  INDICATES RECORD WAS SET OR TIED.
MM INDICATES DATA IS MISSING.
T  INDICATES TRACE AMOUNT.




$$
