000
CDUS43 KLOT 240647
CLIVPZ


CLIMATE REPORT
NATIONAL WEATHER SERVICE CHICAGO IL
1245 AM CST TUE JAN 24 2017


...................................

...THE VALPARAISO CLIMATE SUMMARY FOR JANUARY 23 2017...

CLIMATE NORMAL PERIOD 1981 TO 2010
CLIMATE RECORD PERIOD 1998 TO 2017


WEATHER ITEM   OBSERVED TIME   RECORD YEAR NORMAL DEPARTURE LAST
                VALUE   (LST)  VALUE       VALUE  FROM      YEAR
                                                  NORMAL
..................................................................
TEMPERATURE (F)
 YESTERDAY
  MAXIMUM         42    148 PM  51    2002  31     11       34
  MINIMUM         38    748 AM  -6    2014  16     22       18
  AVERAGE         40                        23     17       26

PRECIPITATION (IN)
  YESTERDAY        0.00          0.26 2012   0.06  -0.06     0.00
  MONTH TO DATE    2.40                      1.27   1.13     0.41
  SINCE DEC 1      3.15                      3.45  -0.30     2.54
  SINCE JAN 1      2.40                      1.27   1.13     0.41

DEGREE DAYS
 HEATING
  YESTERDAY       25                        42    -17       39
  MONTH TO DATE  783                       957   -174      947
  SINCE DEC 1   1981                      2101   -120     1660
  SINCE JUL 1   2794                      3359   -565     2636

 COOLING
  YESTERDAY        0                         0      0        0
  MONTH TO DATE    0                         0      0        0
  SINCE DEC 1      0                         0      0        0
  SINCE JAN 1      0                         0      0        0
..................................................................


WIND (MPH)
  RESULTANT WIND SPEED  10   RESULTANT WIND DIRECTION   N (340)
  HIGHEST WIND SPEED    18   HIGHEST WIND DIRECTION     N (340)
  HIGHEST GUST SPEED    24   HIGHEST GUST DIRECTION     N (360)
  AVERAGE WIND SPEED    10.1



WEATHER CONDITIONS
 THE FOLLOWING WEATHER WAS RECORDED YESTERDAY.
  FOG
  FOG W/VISIBILITY <= 1/4 MILE


..........................................................


THE VALPARAISO CLIMATE NORMALS FOR TODAY
                         NORMAL    RECORD    YEAR
 MAXIMUM TEMPERATURE (F)   31        48      2010
 MINIMUM TEMPERATURE (F)   16        -9      2014


SUNRISE AND SUNSET
JANUARY 24 2017.......SUNRISE   706 AM CST   SUNSET   454 PM CST
JANUARY 25 2017.......SUNRISE   706 AM CST   SUNSET   456 PM CST


-  INDICATES NEGATIVE NUMBERS.
R  INDICATES RECORD WAS SET OR TIED.
MM INDICATES DATA IS MISSING.
T  INDICATES TRACE AMOUNT.




$$
