000
CDUS43 KLOT 020641
CLIVPZ


CLIMATE REPORT
NATIONAL WEATHER SERVICE CHICAGO IL
140 AM CDT WED SEP 2 2015


...................................

...THE VALPARAISO CLIMATE SUMMARY FOR SEPTEMBER 1 2015...

CLIMATE NORMAL PERIOD 1981 TO 2010
CLIMATE RECORD PERIOD 1998 TO 2015


WEATHER ITEM   OBSERVED TIME   RECORD YEAR NORMAL DEPARTURE LAST
                VALUE   (LST)  VALUE       VALUE  FROM      YEAR
                                                  NORMAL
..................................................................
TEMPERATURE (F)
 YESTERDAY
  MAXIMUM         86    412 PM  95    2011  79      7       84
  MINIMUM         67    526 AM  46    2009  58      9       70
  AVERAGE         77                        68      9       77

PRECIPITATION (IN)
  YESTERDAY        0.00          0.84 2003   0.15  -0.15      T
  MONTH TO DATE    0.00                      0.15  -0.15      T
  SINCE SEP 1      0.00                      0.15  -0.15      T
  SINCE JAN 1     23.70                     25.69  -1.99    29.36

DEGREE DAYS
 HEATING
  YESTERDAY        0                         1     -1        0
  MONTH TO DATE    0                         1     -1        0
  SINCE SEP 1      0                         1     -1        0
  SINCE JUL 1     11                        18     -7       40

 COOLING
  YESTERDAY       12                         4      8       12
  MONTH TO DATE   12                         4      8       12
  SINCE SEP 1     12                         4      8       12
  SINCE JAN 1    599                       640    -41      559
..................................................................


WIND (MPH)
  RESULTANT WIND SPEED   5   RESULTANT WIND DIRECTION  SW (210)
  HIGHEST WIND SPEED    20   HIGHEST WIND DIRECTION    SW (210)
  HIGHEST GUST SPEED    25   HIGHEST GUST DIRECTION    SW (220)
  AVERAGE WIND SPEED     5.6



WEATHER CONDITIONS
 THE FOLLOWING WEATHER WAS RECORDED YESTERDAY.
  FOG


..........................................................


THE VALPARAISO CLIMATE NORMALS FOR TODAY
                         NORMAL    RECORD    YEAR
 MAXIMUM TEMPERATURE (F)   79        95      2011
 MINIMUM TEMPERATURE (F)   58        48      2009
                                             2001


SUNRISE AND SUNSET
SEPTEMBER  2 2015.....SUNRISE   615 AM CDT   SUNSET   720 PM CDT
SEPTEMBER  3 2015.....SUNRISE   616 AM CDT   SUNSET   718 PM CDT


-  INDICATES NEGATIVE NUMBERS.
R  INDICATES RECORD WAS SET OR TIED.
MM INDICATES DATA IS MISSING.
T  INDICATES TRACE AMOUNT.




$$
