000
CDUS43 KLOT 210635
CLIVPZ


CLIMATE REPORT
NATIONAL WEATHER SERVICE CHICAGO IL
132 AM CDT THU SEP 21 2017


...................................

...THE VALPARAISO CLIMATE SUMMARY FOR SEPTEMBER 20 2017...

CLIMATE NORMAL PERIOD 1981 TO 2010
CLIMATE RECORD PERIOD 1998 TO 2017


WEATHER ITEM   OBSERVED TIME   RECORD YEAR NORMAL DEPARTURE LAST
                VALUE   (LST)  VALUE       VALUE  FROM      YEAR
                                                  NORMAL
..................................................................
TEMPERATURE (F)
 YESTERDAY
  MAXIMUM         91R   333 PM  89    1998  73     18       85
  MINIMUM         58    433 AM  42    2006  51      7       62
  AVERAGE         75                        62     13       74

PRECIPITATION (IN)
  YESTERDAY        0.00          0.30 2000   0.10  -0.10     0.00
  MONTH TO DATE    1.39                      2.16  -0.77     0.72
  SINCE SEP 1      1.39                      2.16  -0.77     0.72
  SINCE JAN 1     25.44                     27.70  -2.26    23.56

DEGREE DAYS
 HEATING
  YESTERDAY        0                         5     -5        0
  MONTH TO DATE   46                        48     -2        0
  SINCE SEP 1     46                        48     -2        0
  SINCE JUL 1     52                        65    -13        8

 COOLING
  YESTERDAY       10                         1      9        9
  MONTH TO DATE   68                        55     13      103
  SINCE SEP 1     68                        55     13      103
  SINCE JAN 1    832                       691    141      952
..................................................................


WIND (MPH)
  RESULTANT WIND SPEED   5   RESULTANT WIND DIRECTION   S (160)
  HIGHEST WIND SPEED    16   HIGHEST WIND DIRECTION     S (200)
  HIGHEST GUST SPEED    23   HIGHEST GUST DIRECTION     S (190)
  AVERAGE WIND SPEED     6.2



WEATHER CONDITIONS
 THE FOLLOWING WEATHER WAS RECORDED YESTERDAY.
  FOG
  FOG W/VISIBILITY <= 1/4 MILE
  HAZE


..........................................................


THE VALPARAISO CLIMATE NORMALS FOR TODAY
                         NORMAL    RECORD    YEAR
 MAXIMUM TEMPERATURE (F)   73        91      2010
 MINIMUM TEMPERATURE (F)   50        37      2006


SUNRISE AND SUNSET
SEPTEMBER 21 2017.....SUNRISE   635 AM CDT   SUNSET   646 PM CDT
SEPTEMBER 22 2017.....SUNRISE   636 AM CDT   SUNSET   645 PM CDT


-  INDICATES NEGATIVE NUMBERS.
R  INDICATES RECORD WAS SET OR TIED.
MM INDICATES DATA IS MISSING.
T  INDICATES TRACE AMOUNT.




$$
