000
CDUS43 KLOT 010643
CLIVPZ


CLIMATE REPORT
NATIONAL WEATHER SERVICE CHICAGO IL
1241 AM CST WED MAR 1 2017


...................................

...THE VALPARAISO CLIMATE SUMMARY FOR FEBRUARY 28 2017...

CLIMATE NORMAL PERIOD 1981 TO 2010
CLIMATE RECORD PERIOD 1998 TO 2017


WEATHER ITEM   OBSERVED TIME   RECORD YEAR NORMAL DEPARTURE LAST
                VALUE   (LST)  VALUE       VALUE  FROM      YEAR
                                                  NORMAL
..................................................................
TEMPERATURE (F)
 YESTERDAY
  MAXIMUM         63R   900 PM  60    2016  40     23       60
  MINIMUM         44   1206 AM -10    2015  24     20       37
  AVERAGE         54                        32     22       49

PRECIPITATION (IN)
  YESTERDAY        0.36R         0.21 2012   0.05   0.31     0.08
  MONTH TO DATE    1.03                      1.42  -0.39     0.87
  SINCE DEC 1      4.19                      5.35  -1.16     3.46
  SINCE JAN 1      3.44                      3.17   0.27     1.33

DEGREE DAYS
 HEATING
  YESTERDAY       11                        33    -22       16
  MONTH TO DATE  660                      1049   -389      955
  SINCE DEC 1   2901                      3474   -573     2860
  SINCE JUL 1   3714                      4732  -1018     3836

 COOLING
  YESTERDAY        0                         0      0        0
  MONTH TO DATE    0                         0      0        0
  SINCE DEC 1      0                         0      0        0
  SINCE JAN 1      0                         0      0        0
..................................................................


WIND (MPH)
  RESULTANT WIND SPEED  10   RESULTANT WIND DIRECTION   S (170)
  HIGHEST WIND SPEED    21   HIGHEST WIND DIRECTION    NW (320)
  HIGHEST GUST SPEED    34   HIGHEST GUST DIRECTION    NW (300)
  AVERAGE WIND SPEED    11.8



WEATHER CONDITIONS
 THE FOLLOWING WEATHER WAS RECORDED YESTERDAY.
  THUNDERSTORM
  HEAVY RAIN
  RAIN
  LIGHT RAIN
  FOG


..........................................................


THE VALPARAISO CLIMATE NORMALS FOR TODAY
                         NORMAL    RECORD    YEAR
 MAXIMUM TEMPERATURE (F)   40        67      1992
 MINIMUM TEMPERATURE (F)   24        -2      1960


SUNRISE AND SUNSET
MARCH  1 2017.........SUNRISE   622 AM CST   SUNSET   539 PM CST
MARCH  2 2017.........SUNRISE   621 AM CST   SUNSET   540 PM CST


-  INDICATES NEGATIVE NUMBERS.
R  INDICATES RECORD WAS SET OR TIED.
MM INDICATES DATA IS MISSING.
T  INDICATES TRACE AMOUNT.




$$
