000
CDUS42 KMLB 240635
CLIVRB


CLIMATE REPORT
NATIONAL WEATHER SERVICE MELBOURNE FL
135 AM EST MON NOV 24 2014


...................................

...THE VERO BEACH CLIMATE SUMMARY FOR NOVEMBER 23 2014...

CLIMATE NORMAL PERIOD 1981 TO 2010
CLIMATE RECORD PERIOD 1942 TO 2014


WEATHER ITEM   OBSERVED TIME   RECORD YEAR NORMAL DEPARTURE LAST
                VALUE   (LST)  VALUE       VALUE  FROM      YEAR
                                                  NORMAL
..................................................................
TEMPERATURE (F)
 YESTERDAY
  MAXIMUM         83   1201 PM  90    1977  78      5       81
  MINIMUM         71    441 AM  39    1981  60     11       62
  AVERAGE         77                        69      8       72

PRECIPITATION (IN)
  YESTERDAY        0.02          1.98 1992   0.10  -0.08     0.00
  MONTH TO DATE    1.12                      2.60  -1.48     6.98
  SINCE SEP 1     15.89                     14.30   1.59    14.13
  SINCE JAN 1     49.20                     49.00   0.20    41.81

SNOWFALL (IN)
  YESTERDAY        0.0
  MONTH TO DATE    0.0
  SINCE JUL 1      0.0

DEGREE DAYS
 HEATING
  YESTERDAY        0                         1     -1        0
  MONTH TO DATE   51                        15     36        0
  SINCE SEP 1     51                        18     33        0
  SINCE JUL 1     51                        18     33        0

 COOLING
  YESTERDAY       12                         5      7        7
  MONTH TO DATE   66                       149    -83      237
  SINCE SEP 1    759                       979   -220     1035
  SINCE JAN 1   3126                      3277   -151     3441
..................................................................


WIND (MPH)
  HIGHEST WIND SPEED    24   HIGHEST WIND DIRECTION     S (160)
  HIGHEST GUST SPEED    31   HIGHEST GUST DIRECTION    SE (120)
  AVERAGE WIND SPEED    13.6


SKY COVER
  AVERAGE SKY COVER 0.7


WEATHER CONDITIONS
 THE FOLLOWING WEATHER WAS RECORDED YESTERDAY.
  LIGHT RAIN
  FOG
  HAZE


RELATIVE HUMIDITY (PERCENT)
 HIGHEST    94           900 AM
 LOWEST     74          1100 AM
 AVERAGE    84

..........................................................


THE VERO BEACH CLIMATE NORMALS FOR TODAY
                         NORMAL    RECORD    YEAR
 MAXIMUM TEMPERATURE (F)   78        85      1948
 MINIMUM TEMPERATURE (F)   60        37      1970


SUNRISE AND SUNSET
NOVEMBER 24 2014......SUNRISE   650 AM EST   SUNSET   527 PM EST
NOVEMBER 25 2014......SUNRISE   650 AM EST   SUNSET   527 PM EST


-  INDICATES NEGATIVE NUMBERS.
R  INDICATES RECORD WAS SET OR TIED.
MM INDICATES DATA IS MISSING.
T  INDICATES TRACE AMOUNT.




$$
