000
CDUS42 KMLB 220631
CLIVRB


CLIMATE REPORT
NATIONAL WEATHER SERVICE MELBOURNE FL
230 AM EDT TUE JUL 22 2014


...................................

...THE VERO BEACH CLIMATE SUMMARY FOR JULY 21 2014...

CLIMATE NORMAL PERIOD 1981 TO 2010
CLIMATE RECORD PERIOD 1942 TO 2014


WEATHER ITEM   OBSERVED TIME   RECORD YEAR NORMAL DEPARTURE LAST
                VALUE   (LST)  VALUE       VALUE  FROM      YEAR
                                                  NORMAL
..................................................................
TEMPERATURE (F)
 YESTERDAY
  MAXIMUM         87   1030 AM  97    1993  90     -3       90
                                      1981
  MINIMUM         72    227 PM  66    1968  74     -2       72
  AVERAGE         80                        82     -2       81

PRECIPITATION (IN)
  YESTERDAY        2.12R         1.92 1968   0.18   1.94     0.30
  MONTH TO DATE    4.71                      3.85   0.86     3.47
  SINCE JUN 1     12.41                     10.52   1.89     8.96
  SINCE JAN 1     25.59                     25.89  -0.30    24.18

SNOWFALL (IN)
  YESTERDAY        0.0
  MONTH TO DATE    0.0
  SINCE JUL 1      0.0

DEGREE DAYS
 HEATING
  YESTERDAY        0                         0      0        0
  MONTH TO DATE    0                         0      0        0
  SINCE JUN 1      0                         0      0        0
  SINCE JUL 1      0                         0      0        0

 COOLING
  YESTERDAY       15                        17     -2       16
  MONTH TO DATE  319                       348    -29      316
  SINCE JUN 1    753                       804    -51      821
  SINCE JAN 1   1679                      1610     69     1728
..................................................................


WIND (MPH)
  HIGHEST WIND SPEED    18   HIGHEST WIND DIRECTION    NW (320)
  HIGHEST GUST SPEED    23   HIGHEST GUST DIRECTION    NW (320)
  AVERAGE WIND SPEED     5.0


SKY COVER
  AVERAGE SKY COVER 0.4


WEATHER CONDITIONS
 THE FOLLOWING WEATHER WAS RECORDED YESTERDAY.
  THUNDERSTORM
  HEAVY RAIN
  RAIN
  LIGHT RAIN
  FOG


RELATIVE HUMIDITY (PERCENT)
 HIGHEST   100           300 AM
 LOWEST     74           900 AM
 AVERAGE    87

..........................................................


THE VERO BEACH CLIMATE NORMALS FOR TODAY
                         NORMAL    RECORD    YEAR
 MAXIMUM TEMPERATURE (F)   90        96      1993
                                             1981
 MINIMUM TEMPERATURE (F)   74        69      2007
                                             1965


SUNRISE AND SUNSET
JULY 22 2014..........SUNRISE   639 AM EDT   SUNSET   816 PM EDT
JULY 23 2014..........SUNRISE   640 AM EDT   SUNSET   816 PM EDT


-  INDICATES NEGATIVE NUMBERS.
R  INDICATES RECORD WAS SET OR TIED.
MM INDICATES DATA IS MISSING.
T  INDICATES TRACE AMOUNT.




$$
