000
CDUS42 KMLB 280628
CLIVRB


CLIMATE REPORT
NATIONAL WEATHER SERVICE MELBOURNE FL
228 AM EDT FRI JUL 28 2017


...................................

...THE VERO BEACH CLIMATE SUMMARY FOR JULY 27 2017...

CLIMATE NORMAL PERIOD 1981 TO 2010
CLIMATE RECORD PERIOD 1942 TO 2017


WEATHER ITEM   OBSERVED TIME   RECORD YEAR NORMAL DEPARTURE LAST
                VALUE   (LST)  VALUE       VALUE  FROM      YEAR
                                                  NORMAL
..................................................................
TEMPERATURE (F)
 YESTERDAY
  MAXIMUM         93    130 PM  98    1983  90      3       92
  MINIMUM         74    550 AM  68    1976  74      0       72
  AVERAGE         84                        82      2       82

PRECIPITATION (IN)
  YESTERDAY        0.00          1.66 2007   0.18  -0.18     0.00
  MONTH TO DATE    3.44                      4.92  -1.48     0.61
  SINCE JUN 1      9.82                     11.59  -1.77     5.46
  SINCE JAN 1     20.86                     26.96  -6.10    41.25

SNOWFALL (IN)
  YESTERDAY        0.0
  MONTH TO DATE    0.0
  SINCE JUL 1      0.0

DEGREE DAYS
 HEATING
  YESTERDAY        0                         0      0        0
  MONTH TO DATE    0                         0      0        0
  SINCE JUN 1      0                         0      0        0
  SINCE JUL 1      0                         0      0        0

 COOLING
  YESTERDAY       19                        17      2       17
  MONTH TO DATE  499                       450     49      499
  SINCE JUN 1    988                       906     82     1016
  SINCE JAN 1   2053                      1712    341     1945
..................................................................


WIND (MPH)
  HIGHEST WIND SPEED    18   HIGHEST WIND DIRECTION    SE (130)
  HIGHEST GUST SPEED    23   HIGHEST GUST DIRECTION    SE (140)
  AVERAGE WIND SPEED     8.0


SKY COVER
  AVERAGE SKY COVER 0.1


WEATHER CONDITIONS
 THE FOLLOWING WEATHER WAS RECORDED YESTERDAY.
  FOG


RELATIVE HUMIDITY (PERCENT)
 HIGHEST    94           600 AM
 LOWEST     56           200 PM
 AVERAGE    75

..........................................................


THE VERO BEACH CLIMATE NORMALS FOR TODAY
                         NORMAL    RECORD    YEAR
 MAXIMUM TEMPERATURE (F)   90        96      2015
                                             1950
 MINIMUM TEMPERATURE (F)   74        69      1982
                                             1979
                                             1978


SUNRISE AND SUNSET
JULY 28 2017..........SUNRISE   643 AM EDT   SUNSET   813 PM EDT
JULY 29 2017..........SUNRISE   643 AM EDT   SUNSET   813 PM EDT


-  INDICATES NEGATIVE NUMBERS.
R  INDICATES RECORD WAS SET OR TIED.
MM INDICATES DATA IS MISSING.
T  INDICATES TRACE AMOUNT.




$$
