000
CDUS42 KMLB 250628
CLIVRB


CLIMATE REPORT
NATIONAL WEATHER SERVICE MELBOURNE
227 AM EDT FRI APR 25 2014


...................................

...THE VERO BEACH CLIMATE SUMMARY FOR APRIL 24 2014...

CLIMATE NORMAL PERIOD 1981 TO 2010
CLIMATE RECORD PERIOD 1942 TO 2014


WEATHER ITEM   OBSERVED TIME   RECORD YEAR NORMAL DEPARTURE LAST
                VALUE   (LST)  VALUE       VALUE  FROM      YEAR
                                                  NORMAL
..................................................................
TEMPERATURE (F)
 YESTERDAY
  MAXIMUM         84    144 PM  94    1968  82      2       81
  MINIMUM         60    600 AM  50    2012  63     -3       63
                                      1998
  AVERAGE         72                        72      0       72

PRECIPITATION (IN)
  YESTERDAY        0.00          1.04 1983   0.08  -0.08     0.00
  MONTH TO DATE    1.99                      2.21  -0.22     3.33
  SINCE MAR 1      3.94                      6.33  -2.39     4.43
  SINCE JAN 1     10.49                     11.50  -1.01     6.98

SNOWFALL (IN)
  YESTERDAY        0.0
  MONTH TO DATE    0.0
  SINCE JUL 1      0.0

DEGREE DAYS
 HEATING
  YESTERDAY        0                         0      0        0
  MONTH TO DATE    5                        13     -8        0
  SINCE MAR 1     33                        68    -35      170
  SINCE JUL 1    268                       453   -185      398

 COOLING
  YESTERDAY        7                         7      0        7
  MONTH TO DATE  158                       143     15      236
  SINCE MAR 1    278                       272      6      298
  SINCE JAN 1    486                       411     75      533
..................................................................


WIND (MPH)
  HIGHEST WIND SPEED    18   HIGHEST WIND DIRECTION    SE (120)
  HIGHEST GUST SPEED    23   HIGHEST GUST DIRECTION    SE (120)
  AVERAGE WIND SPEED     7.9


SKY COVER
  AVERAGE SKY COVER 0.0


WEATHER CONDITIONS
 THE FOLLOWING WEATHER WAS RECORDED YESTERDAY.
  FOG
  FOG W/VISIBILITY <= 1/4 MILE


RELATIVE HUMIDITY (PERCENT)
 HIGHEST   100           300 AM
 LOWEST     63          1200 PM
 AVERAGE    82

..........................................................


THE VERO BEACH CLIMATE NORMALS FOR TODAY
                         NORMAL    RECORD    YEAR
 MAXIMUM TEMPERATURE (F)   82        95      1945
 MINIMUM TEMPERATURE (F)   63        44      2012
                                             2005


SUNRISE AND SUNSET
APRIL 25 2014.........SUNRISE   647 AM EDT   SUNSET   752 PM EDT
APRIL 26 2014.........SUNRISE   647 AM EDT   SUNSET   753 PM EDT


-  INDICATES NEGATIVE NUMBERS.
R  INDICATES RECORD WAS SET OR TIED.
MM INDICATES DATA IS MISSING.
T  INDICATES TRACE AMOUNT.




$$
