000
CDUS42 KMLB 220635
CLIVRB


CLIMATE REPORT
NATIONAL WEATHER SERVICE MELBOURNE FL
235 AM EDT FRI MAY 22 2015


...................................

...THE VERO BEACH CLIMATE SUMMARY FOR MAY 21 2015...

CLIMATE NORMAL PERIOD 1981 TO 2010
CLIMATE RECORD PERIOD 1942 TO 2015


WEATHER ITEM   OBSERVED TIME   RECORD YEAR NORMAL DEPARTURE LAST
                VALUE   (LST)  VALUE       VALUE  FROM      YEAR
                                                  NORMAL
..................................................................
TEMPERATURE (F)
 YESTERDAY
  MAXIMUM         95R  1245 PM  95    1962  86      9       83
  MINIMUM         70    605 AM  60    1994  69      1       62
                                      1973
                                      1972
  AVERAGE         83                        77      6       73

PRECIPITATION (IN)
  YESTERDAY        0.00          1.20 1946   0.12  -0.12     0.00
  MONTH TO DATE    0.16                      1.91  -1.75     2.56
  SINCE MAR 1      7.26                      8.75  -1.49     6.53
  SINCE JAN 1     10.89                     13.92  -3.03    13.08

SNOWFALL (IN)
  YESTERDAY        0.0
  MONTH TO DATE    0.0
  SINCE JUL 1      0.0

DEGREE DAYS
 HEATING
  YESTERDAY        0                         0      0        0
  MONTH TO DATE    0                         0      0        0
  SINCE MAR 1     12                        70    -58       33
  SINCE JUL 1    384                       455    -71      268

 COOLING
  YESTERDAY       18                        12      6        8
  MONTH TO DATE  260                       216     44      232
  SINCE MAR 1    868                       535    333      582
  SINCE JAN 1    993                       674    319      790
..................................................................


WIND (MPH)
  HIGHEST WIND SPEED    16   HIGHEST WIND DIRECTION    SE (140)
  HIGHEST GUST SPEED    20   HIGHEST GUST DIRECTION    SE (140)
  AVERAGE WIND SPEED     5.5


SKY COVER
  AVERAGE SKY COVER 0.1


WEATHER CONDITIONS
 THE FOLLOWING WEATHER WAS RECORDED YESTERDAY.
  FOG


RELATIVE HUMIDITY (PERCENT)
 HIGHEST    90           400 AM
 LOWEST     39           100 PM
 AVERAGE    65

..........................................................


THE VERO BEACH CLIMATE NORMALS FOR TODAY
                         NORMAL    RECORD    YEAR
 MAXIMUM TEMPERATURE (F)   86        94      1978
                                             1962
                                             1961
 MINIMUM TEMPERATURE (F)   69        56      1994


SUNRISE AND SUNSET
MAY 22 2015...........SUNRISE   629 AM EDT   SUNSET   808 PM EDT
MAY 23 2015...........SUNRISE   629 AM EDT   SUNSET   808 PM EDT


-  INDICATES NEGATIVE NUMBERS.
R  INDICATES RECORD WAS SET OR TIED.
MM INDICATES DATA IS MISSING.
T  INDICATES TRACE AMOUNT.




$$
