551
CDUS42 KMLB 142131
CLIVRB


CLIMATE REPORT
NATIONAL WEATHER SERVICE MELBOURNE FL
430 PM EST SUN FEB 14 2016


...................................

...THE VERO BEACH CLIMATE SUMMARY FOR FEBRUARY 14 2016...
VALID TODAY AS OF 0400 PM LOCAL TIME.

CLIMATE NORMAL PERIOD 1981 TO 2010
CLIMATE RECORD PERIOD 1942 TO 2016


WEATHER ITEM   OBSERVED TIME   RECORD YEAR NORMAL DEPARTURE LAST
                VALUE   (LST)  VALUE       VALUE  FROM      YEAR
                                                  NORMAL
..................................................................
TEMPERATURE (F)
 TODAY
  MAXIMUM         71   1236 PM  87    2009  75     -4       64
  MINIMUM         47    651 AM  30    1996  54     -7       41
  AVERAGE         59                        64     -5       53

PRECIPITATION (IN)
  TODAY            0.00          0.91 2013   0.09  -0.09     0.00
  MONTH TO DATE    1.66                      1.30   0.36     1.76
  SINCE DEC 1     15.62                      5.99   9.63     6.12
  SINCE JAN 1     11.05                      3.80   7.25     2.91

SNOWFALL (IN)
  TODAY            0.0
  MONTH TO DATE    0.0
  SINCE JUL 1      0.0

DEGREE DAYS
 HEATING
  TODAY            6                         4      2       12
  MONTH TO DATE   88                        56     32       60
  SINCE DEC 1    228                       313    -85      231
  SINCE JUL 1    229                       343   -114      310

 COOLING
  TODAY            0                         3     -3        0
  MONTH TO DATE   31                        34     -3        3
  SINCE DEC 1    360                       188    172      207
  SINCE JAN 1     68                        95    -27       86
..................................................................


WIND (MPH)
  HIGHEST WIND SPEED    15   HIGHEST WIND DIRECTION    NE (60)
  HIGHEST GUST SPEED    20   HIGHEST GUST DIRECTION     E (80)
  AVERAGE WIND SPEED     8.7


SKY COVER
  AVERAGE SKY COVER 0.4


WEATHER CONDITIONS
 THE FOLLOWING WEATHER WAS RECORDED TODAY.
  NO SIGNIFICANT WEATHER WAS OBSERVED.


RELATIVE HUMIDITY (PERCENT)
 HIGHEST    80           700 AM
 LOWEST     45          1000 AM
 AVERAGE    63

..........................................................


THE VERO BEACH CLIMATE NORMALS FOR TOMORROW
                         NORMAL    RECORD    YEAR
 MAXIMUM TEMPERATURE (F)   75        88      1997
 MINIMUM TEMPERATURE (F)   54        30      1943


SUNRISE AND SUNSET
FEBRUARY 14 2016......SUNRISE   700 AM EST   SUNSET   612 PM EST
FEBRUARY 15 2016......SUNRISE   659 AM EST   SUNSET   613 PM EST


-  INDICATES NEGATIVE NUMBERS.
R  INDICATES RECORD WAS SET OR TIED.
MM INDICATES DATA IS MISSING.
T  INDICATES TRACE AMOUNT.




$$
