000
CDUS42 KMLB 110629
CLIVRB


CLIMATE REPORT
NATIONAL WEATHER SERVICE MELBOURNE FL
129 AM EST MON DEC 11 2017


...................................

...THE VERO BEACH CLIMATE SUMMARY FOR DECEMBER 10 2017...

CLIMATE NORMAL PERIOD 1981 TO 2010
CLIMATE RECORD PERIOD 1942 TO 2017


WEATHER ITEM   OBSERVED TIME   RECORD YEAR NORMAL DEPARTURE LAST
                VALUE   (LST)  VALUE       VALUE  FROM      YEAR
                                                  NORMAL
..................................................................
TEMPERATURE (F)
 YESTERDAY
  MAXIMUM         59    243 PM  86    2012  75    -16       72
  MINIMUM         40    717 AM  37    1981  56    -16       60
                                      1962
  AVERAGE         50                        66    -16       66

PRECIPITATION (IN)
  YESTERDAY        0.00          2.80 2011   0.07  -0.07     0.00
  MONTH TO DATE    2.23                      0.73   1.50     0.56
  SINCE DEC 1      2.23                      0.73   1.50     0.56
  SINCE JAN 1     58.42                     50.41   8.01    63.72

SNOWFALL (IN)
  YESTERDAY        0.0
  MONTH TO DATE    0.0
  SINCE JUL 1      0.0

DEGREE DAYS
 HEATING
  YESTERDAY       15                         3     12        0
  MONTH TO DATE   18                        23     -5        1
  SINCE DEC 1     18                        23     -5        1
  SINCE JUL 1     38                        53    -15       20

 COOLING
  YESTERDAY        0                         3     -3        1
  MONTH TO DATE   53                        37     16       57
  SINCE DEC 1     53                        37     16       57
  SINCE JAN 1   3865                      3348    517     3737
..................................................................


WIND (MPH)
  HIGHEST WIND SPEED    16   HIGHEST WIND DIRECTION    NW (330)
  HIGHEST GUST SPEED    21   HIGHEST GUST DIRECTION     N (340)
  AVERAGE WIND SPEED     8.6


SKY COVER
  AVERAGE SKY COVER 0.0


WEATHER CONDITIONS
 THE FOLLOWING WEATHER WAS RECORDED YESTERDAY.
  NO SIGNIFICANT WEATHER WAS OBSERVED.


RELATIVE HUMIDITY (PERCENT)
 HIGHEST    96           800 PM
 LOWEST     36           300 PM
 AVERAGE    66

..........................................................


THE VERO BEACH CLIMATE NORMALS FOR TODAY
                         NORMAL    RECORD    YEAR
 MAXIMUM TEMPERATURE (F)   75        86      1997
                                             1986
 MINIMUM TEMPERATURE (F)   56        32      1981


SUNRISE AND SUNSET
DECEMBER 11 2017......SUNRISE   702 AM EST   SUNSET   528 PM EST
DECEMBER 12 2017......SUNRISE   703 AM EST   SUNSET   528 PM EST


-  INDICATES NEGATIVE NUMBERS.
R  INDICATES RECORD WAS SET OR TIED.
MM INDICATES DATA IS MISSING.
T  INDICATES TRACE AMOUNT.




$$
