000
CDUS41 KBTV 290522
CLIVSF


CLIMATE REPORT
NATIONAL WEATHER SERVICE BURLINGTON VT
121 AM EDT TUE JUL 29 2014


...................................

...THE SPRINGFIELD VT CLIMATE SUMMARY FOR JULY 28 2014...

CLIMATE NORMAL PERIOD 1981 TO 2010
CLIMATE RECORD PERIOD 9999 TO 9999


WEATHER ITEM   OBSERVED TIME   NORMAL DEPARTURE LAST
                VALUE   (LST)  VALUE  FROM      YEAR
                                      NORMAL
......................................................
TEMPERATURE (F)
 YESTERDAY
  MAXIMUM         74   1252 PM  81     -7       77
  MINIMUM         61   1159 PM  57      4       59
  AVERAGE         68            69     -1       68

PRECIPITATION (IN)
  YESTERDAY        2.79          0.13   2.66     0.03
  MONTH TO DATE    6.09          3.99   2.10     5.01
  SINCE JUN 1     10.27          7.88   2.39    11.41
  SINCE JAN 1     23.80         24.15  -0.35    23.12

DEGREE DAYS
 HEATING
  YESTERDAY        0             1     -1        0
  MONTH TO DATE    1            14    -13        6
  SINCE JUN 1     59           110    -51      107
  SINCE JUL 1      1            14    -13        6

 COOLING
  YESTERDAY        3             4     -1        3
  MONTH TO DATE  113           131    -18      244
  SINCE JUN 1    172           195    -23      333
  SINCE JAN 1    177           207    -30      357
......................................................


WIND (MPH)
  HIGHEST WIND SPEED    13   HIGHEST WIND DIRECTION     W (280)
  HIGHEST GUST SPEED    17   HIGHEST GUST DIRECTION     W (280)
  AVERAGE WIND SPEED     3.1


SKY COVER
  AVERAGE SKY COVER 0.9


WEATHER CONDITIONS
 THE FOLLOWING WEATHER WAS RECORDED YESTERDAY.
  THUNDERSTORM
  HEAVY RAIN
  RAIN
  LIGHT RAIN
  FOG
  FOG W/VISIBILITY <= 1/4 MILE


RELATIVE HUMIDITY (PERCENT)
 HIGHEST   100          1200 AM
 LOWEST     73           100 PM
 AVERAGE    87

..........................................................


THE SPRINGFIELD VT CLIMATE NORMALS FOR TODAY
                         NORMAL    RECORD    YEAR
 MAXIMUM TEMPERATURE (F)   81        MM        MM
 MINIMUM TEMPERATURE (F)   57        MM        MM


SUNRISE AND SUNSET
JULY 29 2014..........SUNRISE   537 AM EDT   SUNSET   816 PM EDT
JULY 30 2014..........SUNRISE   538 AM EDT   SUNSET   814 PM EDT


-  INDICATES NEGATIVE NUMBERS.
R  INDICATES RECORD WAS SET OR TIED.
MM INDICATES DATA IS MISSING.
T  INDICATES TRACE AMOUNT.




$$
