834
CDUS41 KBTV 270528
CLIVSF


CLIMATE REPORT
NATIONAL WEATHER SERVICE BURLINGTON VT
125 AM EDT SAT MAY 27 2017


...................................

...THE SPRINGFIELD VT CLIMATE SUMMARY FOR MAY 26 2017...

CLIMATE NORMAL PERIOD 1981 TO 2010
CLIMATE RECORD PERIOD 9999 TO 9999


WEATHER ITEM   OBSERVED TIME   NORMAL DEPARTURE LAST
                VALUE   (LST)  VALUE  FROM      YEAR
                                      NORMAL
......................................................
TEMPERATURE (F)
 YESTERDAY
  MAXIMUM         61    356 PM  70     -9       85
  MINIMUM         50    619 AM  46      4       51
  AVERAGE         56            58     -2       68

PRECIPITATION (IN)
  YESTERDAY        1.05          0.14   0.91     0.00
  MONTH TO DATE    5.42          2.95   2.47     2.04
  SINCE MAR 1     12.53          9.87   2.66     5.15
  SINCE JAN 1     16.08         15.48   0.60    10.37

DEGREE DAYS
 HEATING
  YESTERDAY        9             8      1        0
  MONTH TO DATE  304           282     22      292
  SINCE MAR 1   1917          1943    -26     1791
  SINCE JUL 1   6794          7388   -594     6447

 COOLING
  YESTERDAY        0             0      0        3
  MONTH TO DATE   14             0     14        7
  SINCE MAR 1     14             2     12        7
  SINCE JAN 1     14             2     12        7
......................................................


WIND (MPH)
  HIGHEST WIND SPEED    14   HIGHEST WIND DIRECTION     W (290)
  HIGHEST GUST SPEED    19   HIGHEST GUST DIRECTION     W (290)
  AVERAGE WIND SPEED     3.0


SKY COVER
  AVERAGE SKY COVER 1.0


WEATHER CONDITIONS
 THE FOLLOWING WEATHER WAS RECORDED YESTERDAY.
  HEAVY RAIN
  RAIN
  LIGHT RAIN
  FOG


RELATIVE HUMIDITY (PERCENT)
 HIGHEST    93           200 AM
 LOWEST     69           400 PM
 AVERAGE    81

..........................................................


THE SPRINGFIELD VT CLIMATE NORMALS FOR TODAY
                         NORMAL    RECORD    YEAR
 MAXIMUM TEMPERATURE (F)   70        88      2011
 MINIMUM TEMPERATURE (F)   46        32      2013


SUNRISE AND SUNSET
MAY 27 2017...........SUNRISE   515 AM EDT   SUNSET   820 PM EDT
MAY 28 2017...........SUNRISE   515 AM EDT   SUNSET   821 PM EDT


-  INDICATES NEGATIVE NUMBERS.
R  INDICATES RECORD WAS SET OR TIED.
MM INDICATES DATA IS MISSING.
T  INDICATES TRACE AMOUNT.




$$
