000
CDUS41 KBTV 290540
CLIVSF


CLIMATE REPORT
NATIONAL WEATHER SERVICE BURLINGTON VT
136 AM EDT SAT AUG 29 2015


...................................

...THE SPRINGFIELD VT CLIMATE SUMMARY FOR AUGUST 28 2015...

CLIMATE NORMAL PERIOD 1981 TO 2010
CLIMATE RECORD PERIOD 9999 TO 9999


WEATHER ITEM   OBSERVED TIME   NORMAL DEPARTURE LAST
                VALUE   (LST)  VALUE  FROM      YEAR
                                      NORMAL
......................................................
TEMPERATURE (F)
 YESTERDAY
  MAXIMUM         77    332 PM  77      0       74
  MINIMUM         49    546 AM  54     -5       55
  AVERAGE         63            66     -3       65

PRECIPITATION (IN)
  YESTERDAY        0.00          0.10  -0.10     0.00
  MONTH TO DATE    3.52          3.47   0.05     3.38
  SINCE JUN 1     10.00         11.79  -1.79    13.94
  SINCE JAN 1     18.50         28.06  -9.56    27.47

DEGREE DAYS
 HEATING
  YESTERDAY        2             2      0        0
  MONTH TO DATE    7            32    -25       36
  SINCE JUN 1    130           145    -15      101
  SINCE JUL 1     23            49    -26       43

 COOLING
  YESTERDAY        0             2     -2        0
  MONTH TO DATE  145            99     46       56
  SINCE JUN 1    330           302     28      228
  SINCE JAN 1    379           314     65      233
......................................................


WIND (MPH)
  HIGHEST WIND SPEED    12   HIGHEST WIND DIRECTION     W (270)
  HIGHEST GUST SPEED    14   HIGHEST GUST DIRECTION    NW (300)
  AVERAGE WIND SPEED     2.2


SKY COVER
  AVERAGE SKY COVER 0.4


WEATHER CONDITIONS
 THE FOLLOWING WEATHER WAS RECORDED YESTERDAY.
  FOG
  FOG W/VISIBILITY <= 1/4 MILE


RELATIVE HUMIDITY (PERCENT)
 HIGHEST   100           400 AM
 LOWEST     41           200 PM
 AVERAGE    71

..........................................................


THE SPRINGFIELD VT CLIMATE NORMALS FOR TODAY
                         NORMAL    RECORD    YEAR
 MAXIMUM TEMPERATURE (F)   77        90      2007
 MINIMUM TEMPERATURE (F)   54        46      2003


SUNRISE AND SUNSET
AUGUST 29 2015........SUNRISE   610 AM EDT   SUNSET   731 PM EDT
AUGUST 30 2015........SUNRISE   612 AM EDT   SUNSET   729 PM EDT


-  INDICATES NEGATIVE NUMBERS.
R  INDICATES RECORD WAS SET OR TIED.
MM INDICATES DATA IS MISSING.
T  INDICATES TRACE AMOUNT.




$$
