000
CDUS41 KBTV 170537
CLIVSF


CLIMATE REPORT
NATIONAL WEATHER SERVICE BURLINGTON VT
1233 AM EST SUN DEC 17 2017


...................................

...THE SPRINGFIELD VT CLIMATE SUMMARY FOR DECEMBER 16 2017...

CLIMATE NORMAL PERIOD 1981 TO 2010
CLIMATE RECORD PERIOD 9999 TO 9999


WEATHER ITEM   OBSERVED TIME   NORMAL DEPARTURE LAST
                VALUE   (LST)  VALUE  FROM      YEAR
                                      NORMAL
......................................................
TEMPERATURE (F)
 YESTERDAY
  MAXIMUM         28   1213 PM  34     -6       13
  MINIMUM          4   1159 PM  17    -13       -4
  AVERAGE         16            25     -9        5

PRECIPITATION (IN)
  YESTERDAY        T             0.09  -0.09     0.00
  MONTH TO DATE    1.83          1.77   0.06     1.07
  SINCE DEC 1      1.83          1.77   0.06     1.07
  SINCE JAN 1     39.18         42.35  -3.17    26.03

DEGREE DAYS
 HEATING
  YESTERDAY       49            40      9       60
  MONTH TO DATE  599           589     10      620
  SINCE DEC 1    599           589     10      620
  SINCE JUL 1   1991          2232   -241     2076

 COOLING
  YESTERDAY        0             0      0        0
  MONTH TO DATE    0             0      0        0
  SINCE DEC 1      0             0      0        0
  SINCE JAN 1    386           345     41      481
......................................................


WIND (MPH)
  HIGHEST WIND SPEED    15   HIGHEST WIND DIRECTION     W (260)
  HIGHEST GUST SPEED    20   HIGHEST GUST DIRECTION     W (260)
  AVERAGE WIND SPEED     2.5


SKY COVER
  AVERAGE SKY COVER 0.6


WEATHER CONDITIONS
 THE FOLLOWING WEATHER WAS RECORDED YESTERDAY.
  LIGHT SNOW
  FOG


RELATIVE HUMIDITY (PERCENT)
 HIGHEST   100           900 AM
 LOWEST     55           100 PM
 AVERAGE    78

..........................................................


THE SPRINGFIELD VT CLIMATE NORMALS FOR TODAY
                         NORMAL    RECORD    YEAR
 MAXIMUM TEMPERATURE (F)   34        54      2000
 MINIMUM TEMPERATURE (F)   16       -13      2013


SUNRISE AND SUNSET
DECEMBER 17 2017......SUNRISE   717 AM EST   SUNSET   416 PM EST
DECEMBER 18 2017......SUNRISE   718 AM EST   SUNSET   416 PM EST


-  INDICATES NEGATIVE NUMBERS.
R  INDICATES RECORD WAS SET OR TIED.
MM INDICATES DATA IS MISSING.
T  INDICATES TRACE AMOUNT.




$$
