508
CDUS41 KBTV 120526
CLIVSF


CLIMATE REPORT
NATIONAL WEATHER SERVICE BURLINGTON VT
1223 AM EST FRI FEB 12 2016


...................................

...THE SPRINGFIELD VT CLIMATE SUMMARY FOR FEBRUARY 11 2016...

CLIMATE NORMAL PERIOD 1981 TO 2010
CLIMATE RECORD PERIOD 9999 TO 9999


WEATHER ITEM   OBSERVED TIME   NORMAL DEPARTURE LAST
                VALUE   (LST)  VALUE  FROM      YEAR
                                      NORMAL
......................................................
TEMPERATURE (F)
 YESTERDAY
  MAXIMUM         24    248 AM  32     -8       27
  MINIMUM          3   1159 PM  12     -9        0
  AVERAGE         14            22     -8       14

PRECIPITATION (IN)
  YESTERDAY        T             0.11  -0.11     0.06
  MONTH TO DATE    1.11          1.05   0.06     1.21
  SINCE DEC 1      5.92          7.24  -1.32     8.27
  SINCE JAN 1      2.60          3.97  -1.37     3.74

DEGREE DAYS
 HEATING
  YESTERDAY       51            43      8       51
  MONTH TO DATE  393           484    -91      586
  SINCE DEC 1   2528          3113   -585     3186
  SINCE JUL 1   3941          4756   -815     4589

 COOLING
  YESTERDAY        0             0      0        0
  MONTH TO DATE    0             0      0        0
  SINCE DEC 1      0             0      0        0
  SINCE JAN 1      0             0      0        0
......................................................


WIND (MPH)
  HIGHEST WIND SPEED    24   HIGHEST WIND DIRECTION     W (270)
  HIGHEST GUST SPEED    33   HIGHEST GUST DIRECTION     W (280)
  AVERAGE WIND SPEED     8.8


SKY COVER
  AVERAGE SKY COVER 0.7


WEATHER CONDITIONS
 THE FOLLOWING WEATHER WAS RECORDED YESTERDAY.
  LIGHT SNOW
  FOG
  HAZE


RELATIVE HUMIDITY (PERCENT)
 HIGHEST    84           100 AM
 LOWEST     36           100 PM
 AVERAGE    60

..........................................................


THE SPRINGFIELD VT CLIMATE NORMALS FOR TODAY
                         NORMAL    RECORD    YEAR
 MAXIMUM TEMPERATURE (F)   32        46      1999
 MINIMUM TEMPERATURE (F)   12       -13      2014


SUNRISE AND SUNSET
FEBRUARY 12 2016......SUNRISE   653 AM EST   SUNSET   516 PM EST
FEBRUARY 13 2016......SUNRISE   652 AM EST   SUNSET   517 PM EST


-  INDICATES NEGATIVE NUMBERS.
R  INDICATES RECORD WAS SET OR TIED.
MM INDICATES DATA IS MISSING.
T  INDICATES TRACE AMOUNT.




$$
