000
CDUS41 KBTV 250620
CLIVSF


CLIMATE REPORT
NATIONAL WEATHER SERVICE BURLINGTON VT
120 AM EST THU DEC 25 2014


...................................

...THE SPRINGFIELD VT CLIMATE SUMMARY FOR DECEMBER 24 2014...

CLIMATE NORMAL PERIOD 1981 TO 2010
CLIMATE RECORD PERIOD 9999 TO 9999


WEATHER ITEM   OBSERVED TIME   NORMAL DEPARTURE LAST
                VALUE   (LST)  VALUE  FROM      YEAR
                                      NORMAL
......................................................
TEMPERATURE (F)
 YESTERDAY
  MAXIMUM         36    337 PM  32      4       33
  MINIMUM         32    828 AM  14     18       16
  AVERAGE         34            23     11       25

PRECIPITATION (IN)
  YESTERDAY        0.59          0.12   0.47      T
  MONTH TO DATE    4.35          2.60   1.75     0.48
  SINCE DEC 1      4.35          2.60   1.75     0.48
  SINCE JAN 1     40.68         43.18  -2.50    35.89

DEGREE DAYS
 HEATING
  YESTERDAY       31            42    -11       40
  MONTH TO DATE  823           918    -95      944
  SINCE DEC 1    823           918    -95      944
  SINCE JUL 1   2226          2561   -335     2644

 COOLING
  YESTERDAY        0             0      0        0
  MONTH TO DATE    0             0      0        0
  SINCE DEC 1      0             0      0        0
  SINCE JAN 1    282           345    -63      495
......................................................


WIND (MPH)
  HIGHEST WIND SPEED     5   HIGHEST WIND DIRECTION    NW (300)
  HIGHEST GUST SPEED     4   HIGHEST GUST DIRECTION    NW (300)
  AVERAGE WIND SPEED     0.0


SKY COVER
  AVERAGE SKY COVER 1.0


WEATHER CONDITIONS
 THE FOLLOWING WEATHER WAS RECORDED YESTERDAY.
  RAIN
  LIGHT RAIN
  FOG
  FOG W/VISIBILITY <= 1/4 MILE


RELATIVE HUMIDITY (PERCENT)
 HIGHEST   100           200 AM
 LOWEST     92           500 PM
 AVERAGE    96

..........................................................


THE SPRINGFIELD VT CLIMATE NORMALS FOR TODAY
                         NORMAL    RECORD    YEAR
 MAXIMUM TEMPERATURE (F)   32        MM        MM
 MINIMUM TEMPERATURE (F)   13        MM        MM


SUNRISE AND SUNSET
DECEMBER 25 2014......SUNRISE   721 AM EST   SUNSET   419 PM EST
DECEMBER 26 2014......SUNRISE   721 AM EST   SUNSET   420 PM EST


-  INDICATES NEGATIVE NUMBERS.
R  INDICATES RECORD WAS SET OR TIED.
MM INDICATES DATA IS MISSING.
T  INDICATES TRACE AMOUNT.




$$
