437
CDUS43 KLBF 280900
CLIVTN


CLIMATE REPORT
NATIONAL WEATHER SERVICE NORTH PLATTE
358 AM CDT TUE MAR 28 2017


...................................

...THE VALENTINE NE CLIMATE SUMMARY FOR MARCH 27 2017...

CLIMATE NORMAL PERIOD 1981 TO 2010
CLIMATE RECORD PERIOD 1885 TO 2017


WEATHER ITEM   OBSERVED TIME   RECORD YEAR NORMAL DEPARTURE LAST
                VALUE   (LST)  VALUE       VALUE  FROM      YEAR
                                                  NORMAL
..................................................................
TEMPERATURE (F)
 YESTERDAY
  MAXIMUM         62    329 PM  85    1988  53      9       61
  MINIMUM         27    507 AM  -4    1931  27      0       13
  AVERAGE         45                        40      5       37

PRECIPITATION (IN)
  YESTERDAY        0.00          0.89 2004   0.04  -0.04     0.00
  MONTH TO DATE    0.68                      0.88  -0.20     0.52
  SINCE MAR 1      0.68                      0.88  -0.20     0.52
  SINCE JAN 1      2.75                      1.62   1.13     1.20

SNOWFALL (IN)
  YESTERDAY        0.0           5.3  1975   0.2   -0.2      0.0
  MONTH TO DATE    3.5                       5.8   -2.3      5.5
  SINCE MAR 1      3.5                       5.8   -2.3      5.5
  SINCE JUL 1     45.3                      27.9   17.4     36.7
  SNOW DEPTH       0

DEGREE DAYS
 HEATING
  YESTERDAY       20                        25     -5       28
  MONTH TO DATE  676                       794   -118      631
  SINCE MAR 1    676                       794   -118      631
  SINCE JUL 1   5435                      6030   -595     5317

 COOLING
  YESTERDAY        0                         0      0        0
  MONTH TO DATE    0                         0      0        0
  SINCE MAR 1      0                         0      0        0
  SINCE JAN 1      0                         0      0        0
..................................................................


WIND (MPH)
  HIGHEST WIND SPEED    15   HIGHEST WIND DIRECTION     S (160)
  HIGHEST GUST SPEED    18   HIGHEST GUST DIRECTION    SE (150)
  AVERAGE WIND SPEED     7.1


SKY COVER
  POSSIBLE SUNSHINE  MM
  AVERAGE SKY COVER 0.6


WEATHER CONDITIONS
 THE FOLLOWING WEATHER WAS RECORDED YESTERDAY.
  FOG
  FOG W/VISIBILITY <= 1/4 MILE


RELATIVE HUMIDITY (PERCENT)
 HIGHEST    92           100 AM
 LOWEST     39           400 PM
 AVERAGE    66

..........................................................


THE VALENTINE NE CLIMATE NORMALS FOR TODAY
                         NORMAL    RECORD    YEAR
 MAXIMUM TEMPERATURE (F)   53        84      1895
 MINIMUM TEMPERATURE (F)   27         4      1944


SUNRISE AND SUNSET
MARCH 28 2017.........SUNRISE   731 AM CDT   SUNSET   804 PM CDT
MARCH 29 2017.........SUNRISE   729 AM CDT   SUNSET   805 PM CDT


-  INDICATES NEGATIVE NUMBERS.
R  INDICATES RECORD WAS SET OR TIED.
MM INDICATES DATA IS MISSING.
T  INDICATES TRACE AMOUNT.




$$
