000
CDUS43 KLBF 181031
CLIVTN


CLIMATE REPORT
NATIONAL WEATHER SERVICE NORTH PLATTE
430 AM CST SUN FEB 18 2018


...................................

...THE VALENTINE NE CLIMATE SUMMARY FOR FEBRUARY 17 2018...

CLIMATE NORMAL PERIOD 1981 TO 2010
CLIMATE RECORD PERIOD 1885 TO 2018


WEATHER ITEM   OBSERVED TIME   RECORD YEAR NORMAL DEPARTURE LAST
                VALUE   (LST)  VALUE       VALUE  FROM      YEAR
                                                  NORMAL
..................................................................
TEMPERATURE (F)
 YESTERDAY
  MAXIMUM         42    443 PM  71    1970  40      2       64
  MINIMUM         21    729 AM -25    1993  15      6       28
  AVERAGE         32                        28      4       46

PRECIPITATION (IN)
  YESTERDAY        0.00          0.73 1962   0.02  -0.02     0.00
  MONTH TO DATE    0.32                      0.24   0.08     0.52
  SINCE DEC 1      1.20                      0.87   0.33     2.37
  SINCE JAN 1      0.86                      0.50   0.36     1.43

SNOWFALL (IN)
  YESTERDAY        0.0           7.4  1962   0.2   -0.2      0.0
  MONTH TO DATE    3.8                       3.1    0.7      6.4
  SINCE DEC 1     13.9                      12.0    1.9     23.3
  SINCE JUL 1     15.2                      19.6   -4.4     29.6
  SNOW DEPTH       0

DEGREE DAYS
 HEATING
  YESTERDAY       33                        37     -4       19
  MONTH TO DATE  798                       664    134      590
  SINCE DEC 1   3295                      3224     71     3308
  SINCE JUL 1   4594                      4842   -248     4414

 COOLING
  YESTERDAY        0                         0      0        0
  MONTH TO DATE    0                         0      0        0
  SINCE DEC 1      0                         0      0        0
  SINCE JAN 1      0                         0      0        0
..................................................................


WIND (MPH)
  HIGHEST WIND SPEED    25   HIGHEST WIND DIRECTION    NW (320)
  HIGHEST GUST SPEED    32   HIGHEST GUST DIRECTION    NW (320)
  AVERAGE WIND SPEED    10.3


SKY COVER
  POSSIBLE SUNSHINE  MM
  AVERAGE SKY COVER 0.2


WEATHER CONDITIONS
 THE FOLLOWING WEATHER WAS RECORDED YESTERDAY.
  NO SIGNIFICANT WEATHER WAS OBSERVED.


RELATIVE HUMIDITY (PERCENT)
 HIGHEST    84           400 AM
 LOWEST     45           400 PM
 AVERAGE    65

..........................................................


THE VALENTINE NE CLIMATE NORMALS FOR TODAY
                         NORMAL    RECORD    YEAR
 MAXIMUM TEMPERATURE (F)   41        78      2016
 MINIMUM TEMPERATURE (F)   15       -26      2006


SUNRISE AND SUNSET
FEBRUARY 18 2018......SUNRISE   735 AM CST   SUNSET   618 PM CST
FEBRUARY 19 2018......SUNRISE   734 AM CST   SUNSET   619 PM CST


-  INDICATES NEGATIVE NUMBERS.
R  INDICATES RECORD WAS SET OR TIED.
MM INDICATES DATA IS MISSING.
T  INDICATES TRACE AMOUNT.




$$
