893
CDUS43 KLBF 272245
CLIVTN


CLIMATE REPORT
NATIONAL WEATHER SERVICE NORTH PLATTE
543 PM CDT THU JUL 27 2017


...................................

...THE VALENTINE NE CLIMATE SUMMARY FOR JULY 27 2017...
VALID TODAY AS OF 0500 PM LOCAL TIME.

CLIMATE NORMAL PERIOD 1981 TO 2010
CLIMATE RECORD PERIOD 1885 TO 2017


WEATHER ITEM   OBSERVED TIME   RECORD YEAR NORMAL DEPARTURE LAST
                VALUE   (LST)  VALUE       VALUE  FROM      YEAR
                                                  NORMAL
..................................................................
TEMPERATURE (F)
 TODAY
  MAXIMUM         86    255 PM 106    1935  89     -3       85
                                      1931
  MINIMUM         60    407 AM  43    2005  61     -1       60
  AVERAGE         73                        75     -2       73

PRECIPITATION (IN)
  TODAY            0.00          1.41 1972   0.10  -0.10     0.03
  MONTH TO DATE    0.34                      2.83  -2.49     2.76
  SINCE JUN 1      0.87                      6.39  -5.52     6.92
  SINCE JAN 1     10.47                     13.55  -3.08    20.24

SNOWFALL (IN)
  TODAY            0.0           0.0    MM   0.0    0.0      0.0
  MONTH TO DATE    0.0                       0.0    0.0      0.0
  SINCE JUN 1      0.0                       0.0    0.0      0.0
  SINCE JUL 1      0.0                       0.0    0.0      0.0
  SNOW DEPTH       0

DEGREE DAYS
 HEATING
  TODAY            0                         0      0        0
  MONTH TO DATE    0                         2     -2        5
  SINCE JUN 1     16                        63    -47       16
  SINCE JUL 1      0                         2     -2        5

 COOLING
  TODAY            8                        10     -2        8
  MONTH TO DATE  460                       262    198      266
  SINCE JUN 1    656                       399    257      503
  SINCE JAN 1    679                       433    246      521
..................................................................


WIND (MPH)
  HIGHEST WIND SPEED    15   HIGHEST WIND DIRECTION    SE (140)
  HIGHEST GUST SPEED    19   HIGHEST GUST DIRECTION    SE (150)
  AVERAGE WIND SPEED     5.5


SKY COVER
  POSSIBLE SUNSHINE  MM
  AVERAGE SKY COVER 0.3


WEATHER CONDITIONS
 THE FOLLOWING WEATHER WAS RECORDED TODAY.
  NO SIGNIFICANT WEATHER WAS OBSERVED.


RELATIVE HUMIDITY (PERCENT)
 HIGHEST    84           400 AM
 LOWEST     29           300 PM
 AVERAGE    57

..........................................................


THE VALENTINE NE CLIMATE NORMALS FOR TOMORROW
                         NORMAL    RECORD    YEAR
 MAXIMUM TEMPERATURE (F)   89       108      1933
 MINIMUM TEMPERATURE (F)   61        44      1971


SUNRISE AND SUNSET
JULY 27 2017..........SUNRISE   629 AM CDT   SUNSET   908 PM CDT
JULY 28 2017..........SUNRISE   630 AM CDT   SUNSET   907 PM CDT


-  INDICATES NEGATIVE NUMBERS.
R  INDICATES RECORD WAS SET OR TIED.
MM INDICATES DATA IS MISSING.
T  INDICATES TRACE AMOUNT.




$$
