000
CDUS43 KLBF 262242
CLIVTN

CLIMATE REPORT
NATIONAL WEATHER SERVICE NORTH PLATTE
441 PM CST WED NOV 26 2014


...................................

...THE VALENTINE NE CLIMATE SUMMARY FOR NOVEMBER 26 2014...
VALID TODAY AS OF 0400 PM LOCAL TIME.

CLIMATE NORMAL PERIOD 1981 TO 2010
CLIMATE RECORD PERIOD 1885 TO 2014


WEATHER ITEM   OBSERVED TIME   RECORD YEAR NORMAL DEPARTURE LAST
                VALUE   (LST)  VALUE       VALUE  FROM      YEAR
                                                  NORMAL
..................................................................
TEMPERATURE (F)
 TODAY
  MAXIMUM         36   1224 AM  72    1998  42     -6       30
  MINIMUM         21    833 AM -19    1975  16      5        8
  AVERAGE         29                        29      0       19

PRECIPITATION (IN)
  TODAY            T             1.55 1896   0.01  -0.01     0.00
  MONTH TO DATE    0.55                      0.59  -0.04     0.52
  SINCE SEP 1      1.85                      3.48  -1.63     5.28
  SINCE JAN 1     20.89                     19.59   1.30    22.92

SNOWFALL (IN)
  TODAY            T            15.5  1896   0.2   -0.2      0.0
  MONTH TO DATE    6.4                       4.7    1.7      5.8
  SINCE SEP 1      6.4                       6.9   -0.5      6.8
  SINCE JUL 1      6.4                       6.9   -0.5      6.8
  SNOW DEPTH       0

DEGREE DAYS
 HEATING
  TODAY           36                        36      0       46
  MONTH TO DATE  921                       768    153      778
  SINCE SEP 1   1455                      1445     10     1430
  SINCE JUL 1   1476                      1470      6     1433

 COOLING
  TODAY            0                         0      0        0
  MONTH TO DATE    0                         0      0        0
  SINCE SEP 1     89                        85      4      171
  SINCE JAN 1    724                       821    -97      964
..................................................................


WIND (MPH)
  HIGHEST WIND SPEED    36   HIGHEST WIND DIRECTION    NW (330)
  HIGHEST GUST SPEED    45   HIGHEST GUST DIRECTION    NW (330)
  AVERAGE WIND SPEED    17.3


SKY COVER
  POSSIBLE SUNSHINE  MM
  AVERAGE SKY COVER 0.9


WEATHER CONDITIONS
 THE FOLLOWING WEATHER WAS RECORDED TODAY.
  LIGHT SNOW
  FOG


RELATIVE HUMIDITY (PERCENT)
 HIGHEST    92           700 AM
 LOWEST     63           300 PM
 AVERAGE    78

..........................................................


THE VALENTINE NE CLIMATE NORMALS FOR TOMORROW
                         NORMAL    RECORD    YEAR
 MAXIMUM TEMPERATURE (F)   41        75      1998
 MINIMUM TEMPERATURE (F)   16       -18      1985


SUNRISE AND SUNSET
NOVEMBER 26 2014......SUNRISE   748 AM CST   SUNSET   511 PM CST
NOVEMBER 27 2014......SUNRISE   749 AM CST   SUNSET   511 PM CST


-  INDICATES NEGATIVE NUMBERS.
R  INDICATES RECORD WAS SET OR TIED.
MM INDICATES DATA IS MISSING.
T  INDICATES TRACE AMOUNT.

$$
