000
CDUS43 KLBF 190938
CLIVTN

CLIMATE REPORT
NATIONAL WEATHER SERVICE NORTH PLATTE
433 AM CDT FRI SEP 19 2014


...................................

...THE VALENTINE NE CLIMATE SUMMARY FOR SEPTEMBER 18 2014...

CLIMATE NORMAL PERIOD 1981 TO 2010
CLIMATE RECORD PERIOD 1885 TO 2014


WEATHER ITEM   OBSERVED TIME   RECORD YEAR NORMAL DEPARTURE LAST
                VALUE   (LST)  VALUE       VALUE  FROM      YEAR
                                                  NORMAL
..................................................................
TEMPERATURE (F)
 YESTERDAY
  MAXIMUM         81    511 PM  98    1984  76      5       96
                                      1972
                                      1895
  MINIMUM         58    103 AM  24    1991  46     12       60
  AVERAGE         70                        61      9       78

PRECIPITATION (IN)
  YESTERDAY        0.00          1.73 1995   0.06  -0.06     0.00
  MONTH TO DATE    0.65                      0.98  -0.33     0.51
  SINCE SEP 1      0.65                      0.98  -0.33     0.51
  SINCE JAN 1     19.69                     17.09   2.60    18.15

SNOWFALL (IN)
  YESTERDAY        0.0           0.0    MM   0.0    0.0      0.0
  MONTH TO DATE    0.0                       0.2   -0.2      0.0
  SINCE SEP 1      0.0                       0.2   -0.2      0.0
  SINCE JUL 1      0.0                       0.2   -0.2      0.0
  SNOW DEPTH       0

DEGREE DAYS
 HEATING
  YESTERDAY        0                         6     -6        0
  MONTH TO DATE  114                        63     51       15
  SINCE SEP 1    114                        63     51       15
  SINCE JUL 1    135                        88     47       18

 COOLING
  YESTERDAY        5                         2      3       13
  MONTH TO DATE   47                        68    -21      154
  SINCE SEP 1     47                        68    -21      154
  SINCE JAN 1    682                       804   -122      947
..................................................................


WIND (MPH)
  HIGHEST WIND SPEED    30   HIGHEST WIND DIRECTION     S (180)
  HIGHEST GUST SPEED    35   HIGHEST GUST DIRECTION     S (180)
  AVERAGE WIND SPEED    14.0


SKY COVER
  POSSIBLE SUNSHINE  MM
  AVERAGE SKY COVER 0.3


WEATHER CONDITIONS
 THE FOLLOWING WEATHER WAS RECORDED YESTERDAY.
  FOG


RELATIVE HUMIDITY (PERCENT)
 HIGHEST   100           600 AM
 LOWEST     54           500 PM
 AVERAGE    77

..........................................................


THE VALENTINE NE CLIMATE NORMALS FOR TODAY
                         NORMAL    RECORD    YEAR
 MAXIMUM TEMPERATURE (F)   76       100      1984
 MINIMUM TEMPERATURE (F)   46        17      1991


SUNRISE AND SUNSET
SEPTEMBER 19 2014.....SUNRISE   726 AM CDT   SUNSET   745 PM CDT
SEPTEMBER 20 2014.....SUNRISE   727 AM CDT   SUNSET   743 PM CDT


-  INDICATES NEGATIVE NUMBERS.
R  INDICATES RECORD WAS SET OR TIED.
MM INDICATES DATA IS MISSING.
T  INDICATES TRACE AMOUNT.




$$
