000
CDUS43 KLBF 281145
CLIVTN

CLIMATE REPORT
NATIONAL WEATHER SERVICE NORTH PLATTE
542 AM CST SUN DEC 28 2014


...................................

...THE VALENTINE NE CLIMATE SUMMARY FOR DECEMBER 27 2014...

CLIMATE NORMAL PERIOD 1981 TO 2010
CLIMATE RECORD PERIOD 1885 TO 2014


WEATHER ITEM   OBSERVED TIME   RECORD YEAR NORMAL DEPARTURE LAST
                VALUE   (LST)  VALUE       VALUE  FROM      YEAR
                                                  NORMAL
..................................................................
TEMPERATURE (F)
 YESTERDAY
  MAXIMUM         24    413 PM  67    1928  36    -12       53
  MINIMUM         -2    819 AM -20    1904  10    -12       25
                                      1894
  AVERAGE         11                        23    -12       39

PRECIPITATION (IN)
  YESTERDAY        0.01          1.23 1987   0.01   0.00     0.00
  MONTH TO DATE    0.74                      0.33   0.41     0.71
  SINCE DEC 1      0.74                      0.33   0.41     0.71
  SINCE JAN 1     21.63                     19.98   1.65    23.63

SNOWFALL (IN)
  YESTERDAY       MM            18.3  1987   0.2   MM        0.0
  MONTH TO DATE    6.2                       4.5    1.7     12.2
  SINCE DEC 1      6.2                       4.5    1.7     12.2
  SINCE JUL 1     12.6                      12.1    0.5     19.0
  SNOW DEPTH       0

DEGREE DAYS
 HEATING
  YESTERDAY       54                        42     12       26
  MONTH TO DATE  950                      1107   -157     1267
  SINCE DEC 1    950                      1107   -157     1267
  SINCE JUL 1   2554                      2725   -171     2826

 COOLING
  YESTERDAY        0                         0      0        0
  MONTH TO DATE    0                         0      0        0
  SINCE DEC 1      0                         0      0        0
  SINCE JAN 1    724                       821    -97      964
..................................................................


WIND (MPH)
  HIGHEST WIND SPEED    14   HIGHEST WIND DIRECTION     W (290)
  HIGHEST GUST SPEED    17   HIGHEST GUST DIRECTION     W (270)
  AVERAGE WIND SPEED     8.1


SKY COVER
  POSSIBLE SUNSHINE  MM
  AVERAGE SKY COVER 0.2


WEATHER CONDITIONS
 THE FOLLOWING WEATHER WAS RECORDED YESTERDAY.
  LIGHT SNOW
  FOG


RELATIVE HUMIDITY (PERCENT)
 HIGHEST    88           200 AM
 LOWEST     67          1100 AM
 AVERAGE    78

..........................................................


THE VALENTINE NE CLIMATE NORMALS FOR TODAY
                         NORMAL    RECORD    YEAR
 MAXIMUM TEMPERATURE (F)   36        61      1999
                                             1898
 MINIMUM TEMPERATURE (F)   10       -18      1917


SUNRISE AND SUNSET
DECEMBER 28 2014......SUNRISE   812 AM CST   SUNSET   515 PM CST
DECEMBER 29 2014......SUNRISE   813 AM CST   SUNSET   516 PM CST


-  INDICATES NEGATIVE NUMBERS.
R  INDICATES RECORD WAS SET OR TIED.
MM INDICATES DATA IS MISSING.
T  INDICATES TRACE AMOUNT.




$$
