000
CDUS43 KLBF 251035
CLIVTN


CLIMATE REPORT
NATIONAL WEATHER SERVICE NORTH PLATTE
434 AM CST SAT NOV 25 2017


...................................

...THE VALENTINE NE CLIMATE SUMMARY FOR NOVEMBER 24 2017...

CLIMATE NORMAL PERIOD 1981 TO 2010
CLIMATE RECORD PERIOD 1885 TO 2017


WEATHER ITEM   OBSERVED TIME   RECORD YEAR NORMAL DEPARTURE LAST
                VALUE   (LST)  VALUE       VALUE  FROM      YEAR
                                                  NORMAL
..................................................................
TEMPERATURE (F)
 YESTERDAY
  MAXIMUM         62   1213 PM  75    2011  43     19       42
  MINIMUM         32   1156 PM -13    2003  17     15       24
  AVERAGE         47                        30     17       33

PRECIPITATION (IN)
  YESTERDAY        0.00          1.14 1944   0.02  -0.02     0.00
  MONTH TO DATE    0.56                      0.56   0.00     0.27
  SINCE SEP 1      4.48                      3.45   1.03     3.69
  SINCE JAN 1     17.66                     19.56  -1.90    25.62

SNOWFALL (IN)
  YESTERDAY        0.0           3.2  1895   0.2   -0.2      0.0
  MONTH TO DATE    1.3                       4.3   -3.0      3.0
  SINCE SEP 1      1.3                       6.5   -5.2      6.0
  SINCE JUL 1      1.3                       6.5   -5.2      6.0
  SNOW DEPTH       0

DEGREE DAYS
 HEATING
  YESTERDAY       18                        35    -17       32
  MONTH TO DATE  592                       697   -105      493
  SINCE SEP 1   1171                      1374   -203      892
  SINCE JUL 1   1178                      1399   -221      920

 COOLING
  YESTERDAY        0                         0      0        0
  MONTH TO DATE    0                         0      0        0
  SINCE SEP 1    126                        85     41       83
  SINCE JAN 1   1060                       821    239      880
..................................................................


WIND (MPH)
  HIGHEST WIND SPEED    35   HIGHEST WIND DIRECTION     N (340)
  HIGHEST GUST SPEED    47   HIGHEST GUST DIRECTION    NW (330)
  AVERAGE WIND SPEED    15.6


SKY COVER
  POSSIBLE SUNSHINE  MM
  AVERAGE SKY COVER 0.1


WEATHER CONDITIONS
 THE FOLLOWING WEATHER WAS RECORDED YESTERDAY.
  NO SIGNIFICANT WEATHER WAS OBSERVED.


RELATIVE HUMIDITY (PERCENT)
 HIGHEST    85           600 AM
 LOWEST     30           300 PM
 AVERAGE    58

..........................................................


THE VALENTINE NE CLIMATE NORMALS FOR TODAY
                         NORMAL    RECORD    YEAR
 MAXIMUM TEMPERATURE (F)   42        76      1960
 MINIMUM TEMPERATURE (F)   17        -8      2010


SUNRISE AND SUNSET
NOVEMBER 25 2017......SUNRISE   747 AM CST   SUNSET   511 PM CST
NOVEMBER 26 2017......SUNRISE   748 AM CST   SUNSET   511 PM CST


-  INDICATES NEGATIVE NUMBERS.
R  INDICATES RECORD WAS SET OR TIED.
MM INDICATES DATA IS MISSING.
T  INDICATES TRACE AMOUNT.




$$
