000
CDUS43 KLBF 222247
CLIVTN


CLIMATE REPORT
NATIONAL WEATHER SERVICE NORTH PLATTE
445 PM CST SUN JAN 22 2017


...................................

...THE VALENTINE NE CLIMATE SUMMARY FOR JANUARY 22 2017...
VALID TODAY AS OF 0400 PM LOCAL TIME.

CLIMATE NORMAL PERIOD 1981 TO 2010
CLIMATE RECORD PERIOD 1885 TO 2017


WEATHER ITEM   OBSERVED TIME   RECORD YEAR NORMAL DEPARTURE LAST
                VALUE   (LST)  VALUE       VALUE  FROM      YEAR
                                                  NORMAL
..................................................................
TEMPERATURE (F)
 TODAY
  MAXIMUM         43    254 PM  68    1967  37      6       32
  MINIMUM         21    750 AM -23    2003  11     10       19
  AVERAGE         32                        24      8       26

PRECIPITATION (IN)
  TODAY            0.00          0.32 1899   0.01  -0.01     0.00
  MONTH TO DATE    0.12                      0.18  -0.06     0.22
  SINCE DEC 1      1.06                      0.55   0.51     1.26
  SINCE JAN 1      0.12                      0.18  -0.06     0.22

SNOWFALL (IN)
  TODAY            0.0           5.1  1982   0.1   -0.1      0.0
  MONTH TO DATE    1.2                       2.7   -1.5      3.5
  SINCE DEC 1      6.6                       7.8   -1.2     16.6
  SINCE JUL 1     12.9                      15.4   -2.5     26.7
  SNOW DEPTH       0

DEGREE DAYS
 HEATING
  TODAY           33                        41     -8       39
  MONTH TO DATE  979                       915     64      998
  SINCE DEC 1   2394                      2192    202     2230
  SINCE JUL 1   3500                      3810   -310     3523

 COOLING
  TODAY            0                         0      0        0
  MONTH TO DATE    0                         0      0        0
  SINCE DEC 1      0                         0      0        0
  SINCE JAN 1      0                         0      0        0
..................................................................


WIND (MPH)
  HIGHEST WIND SPEED    21   HIGHEST WIND DIRECTION    NW (320)
  HIGHEST GUST SPEED    25   HIGHEST GUST DIRECTION    NW (320)
  AVERAGE WIND SPEED     9.6


SKY COVER
  POSSIBLE SUNSHINE  MM
  AVERAGE SKY COVER 0.0


WEATHER CONDITIONS
 THE FOLLOWING WEATHER WAS RECORDED TODAY.
  NO SIGNIFICANT WEATHER WAS OBSERVED.


RELATIVE HUMIDITY (PERCENT)
 HIGHEST    92           100 AM
 LOWEST     49           300 PM
 AVERAGE    71

..........................................................


THE VALENTINE NE CLIMATE NORMALS FOR TOMORROW
                         NORMAL    RECORD    YEAR
 MAXIMUM TEMPERATURE (F)   37        69      1981
 MINIMUM TEMPERATURE (F)   11       -22      2003
                                             1915


SUNRISE AND SUNSET
JANUARY 22 2017.......SUNRISE   806 AM CST   SUNSET   542 PM CST
JANUARY 23 2017.......SUNRISE   805 AM CST   SUNSET   544 PM CST


-  INDICATES NEGATIVE NUMBERS.
R  INDICATES RECORD WAS SET OR TIED.
MM INDICATES DATA IS MISSING.
T  INDICATES TRACE AMOUNT.




$$
