000
CDUS43 KLBF 300934
CLIVTN

CLIMATE REPORT
NATIONAL WEATHER SERVICE NORTH PLATTE
433 AM CDT TUE SEP 30 2014

...................................

...THE VALENTINE NE CLIMATE SUMMARY FOR SEPTEMBER 29 2014...

CLIMATE NORMAL PERIOD 1981 TO 2010
CLIMATE RECORD PERIOD 1885 TO 2014


WEATHER ITEM   OBSERVED TIME   RECORD YEAR NORMAL DEPARTURE LAST
                VALUE   (LST)  VALUE       VALUE  FROM      YEAR
                                                  NORMAL
..................................................................
TEMPERATURE (F)
 YESTERDAY
  MAXIMUM         70    422 PM  95    1991  71     -1       83
  MINIMUM         53    759 AM  17    1984  41     12       43
  AVERAGE         62                        56      6       63

PRECIPITATION (IN)
  YESTERDAY        0.01          0.79 1965   0.05  -0.04     0.00
  MONTH TO DATE    0.68                      1.58  -0.90     1.55
  SINCE SEP 1      0.68                      1.58  -0.90     1.55
  SINCE JAN 1     19.72                     17.69   2.03    19.19

SNOWFALL (IN)
  YESTERDAY        0.0           T    1985   0.1   -0.1      0.0
                                      1961
  MONTH TO DATE    0.0                       0.7   -0.7      0.0
  SINCE SEP 1      0.0                       0.7   -0.7      0.0
  SINCE JUL 1      0.0                       0.7   -0.7      0.0
  SNOW DEPTH       0

DEGREE DAYS
 HEATING
  YESTERDAY        3                        10     -7        2
  MONTH TO DATE  130                       150    -20       63
  SINCE SEP 1    130                       150    -20       63
  SINCE JUL 1    151                       175    -24       66

 COOLING
  YESTERDAY        0                         1     -1        0
  MONTH TO DATE   89                        81      8      165
  SINCE SEP 1     89                        81      8      165
  SINCE JAN 1    724                       817    -93      958
..................................................................


WIND (MPH)
  HIGHEST WIND SPEED    24   HIGHEST WIND DIRECTION    SE (130)
  HIGHEST GUST SPEED    31   HIGHEST GUST DIRECTION    SE (120)
  AVERAGE WIND SPEED    11.8


SKY COVER
  POSSIBLE SUNSHINE  MM
  AVERAGE SKY COVER 0.9


WEATHER CONDITIONS
 THE FOLLOWING WEATHER WAS RECORDED YESTERDAY.
  FOG
  FOG W/VISIBILITY <= 1/4 MILE


RELATIVE HUMIDITY (PERCENT)
 HIGHEST   100           300 AM
 LOWEST     55          1100 PM
 AVERAGE    78

..........................................................


THE VALENTINE NE CLIMATE NORMALS FOR TODAY
                         NORMAL    RECORD    YEAR
 MAXIMUM TEMPERATURE (F)   70        94      1989
                                             1980
                                             1967
 MINIMUM TEMPERATURE (F)   40        21      1984


SUNRISE AND SUNSET
SEPTEMBER 30 2014.....SUNRISE   738 AM CDT   SUNSET   725 PM CDT
OCTOBER  1 2014.......SUNRISE   739 AM CDT   SUNSET   723 PM CDT


-  INDICATES NEGATIVE NUMBERS.
R  INDICATES RECORD WAS SET OR TIED.
MM INDICATES DATA IS MISSING.
T  INDICATES TRACE AMOUNT.

$$
