000
CDUS43 KLBF 270938
CLIVTN

CLIMATE REPORT
NATIONAL WEATHER SERVICE NORTH PLATTE
437 AM CDT FRI MAR 27 2015


...................................

...THE VALENTINE NE CLIMATE SUMMARY FOR MARCH 26 2015...

CLIMATE NORMAL PERIOD 1981 TO 2010
CLIMATE RECORD PERIOD 1885 TO 2015


WEATHER ITEM   OBSERVED TIME   RECORD YEAR NORMAL DEPARTURE LAST
                VALUE   (LST)  VALUE       VALUE  FROM      YEAR
                                                  NORMAL
..................................................................
TEMPERATURE (F)
 YESTERDAY
  MAXIMUM         53    123 PM  87    2012  53      0       71
  MINIMUM         16    410 AM  -6    1996  26    -10       31
  AVERAGE         35                        39     -4       51

PRECIPITATION (IN)
  YESTERDAY        T             0.72 1921   0.04  -0.04      T
  MONTH TO DATE    0.03                      0.84  -0.81     0.35
  SINCE MAR 1      0.03                      0.84  -0.81     0.35
  SINCE JAN 1      0.65                      1.58  -0.93     1.01

SNOWFALL (IN)
  YESTERDAY        T             4.4  1931   0.2   -0.2      0.0
  MONTH TO DATE    0.5                       5.6   -5.1      4.2
  SINCE MAR 1      0.5                       5.6   -5.1      4.2
  SINCE JUL 1     22.2                      27.7   -5.5     30.7
  SNOW DEPTH       0

DEGREE DAYS
 HEATING
  YESTERDAY       30                        26      4       14
  MONTH TO DATE  618                       769   -151      828
  SINCE MAR 1    618                       769   -151      828
  SINCE JUL 1   5744                      6005   -261     6306

 COOLING
  YESTERDAY        0                         0      0        0
  MONTH TO DATE    2                         0      2        0
  SINCE MAR 1      2                         0      2        0
  SINCE JAN 1      2                         0      2        0
..................................................................


WIND (MPH)
  HIGHEST WIND SPEED    24   HIGHEST WIND DIRECTION    NE (40)
  HIGHEST GUST SPEED    30   HIGHEST GUST DIRECTION    NE (50)
  AVERAGE WIND SPEED     5.5


SKY COVER
  POSSIBLE SUNSHINE  MM
  AVERAGE SKY COVER 0.7


WEATHER CONDITIONS
 THE FOLLOWING WEATHER WAS RECORDED YESTERDAY.
  NO SIGNIFICANT WEATHER WAS OBSERVED.


RELATIVE HUMIDITY (PERCENT)
 HIGHEST    92           300 AM
 LOWEST     38           100 PM
 AVERAGE    65

..........................................................


THE VALENTINE NE CLIMATE NORMALS FOR TODAY
                         NORMAL    RECORD    YEAR
 MAXIMUM TEMPERATURE (F)   53        85      1988
 MINIMUM TEMPERATURE (F)   27        -4      1931


SUNRISE AND SUNSET
MARCH 27 2015.........SUNRISE   734 AM CDT   SUNSET   802 PM CDT
MARCH 28 2015.........SUNRISE   732 AM CDT   SUNSET   804 PM CDT


-  INDICATES NEGATIVE NUMBERS.
R  INDICATES RECORD WAS SET OR TIED.
MM INDICATES DATA IS MISSING.
T  INDICATES TRACE AMOUNT.




$$
