000
CDUS46 KPQR 230021
CLIVUO


CLIMATE REPORT
NATIONAL WEATHER SERVICE PORTLAND OREGON
421 PM PST WED NOV 22 2017


...................................

...THE VANCOUVER WA CLIMATE SUMMARY FOR NOVEMBER 22 2017...
VALID TODAY AS OF 0400 PM LOCAL TIME.

CLIMATE NORMAL PERIOD 1981 TO 2010
CLIMATE RECORD PERIOD 1891 TO 2017


WEATHER ITEM   OBSERVED TIME   RECORD YEAR NORMAL DEPARTURE LAST
                VALUE   (LST)  VALUE       VALUE  FROM      YEAR
                                                  NORMAL
..................................................................
TEMPERATURE (F)
 TODAY
  MAXIMUM         56    229 PM  62    1909  51      5       53
  MINIMUM         49    136 AM  20    1978  39     10       45
  AVERAGE         53                        45      8       49

PRECIPITATION (IN)
  TODAY            0.22                      0.21   0.01     0.55
  MONTH TO DATE    5.06                      4.14   0.92     3.29
  SINCE OCT 1      9.61                      7.21   2.40    11.51
  SINCE JAN 1     41.29                     30.60  10.69    34.24

DEGREE DAYS
 HEATING
  TODAY           12                                        16
  MONTH TO DATE  384                                       255
  SINCE SEP 1    816                                       630
  SINCE JUL 1    819                                       652

 COOLING
  TODAY            0                                         0
  MONTH TO DATE    0                                         0
  SINCE SEP 1    120                                        18
  SINCE JAN 1    639                                       407
..................................................................


WIND (MPH)
  HIGHEST WIND SPEED    14   HIGHEST WIND DIRECTION     E (110)
  HIGHEST GUST SPEED    20   HIGHEST GUST DIRECTION    SE (120)
  AVERAGE WIND SPEED     8.1


SKY COVER
  POSSIBLE SUNSHINE  MM
  AVERAGE SKY COVER 0.9


WEATHER CONDITIONS
 THE FOLLOWING WEATHER WAS RECORDED TODAY.
  RAIN
  LIGHT RAIN
  FOG


RELATIVE HUMIDITY (PERCENT)
 HIGHEST   100           500 AM
 LOWEST     93           200 AM
 AVERAGE    97

..........................................................


THE VANCOUVER WA CLIMATE NORMALS FOR TOMORROW
                         NORMAL    RECORD    YEAR
 MAXIMUM TEMPERATURE (F)   51        64      1939
 MINIMUM TEMPERATURE (F)   39        11      1985


SUNRISE AND SUNSET
NOVEMBER 22 2017......SUNRISE   720 AM PST   SUNSET   433 PM PST
NOVEMBER 23 2017......SUNRISE   721 AM PST   SUNSET   433 PM PST


-  INDICATES NEGATIVE NUMBERS.
R  INDICATES RECORD WAS SET OR TIED.
MM INDICATES DATA IS MISSING.
T  INDICATES TRACE AMOUNT.




$$
