000
CDUS46 KPQR 231142
CLIVUO


CLIMATE REPORT
NATIONAL WEATHER SERVICE PORTLAND OREGON
441 AM PDT WED JUL 23 2014


...................................

...THE VANCOUVER WA CLIMATE SUMMARY FOR JULY 22 2014...

CLIMATE NORMAL PERIOD 1981 TO 2010
CLIMATE RECORD PERIOD 1891 TO 2014


WEATHER ITEM   OBSERVED TIME   RECORD YEAR NORMAL DEPARTURE LAST
                VALUE   (LST)  VALUE       VALUE  FROM      YEAR
                                                  NORMAL
..................................................................
TEMPERATURE (F)
 YESTERDAY
  MAXIMUM         75    311 PM  98    1928  81     -6       81
  MINIMUM         59    814 AM  47    2011  58      1       58
  AVERAGE         67                        70     -3       70

PRECIPITATION (IN)
  YESTERDAY        0.24                      0.02   0.22     0.00
  MONTH TO DATE    0.29                      0.58  -0.29     0.00
  SINCE OCT 1     27.19                     36.70  -9.51    34.24
  SINCE JAN 1     21.72                     20.95   0.77    14.98

DEGREE DAYS
 HEATING
  YESTERDAY        0                                         0
  MONTH TO DATE    0                                         6
  SINCE JUL 1      0                                         6

 COOLING
  YESTERDAY        2                                         5
  MONTH TO DATE  146                                        97
  SINCE JAN 1    177                                       164
..................................................................


WIND (MPH)
  HIGHEST WIND SPEED    13   HIGHEST WIND DIRECTION     E (110)
  HIGHEST GUST SPEED    16   HIGHEST GUST DIRECTION    SE (120)
  AVERAGE WIND SPEED     3.6


SKY COVER
  POSSIBLE SUNSHINE  MM
  AVERAGE SKY COVER 0.8


WEATHER CONDITIONS
 THE FOLLOWING WEATHER WAS RECORDED YESTERDAY.
  LIGHT RAIN
  FOG


RELATIVE HUMIDITY (PERCENT)
 HIGHEST    93           600 AM
 LOWEST     55          1200 AM
 AVERAGE    74

..........................................................




SUNRISE AND SUNSET
JULY 23 2014..........SUNRISE   544 AM PDT   SUNSET   849 PM PDT
JULY 24 2014..........SUNRISE   545 AM PDT   SUNSET   848 PM PDT


-  INDICATES NEGATIVE NUMBERS.
R  INDICATES RECORD WAS SET OR TIED.
MM INDICATES DATA IS MISSING.
T  INDICATES TRACE AMOUNT.




$$
