000
CDUS46 KPQR 230221
CLIVUO


CLIMATE REPORT
NATIONAL WEATHER SERVICE PORTLAND OREGON
620 PM PST MON DEC 22 2014


...................................

...THE VANCOUVER WA CLIMATE SUMMARY FOR DECEMBER 22 2014...
VALID TODAY AS OF 0600 PM LOCAL TIME.

CLIMATE NORMAL PERIOD 1981 TO 2010
CLIMATE RECORD PERIOD 1891 TO 2014


WEATHER ITEM   OBSERVED TIME   RECORD YEAR NORMAL DEPARTURE LAST
                VALUE   (LST)  VALUE       VALUE  FROM      YEAR
                                                  NORMAL
..................................................................
TEMPERATURE (F)
 TODAY
  MAXIMUM         56    310 PM  61    1940  46     10       53
  MINIMUM         42    739 AM   5    1998  34      8       45
  AVERAGE         49                        40      9       49

PRECIPITATION (IN)
  TODAY            0.01                      0.24  -0.23     0.05
  MONTH TO DATE    4.69                      4.73  -0.04     1.26
  SINCE OCT 1     13.64                     13.71  -0.07     5.21
  SINCE JAN 1     37.08                     37.10  -0.02    26.28

DEGREE DAYS
 HEATING
  TODAY           16                                        16
  MONTH TO DATE  443                                       663
  SINCE DEC 1    443                                       663
  SINCE JUL 1   1251                                      1764

 COOLING
  TODAY            0                                         0
  MONTH TO DATE    0                                         0
  SINCE DEC 1      0                                         0
  SINCE JAN 1    531                                       450
..................................................................


WIND (MPH)
  HIGHEST WIND SPEED     7   HIGHEST WIND DIRECTION     E (80)
  HIGHEST GUST SPEED     9   HIGHEST GUST DIRECTION     E (80)
  AVERAGE WIND SPEED     0.7


SKY COVER
  POSSIBLE SUNSHINE  MM
  AVERAGE SKY COVER 0.6


WEATHER CONDITIONS
 THE FOLLOWING WEATHER WAS RECORDED TODAY.
  LIGHT RAIN
  FOG
  FOG W/VISIBILITY <= 1/4 MILE


RELATIVE HUMIDITY (PERCENT)
 HIGHEST   100           400 AM
 LOWEST     66           300 PM
 AVERAGE    83

..........................................................


THE VANCOUVER WA CLIMATE NORMALS FOR TOMORROW
                         NORMAL    RECORD    YEAR
 MAXIMUM TEMPERATURE (F)   46        65      1950
 MINIMUM TEMPERATURE (F)   34         8      1998


SUNRISE AND SUNSET
DECEMBER 22 2014......SUNRISE   749 AM PST   SUNSET   430 PM PST
DECEMBER 23 2014......SUNRISE   749 AM PST   SUNSET   431 PM PST


-  INDICATES NEGATIVE NUMBERS.
R  INDICATES RECORD WAS SET OR TIED.
MM INDICATES DATA IS MISSING.
T  INDICATES TRACE AMOUNT.




$$
