000
CDUS46 KPQR 261142
CLIVUO


CLIMATE REPORT
NATIONAL WEATHER SERVICE PORTLAND OREGON
442 AM PDT TUE MAY 26 2015


...................................

...THE VANCOUVER WA CLIMATE SUMMARY FOR MAY 25 2015...

CLIMATE NORMAL PERIOD 1981 TO 2010
CLIMATE RECORD PERIOD 1891 TO 2015


WEATHER ITEM   OBSERVED TIME   RECORD YEAR NORMAL DEPARTURE LAST
                VALUE   (LST)  VALUE       VALUE  FROM      YEAR
                                                  NORMAL
..................................................................
TEMPERATURE (F)
 YESTERDAY
  MAXIMUM         67    519 PM  89    1947  70     -3       70
  MINIMUM         52    453 AM  32    1975  50      2       49
  AVERAGE         60                        60      0       60

PRECIPITATION (IN)
  YESTERDAY        0.00                      0.07  -0.07     0.07
  MONTH TO DATE    0.68                      2.08  -1.40     2.33
  SINCE OCT 1     29.56                     33.94  -4.38    24.35
  SINCE JAN 1     14.67                     18.19  -3.52    18.88

DEGREE DAYS
 HEATING
  YESTERDAY        5                                         5
  MONTH TO DATE  155                                       131
  SINCE JUL 1   3645                                      4477

 COOLING
  YESTERDAY        0                                         0
  MONTH TO DATE    1                                        15
  SINCE JAN 1      1                                        15
..................................................................


WIND (MPH)
  HIGHEST WIND SPEED    10   HIGHEST WIND DIRECTION     N (350)
  HIGHEST GUST SPEED    14   HIGHEST GUST DIRECTION    NW (330)
  AVERAGE WIND SPEED     4.1


SKY COVER
  POSSIBLE SUNSHINE  MM
  AVERAGE SKY COVER 0.9


WEATHER CONDITIONS
 THE FOLLOWING WEATHER WAS RECORDED YESTERDAY.
  NO SIGNIFICANT WEATHER WAS OBSERVED.


RELATIVE HUMIDITY (PERCENT)
 HIGHEST    77          1200 AM
 LOWEST     56           300 PM
 AVERAGE    67

..........................................................




SUNRISE AND SUNSET
MAY 26 2015...........SUNRISE   529 AM PDT   SUNSET   847 PM PDT
MAY 27 2015...........SUNRISE   528 AM PDT   SUNSET   848 PM PDT


-  INDICATES NEGATIVE NUMBERS.
R  INDICATES RECORD WAS SET OR TIED.
MM INDICATES DATA IS MISSING.
T  INDICATES TRACE AMOUNT.




$$
