000
CDUS46 KPQR 190026
CLIVUO


CLIMATE REPORT
NATIONAL WEATHER SERVICE PORTLAND OREGON
426 PM PST SUN FEB 18 2018


...................................

...THE VANCOUVER WA CLIMATE SUMMARY FOR FEBRUARY 18 2018...
VALID TODAY AS OF 0400 PM LOCAL TIME.

CLIMATE NORMAL PERIOD 1981 TO 2010
CLIMATE RECORD PERIOD 1891 TO 2018


WEATHER ITEM   OBSERVED TIME   RECORD YEAR NORMAL DEPARTURE LAST
                VALUE   (LST)  VALUE       VALUE  FROM      YEAR
                                                  NORMAL
..................................................................
TEMPERATURE (F)
 TODAY
  MAXIMUM         43   1241 AM  69    1977  52     -9       48
  MINIMUM         35    730 AM  21    1990  35      0       42
  AVERAGE         39                        44     -5       45

PRECIPITATION (IN)
  TODAY            0.13                      0.11   0.02     0.23
  MONTH TO DATE    0.80                      2.72  -1.92     8.36
  SINCE OCT 1     20.58                     23.97  -3.39    32.53
  SINCE JAN 1      6.39                      8.22  -1.83    12.67

DEGREE DAYS
 HEATING
  TODAY           26                                        20
  MONTH TO DATE  361                                       430
  SINCE DEC 1   1787                                      2275
  SINCE JUL 1   2748                                      3063

 COOLING
  TODAY            0                                         0
  MONTH TO DATE    0                                         0
  SINCE DEC 1      0                                         0
  SINCE JAN 1      0                                         0
..................................................................


WIND (MPH)
  HIGHEST WIND SPEED    15   HIGHEST WIND DIRECTION     S (190)
  HIGHEST GUST SPEED    21   HIGHEST GUST DIRECTION     S (190)
  AVERAGE WIND SPEED     7.5


SKY COVER
  POSSIBLE SUNSHINE  MM
  AVERAGE SKY COVER 0.6


WEATHER CONDITIONS
 THE FOLLOWING WEATHER WAS RECORDED TODAY.
  LIGHT RAIN
  LIGHT SNOW
  FOG


RELATIVE HUMIDITY (PERCENT)
 HIGHEST    92           600 AM
 LOWEST     85          1000 AM
 AVERAGE    89

..........................................................


THE VANCOUVER WA CLIMATE NORMALS FOR TOMORROW
                         NORMAL    RECORD    YEAR
 MAXIMUM TEMPERATURE (F)   52        69      1977
 MINIMUM TEMPERATURE (F)   35        15      2006


SUNRISE AND SUNSET
FEBRUARY 18 2018......SUNRISE   708 AM PST   SUNSET   542 PM PST
FEBRUARY 19 2018......SUNRISE   706 AM PST   SUNSET   544 PM PST


-  INDICATES NEGATIVE NUMBERS.
R  INDICATES RECORD WAS SET OR TIED.
MM INDICATES DATA IS MISSING.
T  INDICATES TRACE AMOUNT.




$$
