000
CDUS46 KPQR 290221
CLIVUO


CLIMATE REPORT
NATIONAL WEATHER SERVICE PORTLAND OREGON
721 PM PDT TUE MAR 28 2017


...................................

...THE VANCOUVER WA CLIMATE SUMMARY FOR MARCH 28 2017...
VALID TODAY AS OF 0700 PM LOCAL TIME.

CLIMATE NORMAL PERIOD 1981 TO 2010
CLIMATE RECORD PERIOD 1891 TO 2017


WEATHER ITEM   OBSERVED TIME   RECORD YEAR NORMAL DEPARTURE LAST
                VALUE   (LST)  VALUE       VALUE  FROM      YEAR
                                                  NORMAL
..................................................................
TEMPERATURE (F)
 TODAY
  MAXIMUM         59    559 PM  83    1930  59      0       57
  MINIMUM         47    431 AM  25    1975  41      6       34
  AVERAGE         53                        50      3       46

PRECIPITATION (IN)
  TODAY            0.01                      0.10  -0.09     0.00
  MONTH TO DATE    6.77                      3.26   3.51     5.19
  SINCE OCT 1     41.32                     28.54  12.78    39.95
  SINCE JAN 1     21.46                     12.79   8.67    16.10

DEGREE DAYS
 HEATING
  TODAY           12                                        19
  MONTH TO DATE  477                                       454
  SINCE MAR 1    477                                       454
  SINCE JUL 1   3777                                      3284

 COOLING
  TODAY            0                                         0
  MONTH TO DATE    0                                         0
  SINCE MAR 1      0                                         0
  SINCE JAN 1      0                                         0
..................................................................


WIND (MPH)
  HIGHEST WIND SPEED    13   HIGHEST WIND DIRECTION    SW (210)
  HIGHEST GUST SPEED    19   HIGHEST GUST DIRECTION    SW (220)
  AVERAGE WIND SPEED     6.0


SKY COVER
  POSSIBLE SUNSHINE  MM
  AVERAGE SKY COVER 1.0


WEATHER CONDITIONS
 THE FOLLOWING WEATHER WAS RECORDED TODAY.
  LIGHT RAIN


RELATIVE HUMIDITY (PERCENT)
 HIGHEST    93          1200 AM
 LOWEST     47           300 PM
 AVERAGE    70

..........................................................


THE VANCOUVER WA CLIMATE NORMALS FOR TOMORROW
                         NORMAL    RECORD    YEAR
 MAXIMUM TEMPERATURE (F)   59        81      1923
 MINIMUM TEMPERATURE (F)   41        25      1977


SUNRISE AND SUNSET
MARCH 28 2017.........SUNRISE   658 AM PDT   SUNSET   734 PM PDT
MARCH 29 2017.........SUNRISE   656 AM PDT   SUNSET   735 PM PDT


-  INDICATES NEGATIVE NUMBERS.
R  INDICATES RECORD WAS SET OR TIED.
MM INDICATES DATA IS MISSING.
T  INDICATES TRACE AMOUNT.




$$
