000
CDUS41 KAKQ 220635
CLIWAL


CLIMATE REPORT
NATIONAL WEATHER SERVICE WAKEFIELD, VA
134 AM EST THU FEB 22 2018


...................................

...THE WALLOPS ISLAND VA CLIMATE SUMMARY FOR FEBRUARY 21 2018...

CLIMATE NORMAL PERIOD 1981 TO 2010
CLIMATE RECORD PERIOD 1963 TO 2018


WEATHER ITEM   OBSERVED TIME   RECORD YEAR NORMAL DEPARTURE
                VALUE   (LST)  VALUE       VALUE  FROM
                                                  NORMAL
...............................................................
TEMPERATURE (F)
 YESTERDAY
  MAXIMUM         78R   323 PM  69    2002  48     30
  MINIMUM         54    600 AM   1    2015  31     23
  AVERAGE         66                        40     26

PRECIPITATION (IN)
  YESTERDAY        0.00          0.92        0.10  -0.10
  MONTH TO DATE    1.84                      2.02  -0.18
  SINCE DEC 1      7.40                      8.49  -1.09
  SINCE JAN 1      5.51                      5.06   0.45

SNOWFALL (IN)
  YESTERDAY        0.0           0.0    MM   0.1   -0.1
  MONTH TO DATE    0.0                       2.6   -2.6
  SINCE NOV 1     11.8                       6.6    5.2
  SINCE JUL 1     11.8                       6.6    5.2

DEGREE DAYS
 HEATING
  YESTERDAY        0                              -25
  MONTH TO DATE  415                             -150
  SINCE DEC 1   2128                              -77
  SINCE JUL 1   2731                             -178

 COOLING
  YESTERDAY        1                                1
  MONTH TO DATE    1                                1
  SINCE DEC 1      1                                1
  SINCE JAN 1      1                                1
...............................................................


WIND (MPH)
  HIGHEST WIND SPEED    17   HIGHEST WIND DIRECTION    SW (230)
  HIGHEST GUST SPEED    31   HIGHEST GUST DIRECTION     W (270)
  AVERAGE WIND SPEED     9.9




RELATIVE HUMIDITY (PERCENT)
 HIGHEST   100
 LOWEST     58
 AVERAGE    79

..........................................................


THE WALLOPS ISLAND VA CLIMATE NORMALS FOR TODAY
                         NORMAL    RECORD    YEAR
 MAXIMUM TEMPERATURE (F)   48        70      1997
                                             1991
 MINIMUM TEMPERATURE (F)   31        13      1968


SUNRISE AND SUNSET
FEBRUARY 22 2018......SUNRISE   643 AM EST   SUNSET   548 PM EST
FEBRUARY 23 2018......SUNRISE   642 AM EST   SUNSET   549 PM EST


-  INDICATES NEGATIVE NUMBERS.
R  INDICATES RECORD WAS SET OR TIED.
MM INDICATES DATA IS MISSING.
T  INDICATES TRACE AMOUNT.




$$
