000
CDUS41 KAKQ 170533
CLIWAL


CLIMATE REPORT
NATIONAL WEATHER SERVICE WAKEFIELD, VA
133 AM EDT TUE OCT 17 2017


...................................

...THE WALLOPS ISLAND VA CLIMATE SUMMARY FOR OCTOBER 16 2017...

CLIMATE NORMAL PERIOD 1981 TO 2010
CLIMATE RECORD PERIOD 1963 TO 2017


WEATHER ITEM   OBSERVED TIME   RECORD YEAR NORMAL DEPARTURE
                VALUE   (LST)  VALUE       VALUE  FROM
                                                  NORMAL
...............................................................
TEMPERATURE (F)
 YESTERDAY
  MAXIMUM         73    222 AM  85    2008  68      5
  MINIMUM         48   1156 PM  38    2006  50     -2
  AVERAGE         61                        59      2

PRECIPITATION (IN)
  YESTERDAY        0.18          0.61        0.10   0.08
  MONTH TO DATE    5.09                      1.63   3.46
  SINCE SEP 1      6.93                      5.61   1.32
  SINCE JAN 1     42.45                     33.00   9.45

SNOWFALL (IN)
  YESTERDAY       MM             0.0    MM   0.0   MM
  MONTH TO DATE    0.0                       0.0    0.0
  SINCE NOV 1     10.1                       7.9    2.2
  SINCE JUL 1      0.0                       0.0    0.0

DEGREE DAYS
 HEATING
  YESTERDAY        4                               -3
  MONTH TO DATE   23                              -56
  SINCE SEP 1     32                              -77
  SINCE JUL 1     32                              -78

 COOLING
  YESTERDAY        0                               -1
  MONTH TO DATE   82                               58
  SINCE SEP 1    265                               77
  SINCE JAN 1   1416                              228
...............................................................


WIND (MPH)
  HIGHEST WIND SPEED    21   HIGHEST WIND DIRECTION     N (340)
  HIGHEST GUST SPEED    27   HIGHEST GUST DIRECTION     N (360)
  AVERAGE WIND SPEED     8.1




RELATIVE HUMIDITY (PERCENT)
 HIGHEST   100
 LOWEST     72
 AVERAGE    86

..........................................................


THE WALLOPS ISLAND VA CLIMATE NORMALS FOR TODAY
                         NORMAL    RECORD    YEAR
 MAXIMUM TEMPERATURE (F)   68        79      2016
                                             1972
 MINIMUM TEMPERATURE (F)   50        38      1977


SUNRISE AND SUNSET
OCTOBER 17 2017.......SUNRISE   713 AM EDT   SUNSET   621 PM EDT
OCTOBER 18 2017.......SUNRISE   714 AM EDT   SUNSET   620 PM EDT


-  INDICATES NEGATIVE NUMBERS.
R  INDICATES RECORD WAS SET OR TIED.
MM INDICATES DATA IS MISSING.
T  INDICATES TRACE AMOUNT.




$$
