000
CDUS41 KAKQ 302127
CLIWAL


CLIMATE REPORT
NATIONAL WEATHER SERVICE WAKEFIELD, VA
526 PM EDT SUN APR 30 2017


...................................

...THE WALLOPS ISLAND VA CLIMATE SUMMARY FOR APRIL 30 2017...
VALID TODAY AS OF 0500 PM LOCAL TIME.

CLIMATE NORMAL PERIOD 1981 TO 2010
CLIMATE RECORD PERIOD 1963 TO 2017


WEATHER ITEM   OBSERVED TIME   RECORD YEAR NORMAL DEPARTURE
                VALUE   (LST)  VALUE       VALUE  FROM
                                                  NORMAL
...............................................................
TEMPERATURE (F)
 TODAY
  MAXIMUM         83   1115 AM  84    2007  67     16
  MINIMUM         65    525 AM  38    1992  49     16
  AVERAGE         74

PRECIPITATION (IN)
  TODAY            0.00          1.86 1995   0.08  -0.08
  MONTH TO DATE    2.31                      3.07  -0.76
  SINCE MAR 1      5.69                      7.07  -1.38
  SINCE JAN 1     11.89                     12.87  -0.98

SNOWFALL (IN)
  TODAY            0.0           0.0    MM
  MONTH TO DATE    0.0
  SINCE NOV 1     10.1
  SINCE JUL 1     10.1
  SNOW DEPTH       0

DEGREE DAYS
 HEATING
  TODAY            0

 COOLING
  TODAY            9
...............................................................


WIND (MPH)
  HIGHEST WIND SPEED    17   HIGHEST WIND DIRECTION     S (190)
  HIGHEST GUST SPEED    23   HIGHEST GUST DIRECTION     S (200)




RELATIVE HUMIDITY (PERCENT)
 HIGHEST   100
 LOWEST     69
 AVERAGE    85

..........................................................


THE WALLOPS ISLAND VA CLIMATE NORMALS FOR TOMORROW
                         NORMAL    RECORD    YEAR
 MAXIMUM TEMPERATURE (F)   67        87      2010
 MINIMUM TEMPERATURE (F)   49        39      1987


SUNRISE AND SUNSET
APRIL 30 2017.........SUNRISE   607 AM EDT   SUNSET   752 PM EDT
MAY  1 2017...........SUNRISE   606 AM EDT   SUNSET   753 PM EDT


-  INDICATES NEGATIVE NUMBERS.
R  INDICATES RECORD WAS SET OR TIED.
MM INDICATES DATA IS MISSING.
T  INDICATES TRACE AMOUNT.




$$
