000
CDUS41 KAKQ 240826
CLIWAL


CLIMATE REPORT
NATIONAL WEATHER SERVICE WAKEFIELD, VA
426 AM EDT THU APR 24 2014


...................................

...THE WALLOPS ISLAND VA CLIMATE SUMMARY FOR APRIL 23 2014...

CLIMATE NORMAL PERIOD 1981 TO 2010
CLIMATE RECORD PERIOD 1963 TO 2014


WEATHER ITEM   OBSERVED TIME   RECORD YEAR NORMAL DEPARTURE
                VALUE   (LST)  VALUE       VALUE  FROM
                                                  NORMAL
...............................................................
TEMPERATURE (F)
 YESTERDAY
  MAXIMUM         62    405 PM  85    1976  65     -3
  MINIMUM         49   1159 PM  34    1994  47      2
  AVERAGE         56                        56      0

PRECIPITATION (IN)
  YESTERDAY        0.00          0.60        0.10  -0.10
  MONTH TO DATE    2.20                      2.45  -0.25
  SINCE MAR 1      5.35                      6.45  -1.10
  SINCE JAN 1     10.92                     12.25  -1.33

SNOWFALL (IN)
  YESTERDAY        0.0           0.0    MM   0.0    0.0
  MONTH TO DATE    0.0                       0.1   -0.1
  SINCE NOV 1     13.1                       7.9    5.2
  SINCE JUL 1     13.1                       7.9    5.2

DEGREE DAYS
 HEATING
  YESTERDAY        9                                0
  MONTH TO DATE  256                              -29
  SINCE MAR 1    926                               22
  SINCE JUL 1   3919                              -65

 COOLING
  YESTERDAY        0                               -1
  MONTH TO DATE    0                               -1
  SINCE MAR 1      0                               -2
  SINCE JAN 1      0                               -2
...............................................................


WIND (MPH)
  HIGHEST WIND SPEED    29   HIGHEST WIND DIRECTION    NW (330)
  HIGHEST GUST SPEED    40   HIGHEST GUST DIRECTION    NW (320)
  AVERAGE WIND SPEED    16.7




RELATIVE HUMIDITY (PERCENT)
 HIGHEST    87
 LOWEST     39
 AVERAGE    63

..........................................................


THE WALLOPS ISLAND VA CLIMATE NORMALS FOR TODAY
                         NORMAL    RECORD    YEAR
 MAXIMUM TEMPERATURE (F)   65        85      2011
 MINIMUM TEMPERATURE (F)   47        36      2003


SUNRISE AND SUNSET
APRIL 24 2014.........SUNRISE   614 AM EDT   SUNSET   746 PM EDT
APRIL 25 2014.........SUNRISE   613 AM EDT   SUNSET   747 PM EDT


-  INDICATES NEGATIVE NUMBERS.
R  INDICATES RECORD WAS SET OR TIED.
MM INDICATES DATA IS MISSING.
T  INDICATES TRACE AMOUNT.




$$
