924
CDUS46 KLOX 230911
CLIWJF


CLIMATE REPORT
NATIONAL WEATHER SERVICE LOS ANGELES/OXNARD CA
211 AM PDT SUN JUL 23 2017


...................................

...THE LANCASTER FOX FIELD CA CLIMATE SUMMARY FOR JULY 22 2017...

CLIMATE NORMAL PERIOD 1981 TO 2010
CLIMATE RECORD PERIOD 1948 TO 2017


WEATHER ITEM   OBSERVED TIME   RECORD YEAR NORMAL DEPARTURE
                VALUE   (LST)  VALUE       VALUE  FROM
                                                  NORMAL
...............................................................
TEMPERATURE (F)
 YESTERDAY
  MAXIMUM        104    236 PM 108    2006  99      5
  MINIMUM         58    422 AM  51    1999  67     -9
                                      1972
  AVERAGE         81                        83     -2

PRECIPITATION (IN)
  YESTERDAY        0.00          0.10 1974   0.01  -0.01
  MONTH TO DATE    T                         0.07  -0.07
  SINCE OCT 1      6.51                      7.11  -0.60
  SINCE JAN 1      4.52                      4.98  -0.46

SNOWFALL (IN)
  YESTERDAY        0.0           0.0    MM
  MONTH TO DATE    0.0
  SINCE JUN 1      0.0
  SINCE JUL 1      0.0
  SNOW DEPTH       0

DEGREE DAYS
 HEATING
  YESTERDAY        0                                0
  MONTH TO DATE    0                                0
  SINCE JUN 1      9                                1
  SINCE JUL 1      0                                0

 COOLING
  YESTERDAY       16                               -2
  MONTH TO DATE  498                              122
  SINCE JUN 1    973                              256
  SINCE JAN 1   1134                              228
...............................................................


WIND (MPH)
  HIGHEST WIND SPEED    23   HIGHEST WIND DIRECTION    SW (240)
  HIGHEST GUST SPEED    30   HIGHEST GUST DIRECTION     W (260)
  AVERAGE WIND SPEED     7.7




RELATIVE HUMIDITY (PERCENT)
 HIGHEST    35
 LOWEST      6
 AVERAGE    21

..........................................................


THE LANCASTER FOX FIELD CA CLIMATE NORMALS FOR TODAY
                         NORMAL    RECORD    YEAR
 MAXIMUM TEMPERATURE (F)   99       111      2006
 MINIMUM TEMPERATURE (F)   67        52      1972


SUNRISE AND SUNSET
JULY 23 2017..........SUNRISE   557 AM PDT   SUNSET   802 PM PDT
JULY 24 2017..........SUNRISE   557 AM PDT   SUNSET   801 PM PDT


-  INDICATES NEGATIVE NUMBERS.
R  INDICATES RECORD WAS SET OR TIED.
MM INDICATES DATA IS MISSING.
T  INDICATES TRACE AMOUNT.




$$
