000
CDUS46 KLOX 280111
CLIWJF


CLIMATE REPORT
NATIONAL WEATHER SERVICE LOS ANGELES/OXNARD CA
511 PM PST SAT DEC 27 2014


...................................

...THE LANCASTER CLIMATE SUMMARY FOR DECEMBER 27 2014...
VALID TODAY AS OF 0500 PM LOCAL TIME.

CLIMATE NORMAL PERIOD 1981 TO 2010
CLIMATE RECORD PERIOD 1948 TO 2014


WEATHER ITEM   OBSERVED TIME   RECORD YEAR NORMAL DEPARTURE LAST
                VALUE   (LST)  VALUE       VALUE  FROM      YEAR
                                                  NORMAL
..................................................................
TEMPERATURE (F)
 TODAY
  MAXIMUM         47    326 PM  70    2005  57    -10       62
                                      1950
  MINIMUM         22    728 AM  13    1990  29     -7       20
                                      1962
  AVERAGE         35                        43     -8       41

PRECIPITATION (IN)
  TODAY            0.00          1.41 1977   0.05  -0.05     0.00
  MONTH TO DATE    2.62                      0.95   1.67     0.09
  SINCE JUL 1      2.95                      2.27   0.68     1.61
  SINCE JAN 1      5.27                      7.18  -1.91     2.71

SNOWFALL (IN)
  TODAY            0.0           5.3  1971   0.0             0.0
  MONTH TO DATE    0.0                       1.1             0.0
  SINCE DEC 1      0.0                       1.1             0.0
  SINCE JUL 1      0.0                       1.1             0.0
  SNOW DEPTH       0

DEGREE DAYS
 HEATING
  TODAY           30                        22      8       24
  MONTH TO DATE  470                       573   -103      621
  SINCE DEC 1    470                       573   -103      621
  SINCE JUL 1    867                      1118   -251     1272

 COOLING
  TODAY            0                         0      0        0
  MONTH TO DATE    0                         0      0        0
  SINCE DEC 1      0                         0      0        0
  SINCE JAN 1   2055                      1882    173     2204
..................................................................


WIND (MPH)
  HIGHEST WIND SPEED    14   HIGHEST WIND DIRECTION     E (80)
  HIGHEST GUST SPEED    19   HIGHEST GUST DIRECTION    SE (120)
  AVERAGE WIND SPEED     5.4


SKY COVER
  POSSIBLE SUNSHINE  MM
  AVERAGE SKY COVER 0.0


WEATHER CONDITIONS
 THE FOLLOWING WEATHER WAS RECORDED TODAY.
  NO SIGNIFICANT WEATHER WAS OBSERVED.


RELATIVE HUMIDITY (PERCENT)
 HIGHEST    84           500 AM
 LOWEST     25           100 PM
 AVERAGE    55

..........................................................


THE LANCASTER CLIMATE NORMALS FOR TOMORROW
                         NORMAL    RECORD    YEAR
 MAXIMUM TEMPERATURE (F)   57        74      2013
 MINIMUM TEMPERATURE (F)   30        12      1954


SUNRISE AND SUNSET
DECEMBER 27 2014......SUNRISE   659 AM PST   SUNSET   449 PM PST
DECEMBER 28 2014......SUNRISE   659 AM PST   SUNSET   450 PM PST


-  INDICATES NEGATIVE NUMBERS.
R  INDICATES RECORD WAS SET OR TIED.
MM INDICATES DATA IS MISSING.
T  INDICATES TRACE AMOUNT.




$$
