000
CDUS46 KLOX 210903
CLIWJF


CLIMATE REPORT
NATIONAL WEATHER SERVICE LOS ANGELES/OXNARD CA
202 AM PDT MON APR 21 2014


...................................

...THE LANCASTER FOX FIELD CA CLIMATE SUMMARY FOR APRIL 20 2014...

CLIMATE NORMAL PERIOD 1981 TO 2010
CLIMATE RECORD PERIOD 1948 TO 2014


WEATHER ITEM   OBSERVED TIME   RECORD YEAR NORMAL DEPARTURE
                VALUE   (LST)  VALUE       VALUE  FROM
                                                  NORMAL
...............................................................
TEMPERATURE (F)
 YESTERDAY
  MAXIMUM         86    209 PM  97    1950  74     12
  MINIMUM         55    544 AM  31    1966  46      9
  AVERAGE         71                        60     11

PRECIPITATION (IN)
  YESTERDAY        0.00          0.21 2001   0.01  -0.01
  MONTH TO DATE    0.09                      0.27  -0.18
  SINCE JUL 1      3.79                      7.16  -3.37
  SINCE JAN 1      2.18                      4.69  -2.51

SNOWFALL (IN)
  YESTERDAY        0.0           0.0    MM
  MONTH TO DATE    0.0
  SINCE MAR 1      0.0
  SINCE JUL 1      0.0
  SNOW DEPTH       0

DEGREE DAYS
 HEATING
  YESTERDAY        0                               -6
  MONTH TO DATE  100                              -60
  SINCE MAR 1    387                             -141
  SINCE JUL 1   2624                             -197

 COOLING
  YESTERDAY        6                                5
  MONTH TO DATE   22                               11
  SINCE MAR 1     22                                9
  SINCE JAN 1     28                               15
...............................................................


WIND (MPH)
  HIGHEST WIND SPEED    MM   HIGHEST WIND DIRECTION    MM
  HIGHEST GUST SPEED    MM   HIGHEST GUST DIRECTION    MM
  AVERAGE WIND SPEED    MM




RELATIVE HUMIDITY (PERCENT)
 HIGHEST    48
 LOWEST     15
 AVERAGE    32

..........................................................


THE LANCASTER FOX FIELD CA CLIMATE NORMALS FOR TODAY
                         NORMAL    RECORD    YEAR
 MAXIMUM TEMPERATURE (F)   75        95      2012
 MINIMUM TEMPERATURE (F)   46        32      2002


SUNRISE AND SUNSET
APRIL 21 2014.........SUNRISE   614 AM PDT   SUNSET   730 PM PDT
APRIL 22 2014.........SUNRISE   612 AM PDT   SUNSET   731 PM PDT


-  INDICATES NEGATIVE NUMBERS.
R  INDICATES RECORD WAS SET OR TIED.
MM INDICATES DATA IS MISSING.
T  INDICATES TRACE AMOUNT.




$$
