000
CDUS46 KLOX 010913
CLIWJF


CLIMATE REPORT
NATIONAL WEATHER SERVICE LOS ANGELES/OXNARD CA
212 AM PDT SUN MAY 1 2016


...................................

...THE LANCASTER FOX FIELD CA CLIMATE SUMMARY FOR APRIL 30 2016...

CLIMATE NORMAL PERIOD 1981 TO 2010
CLIMATE RECORD PERIOD 1948 TO 2016


WEATHER ITEM   OBSERVED TIME   RECORD YEAR NORMAL DEPARTURE
                VALUE   (LST)  VALUE       VALUE  FROM
                                                  NORMAL
...............................................................
TEMPERATURE (F)
 YESTERDAY
  MAXIMUM         73    157 PM  92    2006  77     -4
                                      1996
  MINIMUM         50    524 AM  32    2011  49      1
  AVERAGE         62                        63     -1

PRECIPITATION (IN)
  YESTERDAY        T             0.11 1990   0.01  -0.01
  MONTH TO DATE    0.15                      0.35  -0.20
  SINCE OCT 1      3.82                      6.90  -3.08
  SINCE JAN 1      2.53                      4.77  -2.24

SNOWFALL (IN)
  YESTERDAY        0.0           0.0    MM
  MONTH TO DATE    0.0
  SINCE MAR 1      0.0
  SINCE JUL 1      0.0
  SNOW DEPTH       0

DEGREE DAYS
 HEATING
  YESTERDAY        3                               -1
  MONTH TO DATE  113                              -94
  SINCE MAR 1    370                             -205
  SINCE JUL 1   2621                             -247

 COOLING
  YESTERDAY        0                               -2
  MONTH TO DATE   18                              -10
  SINCE MAR 1     21                               -9
  SINCE JAN 1     24                               -6
...............................................................


WIND (MPH)
  HIGHEST WIND SPEED    26   HIGHEST WIND DIRECTION     W (260)
  HIGHEST GUST SPEED    31   HIGHEST GUST DIRECTION     W (260)
  AVERAGE WIND SPEED    11.9




RELATIVE HUMIDITY (PERCENT)
 HIGHEST    51
 LOWEST     20
 AVERAGE    36

..........................................................


THE LANCASTER FOX FIELD CA CLIMATE NORMALS FOR TODAY
                         NORMAL    RECORD    YEAR
 MAXIMUM TEMPERATURE (F)   78        94      1996
 MINIMUM TEMPERATURE (F)   50        32      2011
                                             1967


SUNRISE AND SUNSET
MAY  1 2016...........SUNRISE   602 AM PDT   SUNSET   738 PM PDT
MAY  2 2016...........SUNRISE   601 AM PDT   SUNSET   739 PM PDT


-  INDICATES NEGATIVE NUMBERS.
R  INDICATES RECORD WAS SET OR TIED.
MM INDICATES DATA IS MISSING.
T  INDICATES TRACE AMOUNT.




$$
