844
CDUS46 KLOX 250121
CLIWJF


CLIMATE REPORT
NATIONAL WEATHER SERVICE LOS ANGELES/OXNARD CA
520 PM PST SAT FEB 24 2018


...................................

...THE LANCASTER CLIMATE SUMMARY FOR FEBRUARY 24 2018...
VALID TODAY AS OF 0500 PM LOCAL TIME.

CLIMATE NORMAL PERIOD 1981 TO 2010
CLIMATE RECORD PERIOD 1948 TO 2018


WEATHER ITEM   OBSERVED TIME   RECORD YEAR NORMAL DEPARTURE LAST
                VALUE   (LST)  VALUE       VALUE  FROM      YEAR
                                                  NORMAL
..................................................................
TEMPERATURE (F)
 TODAY
  MAXIMUM         57    131 PM  80    1950  63     -6       54
  MINIMUM         15R   641 AM  20    1955  37    -22       31
  AVERAGE         36                        50    -14       43

PRECIPITATION (IN)
  TODAY            0.00          0.25 1987   0.06  -0.06     0.00
  MONTH TO DATE    0.01                      1.56  -1.55     1.80
  SINCE OCT 1      0.98                      5.19  -4.21     6.26
  SINCE JAN 1      0.96                      3.06  -2.10     4.27

SNOWFALL (IN)
  TODAY            0.0           0.5  1987   0.0             0.0
  MONTH TO DATE    0.0                       0.6             0.0
  SINCE DEC 1      0.0                       2.3             0.0
  SINCE JUL 1      0.0                       2.3             0.0
  SNOW DEPTH       0

DEGREE DAYS
 HEATING
  TODAY           29                        15     14       22
  MONTH TO DATE  407                       409     -2      305
  SINCE DEC 1   1531                      1689   -158     1494
  SINCE JUL 1   1893                      2234   -341     1920

 COOLING
  TODAY            0                         0      0        0
  MONTH TO DATE    0                         0      0        0
  SINCE DEC 1      0                         0      0        0
  SINCE JAN 1      0                         0      0        0
..................................................................


WIND (MPH)
  HIGHEST WIND SPEED    43   HIGHEST WIND DIRECTION     W (280)
  HIGHEST GUST SPEED    50   HIGHEST GUST DIRECTION     W (270)
  AVERAGE WIND SPEED    12.3


SKY COVER
  POSSIBLE SUNSHINE  MM
  AVERAGE SKY COVER 0.0


WEATHER CONDITIONS
 THE FOLLOWING WEATHER WAS RECORDED TODAY.
  HAZE


RELATIVE HUMIDITY (PERCENT)
 HIGHEST    80           600 AM
 LOWEST     15           100 PM
 AVERAGE    48

..........................................................


THE LANCASTER CLIMATE NORMALS FOR TOMORROW
                         NORMAL    RECORD    YEAR
 MAXIMUM TEMPERATURE (F)   64        81      1986
 MINIMUM TEMPERATURE (F)   37        18      2013


SUNRISE AND SUNSET
FEBRUARY 24 2018......SUNRISE   628 AM PST   SUNSET   544 PM PST
FEBRUARY 25 2018......SUNRISE   627 AM PST   SUNSET   545 PM PST


-  INDICATES NEGATIVE NUMBERS.
R  INDICATES RECORD WAS SET OR TIED.
MM INDICATES DATA IS MISSING.
T  INDICATES TRACE AMOUNT.




$$
