042
CDUS46 KLOX 090130
CLIWJF


CLIMATE REPORT
NATIONAL WEATHER SERVICE LOS ANGELES/OXNARD CA
530 PM PST MON FEB 8 2016


...................................

...THE LANCASTER CLIMATE SUMMARY FOR FEBRUARY 8 2016...
VALID TODAY AS OF 0500 PM LOCAL TIME.

CLIMATE NORMAL PERIOD 1981 TO 2010
CLIMATE RECORD PERIOD 1948 TO 2016


WEATHER ITEM   OBSERVED TIME   RECORD YEAR NORMAL DEPARTURE LAST
                VALUE   (LST)  VALUE       VALUE  FROM      YEAR
                                                  NORMAL
..................................................................
TEMPERATURE (F)
 TODAY
  MAXIMUM         74    234 PM  78    1951  61     13       73
  MINIMUM         33    533 AM  21    2003  34     -1       40
  AVERAGE         54                        47      7       57

PRECIPITATION (IN)
  TODAY            0.00          0.90 1989   0.07  -0.07     0.00
  MONTH TO DATE    T                         0.49  -0.49      T
  SINCE OCT 1      3.02                      4.12  -1.10     3.88
  SINCE JAN 1      1.73                      1.99  -0.26     0.96

SNOWFALL (IN)
  TODAY            0.0           4.0  1989   0.0             0.0
  MONTH TO DATE    0.0                       0.2             0.0
  SINCE DEC 1      0.0                       1.9             0.0
  SINCE JUL 1      0.0                       1.9             0.0
  SNOW DEPTH       0

DEGREE DAYS
 HEATING
  TODAY           11                        18     -7        8
  MONTH TO DATE  172                       146     26       88
  SINCE DEC 1   1452                      1426     26     1235
  SINCE JUL 1   2032                      1971     61     1632

 COOLING
  TODAY            0                         0      0        0
  MONTH TO DATE    0                         0      0        0
  SINCE DEC 1      0                         0      0        0
  SINCE JAN 1      0                         0      0        0
..................................................................


WIND (MPH)
  HIGHEST WIND SPEED    21   HIGHEST WIND DIRECTION    NE (60)
  HIGHEST GUST SPEED    26   HIGHEST GUST DIRECTION     E (80)
  AVERAGE WIND SPEED     7.9


SKY COVER
  POSSIBLE SUNSHINE  MM
  AVERAGE SKY COVER 0.0


WEATHER CONDITIONS
 THE FOLLOWING WEATHER WAS RECORDED TODAY.
  HAZE


RELATIVE HUMIDITY (PERCENT)
 HIGHEST    69           500 AM
 LOWEST     13           400 PM
 AVERAGE    41

..........................................................


THE LANCASTER CLIMATE NORMALS FOR TOMORROW
                         NORMAL    RECORD    YEAR
 MAXIMUM TEMPERATURE (F)   61        80      1951
 MINIMUM TEMPERATURE (F)   34        18      2003


SUNRISE AND SUNSET
FEBRUARY  8 2016......SUNRISE   646 AM PST   SUNSET   529 PM PST
FEBRUARY  9 2016......SUNRISE   645 AM PST   SUNSET   530 PM PST


-  INDICATES NEGATIVE NUMBERS.
R  INDICATES RECORD WAS SET OR TIED.
MM INDICATES DATA IS MISSING.
T  INDICATES TRACE AMOUNT.




$$
