000
CDUS46 KLOX 281111
CLIWJF


CLIMATE REPORT
NATIONAL WEATHER SERVICE LOS ANGELES/OXNARD CA
410 AM PDT SUN MAY 28 2017


...................................

...THE LANCASTER FOX FIELD CA CLIMATE SUMMARY FOR MAY 27 2017...

CLIMATE NORMAL PERIOD 1981 TO 2010
CLIMATE RECORD PERIOD 1948 TO 2017


WEATHER ITEM   OBSERVED TIME   RECORD YEAR NORMAL DEPARTURE
                VALUE   (LST)  VALUE       VALUE  FROM
                                                  NORMAL
...............................................................
TEMPERATURE (F)
 YESTERDAY
  MAXIMUM         89    240 PM 101    1984  86      3
  MINIMUM         49    517 AM  43    1998  57     -8
  AVERAGE         69                        71     -2

PRECIPITATION (IN)
  YESTERDAY        0.00          0.03 1981   0.00   0.00
  MONTH TO DATE    0.00                      0.08  -0.08
  SINCE OCT 1      6.51                      6.98  -0.47
  SINCE JAN 1      4.52                      4.85  -0.33

SNOWFALL (IN)
  YESTERDAY        0.0           0.0    MM
  MONTH TO DATE    0.0
  SINCE MAR 1      0.0
  SINCE JUL 1      0.0
  SNOW DEPTH       0

DEGREE DAYS
 HEATING
  YESTERDAY        0                               -1
  MONTH TO DATE   73                               17
  SINCE MAR 1    484                             -147
  SINCE JUL 1   2483                             -441

 COOLING
  YESTERDAY        4                               -3
  MONTH TO DATE  112                              -16
  SINCE MAR 1    122                              -36
  SINCE JAN 1    122                              -36
...............................................................


WIND (MPH)
  HIGHEST WIND SPEED    23   HIGHEST WIND DIRECTION    SW (240)
  HIGHEST GUST SPEED    28   HIGHEST GUST DIRECTION     W (250)
  AVERAGE WIND SPEED     9.1




RELATIVE HUMIDITY (PERCENT)
 HIGHEST    77
 LOWEST     15
 AVERAGE    46

..........................................................


THE LANCASTER FOX FIELD CA CLIMATE NORMALS FOR TODAY
                         NORMAL    RECORD    YEAR
 MAXIMUM TEMPERATURE (F)   86       106      2003
 MINIMUM TEMPERATURE (F)   57        42      1953


SUNRISE AND SUNSET
MAY 28 2017...........SUNRISE   542 AM PDT   SUNSET   759 PM PDT
MAY 29 2017...........SUNRISE   542 AM PDT   SUNSET   759 PM PDT


-  INDICATES NEGATIVE NUMBERS.
R  INDICATES RECORD WAS SET OR TIED.
MM INDICATES DATA IS MISSING.
T  INDICATES TRACE AMOUNT.




$$
