000
CDUS46 KLOX 220911
CLIWJF


CLIMATE REPORT
NATIONAL WEATHER SERVICE LOS ANGELES/OXNARD CA
210 AM PDT FRI AUG 22 2014


...................................

...THE LANCASTER FOX FIELD CA CLIMATE SUMMARY FOR AUGUST 21 2014...

CLIMATE NORMAL PERIOD 1981 TO 2010
CLIMATE RECORD PERIOD 1948 TO 2014


WEATHER ITEM   OBSERVED TIME   RECORD YEAR NORMAL DEPARTURE
                VALUE   (LST)  VALUE       VALUE  FROM
                                                  NORMAL
...............................................................
TEMPERATURE (F)
 YESTERDAY
  MAXIMUM         92    248 PM 107    1950  97     -5
  MINIMUM         60    530 AM  44    1959  64     -4
  AVERAGE         76                        80     -4

PRECIPITATION (IN)
  YESTERDAY        0.00          T    1982   0.00   0.00
  MONTH TO DATE    0.03                      0.06  -0.03
  SINCE JUL 1      0.03                      0.15  -0.12
  SINCE JAN 1      2.35                      5.06  -2.71

SNOWFALL (IN)
  YESTERDAY        0.0           0.0    MM
  MONTH TO DATE    0.0
  SINCE JUN 1      0.0
  SINCE JUL 1      0.0
  SNOW DEPTH       0

DEGREE DAYS
 HEATING
  YESTERDAY        0                                0
  MONTH TO DATE    0                                0
  SINCE JUN 1      0                               -8
  SINCE JUL 1      0                                0

 COOLING
  YESTERDAY       11                               -4
  MONTH TO DATE  323                              -26
  SINCE JUN 1   1310                               84
  SINCE JAN 1   1510                               95
...............................................................


WIND (MPH)
  HIGHEST WIND SPEED    23   HIGHEST WIND DIRECTION    SW (230)
  HIGHEST GUST SPEED    29   HIGHEST GUST DIRECTION    SW (230)
  AVERAGE WIND SPEED     8.4




RELATIVE HUMIDITY (PERCENT)
 HIGHEST    60
 LOWEST     23
 AVERAGE    42

..........................................................


THE LANCASTER FOX FIELD CA CLIMATE NORMALS FOR TODAY
                         NORMAL    RECORD    YEAR
 MAXIMUM TEMPERATURE (F)   97       105      1961
 MINIMUM TEMPERATURE (F)   63        48      1959


SUNRISE AND SUNSET
AUGUST 22 2014........SUNRISE   619 AM PDT   SUNSET   732 PM PDT
AUGUST 23 2014........SUNRISE   619 AM PDT   SUNSET   731 PM PDT


-  INDICATES NEGATIVE NUMBERS.
R  INDICATES RECORD WAS SET OR TIED.
MM INDICATES DATA IS MISSING.
T  INDICATES TRACE AMOUNT.




$$
