000
CDUS46 KLOX 220113
CLIWJF


CLIMATE REPORT
NATIONAL WEATHER SERVICE LOS ANGELES/OXNARD CA
613 PM PDT TUE OCT 21 2014


...................................

...THE LANCASTER CLIMATE SUMMARY FOR OCTOBER 21 2014...
VALID TODAY AS OF 0600 PM LOCAL TIME.

CLIMATE NORMAL PERIOD 1981 TO 2010
CLIMATE RECORD PERIOD 1948 TO 2014


WEATHER ITEM   OBSERVED TIME   RECORD YEAR NORMAL DEPARTURE LAST
                VALUE   (LST)  VALUE       VALUE  FROM      YEAR
                                                  NORMAL
..................................................................
TEMPERATURE (F)
 TODAY
  MAXIMUM         76    249 PM  93    2003  78     -2       83
  MINIMUM         53    625 AM  24    1949  44      9       36
  AVERAGE         65                        61      4       60

PRECIPITATION (IN)
  TODAY            0.00          0.22 1957   0.02  -0.02     0.00
  MONTH TO DATE    0.00                      0.25  -0.25     0.02
  SINCE JUL 1      0.03                      0.59  -0.56     0.04
  SINCE JAN 1      2.35                      5.50  -3.15     1.14

SNOWFALL (IN)
  TODAY            0.0           0.0    MM   0.0             0.0
  MONTH TO DATE    0.0                       0.0             0.0
  SINCE SEP 1      0.0                       0.0             0.0
  SINCE JUL 1      0.0                       0.0             0.0
  SNOW DEPTH       0

DEGREE DAYS
 HEATING
  TODAY            0                         5     -5        5
  MONTH TO DATE    9                        60    -51      145
  SINCE SEP 1     11                        72    -61      166
  SINCE JUL 1     11                        72    -61      166

 COOLING
  TODAY            0                         1     -1        0
  MONTH TO DATE   71                        47     24       16
  SINCE SEP 1    401                       318     83      333
  SINCE JAN 1   2052                      1877    175     2204
..................................................................


WIND (MPH)
  HIGHEST WIND SPEED    30   HIGHEST WIND DIRECTION     W (290)
  HIGHEST GUST SPEED    37   HIGHEST GUST DIRECTION     W (270)
  AVERAGE WIND SPEED    22.5


SKY COVER
  POSSIBLE SUNSHINE  MM
  AVERAGE SKY COVER 0.0


WEATHER CONDITIONS
 THE FOLLOWING WEATHER WAS RECORDED TODAY.
  HAZE


RELATIVE HUMIDITY (PERCENT)
 HIGHEST    77           100 AM
 LOWEST     21           200 PM
 AVERAGE    49

..........................................................


THE LANCASTER CLIMATE NORMALS FOR TOMORROW
                         NORMAL    RECORD    YEAR
 MAXIMUM TEMPERATURE (F)   77        95      2003
 MINIMUM TEMPERATURE (F)   44        25      1996


SUNRISE AND SUNSET
OCTOBER 21 2014.......SUNRISE   704 AM PDT   SUNSET   611 PM PDT
OCTOBER 22 2014.......SUNRISE   705 AM PDT   SUNSET   610 PM PDT


-  INDICATES NEGATIVE NUMBERS.
R  INDICATES RECORD WAS SET OR TIED.
MM INDICATES DATA IS MISSING.
T  INDICATES TRACE AMOUNT.




$$
