000
CDUS46 KLOX 240902
CLIWJF


CLIMATE REPORT
NATIONAL WEATHER SERVICE LOS ANGELES/OXNARD CA
202 AM PDT SUN SEP 24 2017


...................................

...THE LANCASTER FOX FIELD CA CLIMATE SUMMARY FOR SEPTEMBER 23 2017...

CLIMATE NORMAL PERIOD 1981 TO 2010
CLIMATE RECORD PERIOD 1948 TO 2017


WEATHER ITEM   OBSERVED TIME   RECORD YEAR NORMAL DEPARTURE
                VALUE   (LST)  VALUE       VALUE  FROM
                                                  NORMAL
...............................................................
TEMPERATURE (F)
 YESTERDAY
  MAXIMUM         74    349 PM 106    1949  88    -14
  MINIMUM         48    551 AM  40    2006  54     -6
                                      1968
  AVERAGE         61                        71    -10

PRECIPITATION (IN)
  YESTERDAY        0.00          0.14 1987   0.00   0.00
  MONTH TO DATE    0.07                      0.10  -0.03
  SINCE OCT 1      6.61                      7.33  -0.72
  SINCE JAN 1      4.62                      5.20  -0.58

SNOWFALL (IN)
  YESTERDAY        0.0           0.0    MM
  MONTH TO DATE    0.0
  SINCE SEP 1      0.0
  SINCE JUL 1      0.0
  SNOW DEPTH       0

DEGREE DAYS
 HEATING
  YESTERDAY        4                                3
  MONTH TO DATE    9                                7
  SINCE SEP 1      9                                7
  SINCE JUL 1      9                                7

 COOLING
  YESTERDAY        0                               -7
  MONTH TO DATE  248                               16
  SINCE SEP 1    248                               16
  SINCE JAN 1   2152                              361
...............................................................


WIND (MPH)
  HIGHEST WIND SPEED    18   HIGHEST WIND DIRECTION     W (260)
  HIGHEST GUST SPEED    22   HIGHEST GUST DIRECTION     W (260)
  AVERAGE WIND SPEED     7.0




RELATIVE HUMIDITY (PERCENT)
 HIGHEST    61
 LOWEST     17
 AVERAGE    39

..........................................................


THE LANCASTER FOX FIELD CA CLIMATE NORMALS FOR TODAY
                         NORMAL    RECORD    YEAR
 MAXIMUM TEMPERATURE (F)   88       100      2002
 MINIMUM TEMPERATURE (F)   54        39      1993


SUNRISE AND SUNSET
SEPTEMBER 24 2017.....SUNRISE   643 AM PDT   SUNSET   646 PM PDT
SEPTEMBER 25 2017.....SUNRISE   643 AM PDT   SUNSET   645 PM PDT


-  INDICATES NEGATIVE NUMBERS.
R  INDICATES RECORD WAS SET OR TIED.
MM INDICATES DATA IS MISSING.
T  INDICATES TRACE AMOUNT.




$$
