000
CDUS46 KLOX 310129
CLIWJF


CLIMATE REPORT
NATIONAL WEATHER SERVICE LOS ANGELES/OXNARD CA
629 PM PDT MON MAY 30 2016


...................................

...THE LANCASTER CLIMATE SUMMARY FOR MAY 30 2016...
VALID TODAY AS OF 0600 PM LOCAL TIME.

CLIMATE NORMAL PERIOD 1981 TO 2010
CLIMATE RECORD PERIOD 1948 TO 2016


WEATHER ITEM   OBSERVED TIME   RECORD YEAR NORMAL DEPARTURE LAST
                VALUE   (LST)  VALUE       VALUE  FROM      YEAR
                                                  NORMAL
..................................................................
TEMPERATURE (F)
 TODAY
  MAXIMUM         96    222 PM 102    2001  86     10       96
  MINIMUM         69    526 AM  41    1966  57     12       52
  AVERAGE         83                        72     11       74

PRECIPITATION (IN)
  TODAY            0.00          T    2009   0.00   0.00     0.00
  MONTH TO DATE    0.00                      0.09  -0.09     0.28
  SINCE OCT 1      3.82                      6.99  -3.17     4.61
  SINCE JAN 1      2.53                      4.86  -2.33     1.69

SNOWFALL (IN)
  TODAY            0.0           0.0    MM   0.0             0.0
  MONTH TO DATE    0.0                       0.0             0.0
  SINCE MAR 1      0.0                       0.0             0.0
  SINCE JUL 1      0.0                       2.3             0.0
  SNOW DEPTH       0

DEGREE DAYS
 HEATING
  TODAY            0                         1     -1        0
  MONTH TO DATE   51                        59     -8      105
  SINCE MAR 1    421                       634   -213      507
  SINCE JUL 1   2672                      2927   -255     2376

 COOLING
  TODAY           18                         8     10        9
  MONTH TO DATE  123                       151    -28       60
  SINCE MAR 1    144                       181    -37       88
  SINCE JAN 1    147                       181    -34       88
..................................................................


WIND (MPH)
  HIGHEST WIND SPEED    31   HIGHEST WIND DIRECTION     W (270)
  HIGHEST GUST SPEED    38   HIGHEST GUST DIRECTION     W (270)
  AVERAGE WIND SPEED    13.4


SKY COVER
  POSSIBLE SUNSHINE  MM
  AVERAGE SKY COVER 0.0


WEATHER CONDITIONS
 THE FOLLOWING WEATHER WAS RECORDED TODAY.
  NO SIGNIFICANT WEATHER WAS OBSERVED.


RELATIVE HUMIDITY (PERCENT)
 HIGHEST    37           300 AM
 LOWEST     10           100 PM
 AVERAGE    24

..........................................................


THE LANCASTER CLIMATE NORMALS FOR TOMORROW
                         NORMAL    RECORD    YEAR
 MAXIMUM TEMPERATURE (F)   87       104      2001
 MINIMUM TEMPERATURE (F)   58        41      1971


SUNRISE AND SUNSET
MAY 30 2016...........SUNRISE   541 AM PDT   SUNSET   800 PM PDT
MAY 31 2016...........SUNRISE   541 AM PDT   SUNSET   801 PM PDT


-  INDICATES NEGATIVE NUMBERS.
R  INDICATES RECORD WAS SET OR TIED.
MM INDICATES DATA IS MISSING.
T  INDICATES TRACE AMOUNT.




$$
