569
CDUS45 KLKN 280933
CLIWMC


CLIMATE REPORT
NATIONAL WEATHER SERVICE ELKO NV
230 AM PDT TUE MAR 28 2017


...................................

...THE WINNEMUCCA AIRPORT NV CLIMATE SUMMARY FOR MARCH 27 2017...

CLIMATE NORMAL PERIOD 1981 TO 2010
CLIMATE RECORD PERIOD 1877 TO 2017


WEATHER ITEM   OBSERVED TIME   RECORD YEAR NORMAL DEPARTURE LAST
                VALUE   (LST)  VALUE       VALUE  FROM      YEAR
                                                  NORMAL
..................................................................
TEMPERATURE (F)
 YESTERDAY
  MAXIMUM         51    232 PM  78    2015  58     -7       60
  MINIMUM         28   1159 PM   9    1972  28      0       28
  AVERAGE         40                        43     -3       44

PRECIPITATION (IN)
  YESTERDAY        0.12          0.50 1883   0.03   0.09     0.00
  MONTH TO DATE    0.55                      0.72  -0.17     0.46
  SINCE OCT 1      7.68                      4.73   2.95     6.85
  SINCE JAN 1      3.14                      2.25   0.89     2.57

SNOWFALL (IN)
  YESTERDAY        0.0           3.7  1945   0.0    0.0      0.0
  MONTH TO DATE    1.4                       2.8   -1.4       T
  SINCE MAR 1      1.4                       2.8   -1.4       T
  SINCE JUL 1     17.5                      18.8   -1.3     19.4
  SNOW DEPTH       0

DEGREE DAYS
 HEATING
  YESTERDAY       25                        22      3       21
  MONTH TO DATE  535                       652   -117      556
  SINCE MAR 1    535                       652   -117      556
  SINCE JUL 1   4974                      5241   -267     4733

 COOLING
  YESTERDAY        0                         0      0        0
  MONTH TO DATE    0                         0      0        0
  SINCE MAR 1      0                         0      0        0
  SINCE JAN 1      0                         0      0        0
..................................................................


WIND (MPH)
  HIGHEST WIND SPEED    26   HIGHEST WIND DIRECTION     N (350)
  HIGHEST GUST SPEED    32   HIGHEST GUST DIRECTION     N (340)
  AVERAGE WIND SPEED     8.7



WEATHER CONDITIONS
 THE FOLLOWING WEATHER WAS RECORDED YESTERDAY.
  LIGHT RAIN
  FOG


RELATIVE HUMIDITY (PERCENT)
 HIGHEST   100           200 AM
 LOWEST     39           100 PM
 AVERAGE    70

..........................................................


THE WINNEMUCCA AIRPORT NV CLIMATE NORMALS FOR TODAY
                         NORMAL    RECORD    YEAR
 MAXIMUM TEMPERATURE (F)   58        76      1986
                                             1978
 MINIMUM TEMPERATURE (F)   28         8      1999


SUNRISE AND SUNSET
MARCH 28 2017.........SUNRISE   641 AM PDT   SUNSET   712 PM PDT
MARCH 29 2017.........SUNRISE   639 AM PDT   SUNSET   713 PM PDT


-  INDICATES NEGATIVE NUMBERS.
R  INDICATES RECORD WAS SET OR TIED.
MM INDICATES DATA IS MISSING.
T  INDICATES TRACE AMOUNT.




$$
