000
CDUS45 KLKN 200933
CLIWMC


CLIMATE REPORT
NATIONAL WEATHER SERVICE ELKO NV
229 AM PDT SUN AUG 20 2017


...................................

...THE WINNEMUCCA AIRPORT NV CLIMATE SUMMARY FOR AUGUST 19 2017...

CLIMATE NORMAL PERIOD 1981 TO 2010
CLIMATE RECORD PERIOD 1877 TO 2017


WEATHER ITEM   OBSERVED TIME   RECORD YEAR NORMAL DEPARTURE LAST
                VALUE   (LST)  VALUE       VALUE  FROM      YEAR
                                                  NORMAL
..................................................................
TEMPERATURE (F)
 YESTERDAY
  MAXIMUM         97    248 PM 102    2003  91      6       96
  MINIMUM         44    519 AM  33    1978  48     -4       54
  AVERAGE         71                        70      1       75

PRECIPITATION (IN)
  YESTERDAY        0.00          0.70 1975   0.01  -0.01     0.00
  MONTH TO DATE    0.31                      0.11   0.20      T
  SINCE OCT 1     11.37                      7.77   3.60     8.86
  SINCE JAN 1      6.83                      5.29   1.54     4.58

SNOWFALL (IN)
  YESTERDAY        0.0           T    1990   0.0    0.0      0.0
  MONTH TO DATE    0.0                       0.0    0.0      0.0
  SINCE JUN 1      0.0                       T      0.0      0.0
  SINCE JUL 1      0.0                       0.0    0.0      0.0
  SNOW DEPTH       0

DEGREE DAYS
 HEATING
  YESTERDAY        0                         1     -1        0
  MONTH TO DATE    0                         3     -3        0
  SINCE JUN 1     73                       118    -45       71
  SINCE JUL 1      0                        13    -13       17

 COOLING
  YESTERDAY        6                         5      1       10
  MONTH TO DATE  182                       131     51      150
  SINCE JUN 1    684                       453    231      514
  SINCE JAN 1    691                       464    227      514
..................................................................


WIND (MPH)
  HIGHEST WIND SPEED    21   HIGHEST WIND DIRECTION    NW (300)
  HIGHEST GUST SPEED    31   HIGHEST GUST DIRECTION    NW (300)
  AVERAGE WIND SPEED     5.6



WEATHER CONDITIONS
 THE FOLLOWING WEATHER WAS RECORDED YESTERDAY.
  NO SIGNIFICANT WEATHER WAS OBSERVED.


RELATIVE HUMIDITY (PERCENT)
 HIGHEST    50           500 AM
 LOWEST      9          1200 PM
 AVERAGE    30

..........................................................


THE WINNEMUCCA AIRPORT NV CLIMATE NORMALS FOR TODAY
                         NORMAL    RECORD    YEAR
 MAXIMUM TEMPERATURE (F)   91       101      2009
 MINIMUM TEMPERATURE (F)   48        30      1974


SUNRISE AND SUNSET
AUGUST 20 2017........SUNRISE   606 AM PDT   SUNSET   742 PM PDT
AUGUST 21 2017........SUNRISE   607 AM PDT   SUNSET   740 PM PDT


-  INDICATES NEGATIVE NUMBERS.
R  INDICATES RECORD WAS SET OR TIED.
MM INDICATES DATA IS MISSING.
T  INDICATES TRACE AMOUNT.




$$
