000
CDUS45 KLKN 160938
CLIWMC


CLIMATE REPORT
NATIONAL WEATHER SERVICE ELKO NV
137 AM PST MON JAN 16 2017


...................................

...THE WINNEMUCCA AIRPORT NV CLIMATE SUMMARY FOR JANUARY 15 2017...

CLIMATE NORMAL PERIOD 1981 TO 2010
CLIMATE RECORD PERIOD 1877 TO 2017


WEATHER ITEM   OBSERVED TIME   RECORD YEAR NORMAL DEPARTURE LAST
                VALUE   (LST)  VALUE       VALUE  FROM      YEAR
                                                  NORMAL
..................................................................
TEMPERATURE (F)
 YESTERDAY
  MAXIMUM         29    503 PM  65    1974  41    -12       38
  MINIMUM         23   1218 AM -28    1888  19      4       28
  AVERAGE         26                        30     -4       33

PRECIPITATION (IN)
  YESTERDAY        0.00          0.60 1906   0.03  -0.03     0.06
  MONTH TO DATE    1.19                      0.46   0.73     0.93
  SINCE OCT 1      5.73                      2.94   2.79     5.21
  SINCE JAN 1      1.19                      0.46   0.73     0.93

SNOWFALL (IN)
  YESTERDAY        0.0           8.2  1906   0.1   -0.1      0.7
  MONTH TO DATE    4.2                       1.9    2.3      4.7
  SINCE DEC 1     10.4                       7.2    3.2     13.7
  SINCE JUL 1     11.0                      10.7    0.3     14.0
  SNOW DEPTH       0

DEGREE DAYS
 HEATING
  YESTERDAY       39                        35      4       32
  MONTH TO DATE  573                       536     37      581
  SINCE DEC 1   1773                      1641    132     1637
  SINCE JUL 1   3108                      3209   -101     2986

 COOLING
  YESTERDAY        0                         0      0        0
  MONTH TO DATE    0                         0      0        0
  SINCE DEC 1      0                         0      0        0
  SINCE JAN 1      0                         0      0        0
..................................................................


WIND (MPH)
  HIGHEST WIND SPEED    10   HIGHEST WIND DIRECTION    NE (60)
  HIGHEST GUST SPEED    13   HIGHEST GUST DIRECTION    NE (30)
  AVERAGE WIND SPEED     4.4



WEATHER CONDITIONS
 THE FOLLOWING WEATHER WAS RECORDED YESTERDAY.
  NO SIGNIFICANT WEATHER WAS OBSERVED.


RELATIVE HUMIDITY (PERCENT)
 HIGHEST    92          1200 AM
 LOWEST     75           800 PM
 AVERAGE    84

..........................................................


THE WINNEMUCCA AIRPORT NV CLIMATE NORMALS FOR TODAY
                         NORMAL    RECORD    YEAR
 MAXIMUM TEMPERATURE (F)   41        64      1974
 MINIMUM TEMPERATURE (F)   19       -27      1888


SUNRISE AND SUNSET
JANUARY 16 2017.......SUNRISE   713 AM PST   SUNSET   450 PM PST
JANUARY 17 2017.......SUNRISE   712 AM PST   SUNSET   451 PM PST


-  INDICATES NEGATIVE NUMBERS.
R  INDICATES RECORD WAS SET OR TIED.
MM INDICATES DATA IS MISSING.
T  INDICATES TRACE AMOUNT.




$$
