000
CDUS45 KLKN 290027
CLIWMC


CLIMATE REPORT
NATIONAL WEATHER SERVICE ELKO NV
527 PM PDT THU MAY 28 2015


...................................

...THE WINNEMUCCA AIRPORT NV CLIMATE SUMMARY FOR MAY 28 2015...
VALID TODAY AS OF 0500 PM LOCAL TIME.

CLIMATE NORMAL PERIOD 1981 TO 2010
CLIMATE RECORD PERIOD 1877 TO 2015


WEATHER ITEM   OBSERVED TIME   RECORD YEAR NORMAL DEPARTURE LAST
                VALUE   (LST)  VALUE       VALUE  FROM      YEAR
                                                  NORMAL
..................................................................
TEMPERATURE (F)
 TODAY
  MAXIMUM         79    103 PM  98    2003  76      3       74
  MINIMUM         44    429 AM  24    1954  41      3       41
  AVERAGE         62                        58      4       58

PRECIPITATION (IN)
  TODAY            0.00          0.66 1919   0.04  -0.04     0.00
  MONTH TO DATE    2.17                      1.03   1.14     0.74
  SINCE OCT 1      7.91                      6.76   1.15     6.58
  SINCE JAN 1      5.34                      4.28   1.06     3.92

SNOWFALL (IN)
  TODAY            0.0           0.4  1895   0.0    0.0      0.0
  MONTH TO DATE    0.0                       0.1   -0.1      0.0
  SINCE MAR 1      2.4                       4.9   -2.5      1.9
  SINCE JUL 1      5.3                      20.9  -15.6     23.4
  SNOW DEPTH       0

DEGREE DAYS
 HEATING
  TODAY            3                         7     -4        7
  MONTH TO DATE  298                       299     -1      259
  SINCE MAR 1   1473                      1590   -117     1487
  SINCE JUL 1   5255                      6179   -924     6146

 COOLING
  TODAY            0                         1     -1        0
  MONTH TO DATE    0                         6     -6        9
  SINCE MAR 1      0                         6     -6        9
  SINCE JAN 1      0                         6     -6        9
..................................................................


WIND (MPH)
  HIGHEST WIND SPEED    15   HIGHEST WIND DIRECTION     E (100)
  HIGHEST GUST SPEED    24   HIGHEST GUST DIRECTION     N (20)



WEATHER CONDITIONS
 THE FOLLOWING WEATHER WAS RECORDED TODAY.
  NO SIGNIFICANT WEATHER WAS OBSERVED.


RELATIVE HUMIDITY (PERCENT)
 HIGHEST    92           400 AM
 LOWEST     20           400 PM
 AVERAGE    56

..........................................................


THE WINNEMUCCA AIRPORT NV CLIMATE NORMALS FOR TOMORROW
                         NORMAL    RECORD    YEAR
 MAXIMUM TEMPERATURE (F)   76        98      2003
 MINIMUM TEMPERATURE (F)   41        26      2006
                                             1989
                                             1927


SUNRISE AND SUNSET
MAY 28 2015...........SUNRISE   524 AM PDT   SUNSET   814 PM PDT
MAY 29 2015...........SUNRISE   523 AM PDT   SUNSET   814 PM PDT


-  INDICATES NEGATIVE NUMBERS.
R  INDICATES RECORD WAS SET OR TIED.
MM INDICATES DATA IS MISSING.
T  INDICATES TRACE AMOUNT.




$$
