000
CDUS45 KLKN 280940
CLIWMC


CLIMATE REPORT
NATIONAL WEATHER SERVICE ELKO NV
240 AM PDT TUE JUL 28 2015


...................................

...THE WINNEMUCCA AIRPORT NV CLIMATE SUMMARY FOR JULY 27 2015...

CLIMATE NORMAL PERIOD 1981 TO 2010
CLIMATE RECORD PERIOD 1877 TO 2015


WEATHER ITEM   OBSERVED TIME   RECORD YEAR NORMAL DEPARTURE LAST
                VALUE   (LST)  VALUE       VALUE  FROM      YEAR
                                                  NORMAL
..................................................................
TEMPERATURE (F)
 YESTERDAY
  MAXIMUM         78    403 PM 106    1975  95    -17      101
  MINIMUM         46    406 AM  38    1909  52     -6       51
  AVERAGE         62                        74    -12       76

PRECIPITATION (IN)
  YESTERDAY        0.00          0.16 1941   0.01  -0.01     0.00
  MONTH TO DATE    0.66                      0.21   0.45     0.10
  SINCE OCT 1      8.90                      7.62   1.28     6.75
  SINCE JAN 1      6.33                      5.14   1.19     4.09

SNOWFALL (IN)
  YESTERDAY        0.0           0.0  1877   0.0    0.0      0.0
  MONTH TO DATE    0.0                       0.0    0.0      0.0
  SINCE JUN 1      0.0                       T      0.0      0.0
  SINCE JUL 1      0.0                       0.0    0.0      0.0
  SNOW DEPTH       0

DEGREE DAYS
 HEATING
  YESTERDAY        3                         0      3        0
  MONTH TO DATE    5                         6     -1        0
  SINCE JUN 1     27                       111    -84       74
  SINCE JUL 1      5                         6     -1        0

 COOLING
  YESTERDAY        0                         9     -9       11
  MONTH TO DATE  178                       211    -33      341
  SINCE JUN 1    383                       290     93      415
  SINCE JAN 1    387                       301     86      424
..................................................................


WIND (MPH)
  HIGHEST WIND SPEED    24   HIGHEST WIND DIRECTION    NW (320)
  HIGHEST GUST SPEED    31   HIGHEST GUST DIRECTION    NW (320)
  AVERAGE WIND SPEED     7.4



WEATHER CONDITIONS
 THE FOLLOWING WEATHER WAS RECORDED YESTERDAY.
  NO SIGNIFICANT WEATHER WAS OBSERVED.


RELATIVE HUMIDITY (PERCENT)
 HIGHEST    71           500 AM
 LOWEST     16           600 PM
 AVERAGE    44

..........................................................


THE WINNEMUCCA AIRPORT NV CLIMATE NORMALS FOR TODAY
                         NORMAL    RECORD    YEAR
 MAXIMUM TEMPERATURE (F)   95       106      1971
                                             1934
 MINIMUM TEMPERATURE (F)   52        37      1916
                                             1909


SUNRISE AND SUNSET
JULY 28 2015..........SUNRISE   543 AM PDT   SUNSET   811 PM PDT
JULY 29 2015..........SUNRISE   544 AM PDT   SUNSET   810 PM PDT


-  INDICATES NEGATIVE NUMBERS.
R  INDICATES RECORD WAS SET OR TIED.
MM INDICATES DATA IS MISSING.
T  INDICATES TRACE AMOUNT.




$$
