000
CDUS45 KLKN 120930
CLIWMC


CLIMATE REPORT
NATIONAL WEATHER SERVICE ELKO NV
226 AM PDT SAT JUL 12 2014


...................................

...THE WINNEMUCCA AIRPORT NV CLIMATE SUMMARY FOR JULY 11 2014...

CLIMATE NORMAL PERIOD 1981 TO 2010
CLIMATE RECORD PERIOD 1877 TO 2014


WEATHER ITEM   OBSERVED TIME   RECORD YEAR NORMAL DEPARTURE LAST
                VALUE   (LST)  VALUE       VALUE  FROM      YEAR
                                                  NORMAL
..................................................................
TEMPERATURE (F)
 YESTERDAY
  MAXIMUM         94    308 PM 109    2002  93      1       87
  MINIMUM         66    504 AM  32    1974  52     14       64
  AVERAGE         80                        72      8       76

PRECIPITATION (IN)
  YESTERDAY        0.00          0.15 1891   0.01  -0.01     0.01
  MONTH TO DATE    T                         0.09  -0.09     0.27
  SINCE OCT 1      6.65                      7.50  -0.85     4.64
  SINCE JAN 1      3.99                      5.02  -1.03     2.23

SNOWFALL (IN)
  YESTERDAY        0.0           0.0  1877   0.0    0.0      0.0
  MONTH TO DATE    0.0                       0.0    0.0       T
  SINCE JUN 1      0.0                       T      0.0       T
  SINCE JUL 1      0.0                       0.0    0.0       T
  SNOW DEPTH       0

DEGREE DAYS
 HEATING
  YESTERDAY        0                         0      0        0
  MONTH TO DATE    0                         6     -6        0
  SINCE JUN 1     74                       111    -37       70
  SINCE JUL 1      0                         6     -6        0

 COOLING
  YESTERDAY       15                         8      7       11
  MONTH TO DATE  149                        72     77      151
  SINCE JUN 1    223                       151     72      279
  SINCE JAN 1    232                       162     70      280
..................................................................


WIND (MPH)
  HIGHEST WIND SPEED    21   HIGHEST WIND DIRECTION     N (10)
  HIGHEST GUST SPEED    28   HIGHEST GUST DIRECTION     N (10)
  AVERAGE WIND SPEED     7.5



WEATHER CONDITIONS
 THE FOLLOWING WEATHER WAS RECORDED YESTERDAY.
  NO SIGNIFICANT WEATHER WAS OBSERVED.


RELATIVE HUMIDITY (PERCENT)
 HIGHEST    57          1000 PM
 LOWEST     17           100 PM
 AVERAGE    37

..........................................................


THE WINNEMUCCA AIRPORT NV CLIMATE NORMALS FOR TODAY
                         NORMAL    RECORD    YEAR
 MAXIMUM TEMPERATURE (F)   93       108      2002
 MINIMUM TEMPERATURE (F)   52        35      1974


SUNRISE AND SUNSET
JULY 12 2014..........SUNRISE   530 AM PDT   SUNSET   823 PM PDT
JULY 13 2014..........SUNRISE   531 AM PDT   SUNSET   823 PM PDT


-  INDICATES NEGATIVE NUMBERS.
R  INDICATES RECORD WAS SET OR TIED.
MM INDICATES DATA IS MISSING.
T  INDICATES TRACE AMOUNT.




$$
