000
CDUS45 KLKN 170926
CLIWMC


CLIMATE REPORT
NATIONAL WEATHER SERVICE ELKO NV
226 AM PDT WED SEP 17 2014


...................................

...THE WINNEMUCCA AIRPORT NV CLIMATE SUMMARY FOR SEPTEMBER 16 2014...

CLIMATE NORMAL PERIOD 1981 TO 2010
CLIMATE RECORD PERIOD 1877 TO 2014


WEATHER ITEM   OBSERVED TIME   RECORD YEAR NORMAL DEPARTURE LAST
                VALUE   (LST)  VALUE       VALUE  FROM      YEAR
                                                  NORMAL
..................................................................
TEMPERATURE (F)
 YESTERDAY
  MAXIMUM         94    148 PM  95    1937  81     13       89
  MINIMUM         51    512 AM  22    1970  40     11       46
  AVERAGE         73                        60     13       68

PRECIPITATION (IN)
  YESTERDAY        0.00          0.80 1882   0.02  -0.02     0.00
  MONTH TO DATE    T                         0.19  -0.19     0.39
  SINCE OCT 1      7.24                      8.03  -0.79     5.21
  SINCE JAN 1      4.58                      5.55  -0.97     2.80

SNOWFALL (IN)
  YESTERDAY        0.0           0.0  1877   0.0    0.0      0.0
  MONTH TO DATE    0.0                       0.0    0.0      0.0
  SINCE SEP 1      0.0                       0.0    0.0      0.0
  SINCE JUL 1      0.0                       0.0    0.0       T
  SNOW DEPTH       0

DEGREE DAYS
 HEATING
  YESTERDAY        0                         6     -6        0
  MONTH TO DATE   15                        59    -44        2
  SINCE SEP 1     15                        59    -44        2
  SINCE JUL 1     34                        89    -55        2

 COOLING
  YESTERDAY        8                         1      7        3
  MONTH TO DATE   22                        26     -4       79
  SINCE SEP 1     22                        26     -4       79
  SINCE JAN 1    647                       536    111      760
..................................................................


WIND (MPH)
  HIGHEST WIND SPEED    26   HIGHEST WIND DIRECTION    SW (230)
  HIGHEST GUST SPEED    36   HIGHEST GUST DIRECTION    SW (230)
  AVERAGE WIND SPEED     6.6



WEATHER CONDITIONS
 THE FOLLOWING WEATHER WAS RECORDED YESTERDAY.
  NO SIGNIFICANT WEATHER WAS OBSERVED.


RELATIVE HUMIDITY (PERCENT)
 HIGHEST    59           400 AM
 LOWEST     11           200 PM
 AVERAGE    35

..........................................................


THE WINNEMUCCA AIRPORT NV CLIMATE NORMALS FOR TODAY
                         NORMAL    RECORD    YEAR
 MAXIMUM TEMPERATURE (F)   80        97      1929
 MINIMUM TEMPERATURE (F)   39        21      1965


SUNRISE AND SUNSET
SEPTEMBER 17 2014.....SUNRISE   634 AM PDT   SUNSET   657 PM PDT
SEPTEMBER 18 2014.....SUNRISE   635 AM PDT   SUNSET   655 PM PDT


-  INDICATES NEGATIVE NUMBERS.
R  INDICATES RECORD WAS SET OR TIED.
MM INDICATES DATA IS MISSING.
T  INDICATES TRACE AMOUNT.




$$
