000
CDUS45 KLKN 310035
CLIWMC


CLIMATE REPORT
NATIONAL WEATHER SERVICE ELKO NV
534 PM PDT TUE AUG 30 2016


...................................

...THE WINNEMUCCA AIRPORT NV CLIMATE SUMMARY FOR AUGUST 30 2016...
VALID TODAY AS OF 0500 PM LOCAL TIME.

CLIMATE NORMAL PERIOD 1981 TO 2010
CLIMATE RECORD PERIOD 1877 TO 2016


WEATHER ITEM   OBSERVED TIME   RECORD YEAR NORMAL DEPARTURE LAST
                VALUE   (LST)  VALUE       VALUE  FROM      YEAR
                                                  NORMAL
..................................................................
TEMPERATURE (F)
 TODAY
  MAXIMUM         95    342 PM  99    1955  87      8       82
                                      1950
                                      1940
  MINIMUM         44    530 AM  29    1951  45     -1       43
  AVERAGE         70                        66      4       63

PRECIPITATION (IN)
  TODAY            0.00          0.13 1887   0.00   0.00     0.00
  MONTH TO DATE    T                         0.17  -0.17     0.23
  SINCE OCT 1      8.86                      7.83   1.03     9.13
  SINCE JAN 1      4.58                      5.35  -0.77     6.56

SNOWFALL (IN)
  TODAY            0.0           0.0  1877   0.0    0.0      0.0
  MONTH TO DATE    0.0                       0.0    0.0      0.0
  SINCE JUN 1      0.0                       T      0.0      0.0
  SINCE JUL 1      0.0                       0.0    0.0      0.0
  SNOW DEPTH       0

DEGREE DAYS
 HEATING
  TODAY            0                         2     -2        2
  MONTH TO DATE    3                        16    -13        3
  SINCE JUN 1     74                       131    -57       30
  SINCE JUL 1     20                        26     -6        8

 COOLING
  TODAY            5                         3      2        0
  MONTH TO DATE  191                       173     18      178
  SINCE JUN 1    555                       495     60      583
  SINCE JAN 1    555                       506     49      587
..................................................................


WIND (MPH)
  HIGHEST WIND SPEED    25   HIGHEST WIND DIRECTION    SW (240)
  HIGHEST GUST SPEED    33   HIGHEST GUST DIRECTION    SW (230)



WEATHER CONDITIONS
 THE FOLLOWING WEATHER WAS RECORDED TODAY.
  NO SIGNIFICANT WEATHER WAS OBSERVED.


RELATIVE HUMIDITY (PERCENT)
 HIGHEST    42           500 AM
 LOWEST      7           400 PM
 AVERAGE    25

..........................................................


THE WINNEMUCCA AIRPORT NV CLIMATE NORMALS FOR TOMORROW
                         NORMAL    RECORD    YEAR
 MAXIMUM TEMPERATURE (F)   87        98      1987
                                             1950
 MINIMUM TEMPERATURE (F)   45        26      1887


SUNRISE AND SUNSET
AUGUST 30 2016........SUNRISE   617 AM PDT   SUNSET   726 PM PDT
AUGUST 31 2016........SUNRISE   618 AM PDT   SUNSET   724 PM PDT


-  INDICATES NEGATIVE NUMBERS.
R  INDICATES RECORD WAS SET OR TIED.
MM INDICATES DATA IS MISSING.
T  INDICATES TRACE AMOUNT.




$$
