000
CDUS45 KLKN 230926
CLIWMC


CLIMATE REPORT
NATIONAL WEATHER SERVICE ELKO NV
226 AM PDT TUE MAY 23 2017


...................................

...THE WINNEMUCCA AIRPORT NV CLIMATE SUMMARY FOR MAY 22 2017...

CLIMATE NORMAL PERIOD 1981 TO 2010
CLIMATE RECORD PERIOD 1877 TO 2017


WEATHER ITEM   OBSERVED TIME   RECORD YEAR NORMAL DEPARTURE LAST
                VALUE   (LST)  VALUE       VALUE  FROM      YEAR
                                                  NORMAL
..................................................................
TEMPERATURE (F)
 YESTERDAY
  MAXIMUM         82    459 PM  95    1979  74      8       65
  MINIMUM         40    425 AM  20    1986  39      1       25
  AVERAGE         61                        57      4       45

PRECIPITATION (IN)
  YESTERDAY        0.00          0.47 1957   0.04  -0.04     0.00
                                      1917
  MONTH TO DATE    0.40                      0.82  -0.42     0.54
  SINCE OCT 1      9.74                      6.55   3.19     8.74
  SINCE JAN 1      5.20                      4.07   1.13     4.46

SNOWFALL (IN)
  YESTERDAY        0.0           0.0  1877   0.0    0.0      0.0
  MONTH TO DATE    0.2                       0.1    0.1      0.0
  SINCE MAR 1      2.4                       4.9   -2.5      1.7
  SINCE JUL 1     18.5                      20.9   -2.4     21.1
  SNOW DEPTH       0

DEGREE DAYS
 HEATING
  YESTERDAY        4                         9     -5       20
  MONTH TO DATE  266                       251     15      242
  SINCE MAR 1   1457                      1542    -85     1364
  SINCE JUL 1   5896                      6131   -235     5541

 COOLING
  YESTERDAY        0                         0      0        0
  MONTH TO DATE    0                         0      0        0
  SINCE MAR 1      0                         0      0        0
  SINCE JAN 1      0                         0      0        0
..................................................................


WIND (MPH)
  HIGHEST WIND SPEED    15   HIGHEST WIND DIRECTION    NE (50)
  HIGHEST GUST SPEED    20   HIGHEST GUST DIRECTION    NE (50)
  AVERAGE WIND SPEED     6.1



WEATHER CONDITIONS
 THE FOLLOWING WEATHER WAS RECORDED YESTERDAY.
  NO SIGNIFICANT WEATHER WAS OBSERVED.


RELATIVE HUMIDITY (PERCENT)
 HIGHEST    85           400 AM
 LOWEST     17           500 PM
 AVERAGE    51

..........................................................


THE WINNEMUCCA AIRPORT NV CLIMATE NORMALS FOR TODAY
                         NORMAL    RECORD    YEAR
 MAXIMUM TEMPERATURE (F)   74        95      2001
 MINIMUM TEMPERATURE (F)   40        23      2010


SUNRISE AND SUNSET
MAY 23 2017...........SUNRISE   527 AM PDT   SUNSET   810 PM PDT
MAY 24 2017...........SUNRISE   526 AM PDT   SUNSET   811 PM PDT


-  INDICATES NEGATIVE NUMBERS.
R  INDICATES RECORD WAS SET OR TIED.
MM INDICATES DATA IS MISSING.
T  INDICATES TRACE AMOUNT.




$$
