000
CDUS45 KLKN 210032
CLIWMC


CLIMATE REPORT
NATIONAL WEATHER SERVICE ELKO NV
531 PM PDT WED AUG 20 2014


...................................

...THE WINNEMUCCA AIRPORT NV CLIMATE SUMMARY FOR AUGUST 20 2014...
VALID TODAY AS OF 500 PM LOCAL TIME.

CLIMATE NORMAL PERIOD 1981 TO 2010
CLIMATE RECORD PERIOD 1877 TO 2014


WEATHER ITEM   OBSERVED TIME   RECORD YEAR NORMAL DEPARTURE LAST
                VALUE   (LST)  VALUE       VALUE  FROM      YEAR
                                                  NORMAL
..................................................................
TEMPERATURE (F)
 TODAY
  MAXIMUM         90    346 PM 101    2009  91     -1       96
  MINIMUM         49    503 AM  30    1974  48      1       60
  AVERAGE         70                        69      1       78

PRECIPITATION (IN)
  TODAY            0.00          0.58 1990   0.00   0.00     0.02
  MONTH TO DATE    0.49                      0.11   0.38     0.03
  SINCE OCT 1      7.24                      7.77  -0.53     4.70
  SINCE JAN 1      4.58                      5.29  -0.71     2.29

SNOWFALL (IN)
  TODAY            0.0           0.0  1877   0.0    0.0      0.0
  MONTH TO DATE    0.0                       0.0    0.0      0.0
  SINCE JUN 1      0.0                       T      0.0       T
  SINCE JUL 1      0.0                       0.0    0.0       T
  SNOW DEPTH       0

DEGREE DAYS
 HEATING
  TODAY            0                         1     -1        0
  MONTH TO DATE    4                         4      0        0
  SINCE JUN 1     78                       119    -41       70
  SINCE JUL 1      4                        14    -10        0

 COOLING
  TODAY            5                         5      0       13
  MONTH TO DATE  121                       136    -15      124
  SINCE JUN 1    589                       458    131      625
  SINCE JAN 1    598                       469    129      626
..................................................................


WIND (MPH)
  HIGHEST WIND SPEED    22   HIGHEST WIND DIRECTION     W (270)
  HIGHEST GUST SPEED    30   HIGHEST GUST DIRECTION     W (270)



WEATHER CONDITIONS
 THE FOLLOWING WEATHER WAS RECORDED TODAY.
  NO SIGNIFICANT WEATHER WAS OBSERVED.


RELATIVE HUMIDITY (PERCENT)
 HIGHEST    66           500 AM
 LOWEST     14           300 PM
 AVERAGE    40

..........................................................


THE WINNEMUCCA AIRPORT NV CLIMATE NORMALS FOR TOMORROW
                         NORMAL    RECORD    YEAR
 MAXIMUM TEMPERATURE (F)   90       101      2009
                                             1969
 MINIMUM TEMPERATURE (F)   48        33      1974
                                             1918


SUNRISE AND SUNSET
AUGUST 20 2014........SUNRISE   606 AM PDT   SUNSET   742 PM PDT
AUGUST 21 2014........SUNRISE   607 AM PDT   SUNSET   741 PM PDT


-  INDICATES NEGATIVE NUMBERS.
R  INDICATES RECORD WAS SET OR TIED.
MM INDICATES DATA IS MISSING.
T  INDICATES TRACE AMOUNT.




$$
