000
CDUS45 KRIW 280738
CLIWRL


CLIMATE REPORT
NATIONAL WEATHER SERVICE RIVERTON WY
129 AM MDT WED SEP 28 2016


...................................

...THE WORLAND WY CLIMATE SUMMARY FOR SEPTEMBER 27 2016...

CLIMATE NORMAL PERIOD 1981 TO 2010
CLIMATE RECORD PERIOD 1947 TO 2016


WEATHER ITEM   OBSERVED TIME   RECORD YEAR NORMAL DEPARTURE LAST
                VALUE   (LST)  VALUE       VALUE  FROM      YEAR
                                                  NORMAL
..................................................................
TEMPERATURE (F)
 YESTERDAY
  MAXIMUM         79    256 PM  90    2001  68     11       78
  MINIMUM         41    512 AM  26    1964  38      3       51
  AVERAGE         60                        53      7       65

PRECIPITATION (IN)
  YESTERDAY        0.00          0.41 1982   0.04  -0.04     0.02
  MONTH TO DATE    1.97                      0.76   1.21     0.13
  SINCE SEP 1      1.97                      0.76   1.21     0.13
  SINCE JAN 1      6.44                      6.21   0.23     6.25

DEGREE DAYS
 HEATING
  YESTERDAY        5                        12     -7        0
  MONTH TO DATE  178                       183     -5       69
  SINCE SEP 1    178                       183     -5       69
  SINCE JUL 1    209                       219    -10      106

 COOLING
  YESTERDAY        0                         0      0        0
  MONTH TO DATE   25                        28     -3       55
  SINCE SEP 1     25                        28     -3       55
  SINCE JAN 1    690                       534    156      631
..................................................................


WIND (MPH)
  HIGHEST WIND SPEED    12   HIGHEST WIND DIRECTION     S (180)
  HIGHEST GUST SPEED    12   HIGHEST GUST DIRECTION     S (170)
  AVERAGE WIND SPEED     3.0


SKY COVER
  POSSIBLE SUNSHINE  MM
  AVERAGE SKY COVER 0.0


WEATHER CONDITIONS
 THE FOLLOWING WEATHER WAS RECORDED YESTERDAY.
  NO SIGNIFICANT WEATHER WAS OBSERVED.


RELATIVE HUMIDITY (PERCENT)
 HIGHEST   100           600 AM
 LOWEST     28           300 PM
 AVERAGE    64

..........................................................


THE WORLAND WY CLIMATE NORMALS FOR TODAY
                         NORMAL    RECORD    YEAR
 MAXIMUM TEMPERATURE (F)   68        91      2010
 MINIMUM TEMPERATURE (F)   38        27      1985


SUNRISE AND SUNSET
SEPTEMBER 28 2016.....SUNRISE   707 AM MDT   SUNSET   657 PM MDT
SEPTEMBER 29 2016.....SUNRISE   708 AM MDT   SUNSET   655 PM MDT


-  INDICATES NEGATIVE NUMBERS.
R  INDICATES RECORD WAS SET OR TIED.
MM INDICATES DATA IS MISSING.
T  INDICATES TRACE AMOUNT.




$$
