000
CDUS45 KRIW 240728
CLIWRL


CLIMATE REPORT
NATIONAL WEATHER SERVICE RIVERTON WY
127 AM MDT MON APR 24 2017


...................................

...THE WORLAND WY CLIMATE SUMMARY FOR APRIL 23 2017...

CLIMATE NORMAL PERIOD 1981 TO 2010
CLIMATE RECORD PERIOD 1947 TO 2017


WEATHER ITEM   OBSERVED TIME   RECORD YEAR NORMAL DEPARTURE LAST
                VALUE   (LST)  VALUE       VALUE  FROM      YEAR
                                                  NORMAL
..................................................................
TEMPERATURE (F)
 YESTERDAY
  MAXIMUM         69    311 PM  88    2012  62      7       79
  MINIMUM         39    422 AM   4    2013  33      6       41
  AVERAGE         54                        48      6       60

PRECIPITATION (IN)
  YESTERDAY        0.00          0.58 2016   0.04  -0.04     0.58
  MONTH TO DATE    2.03                      0.57   1.46     0.96
  SINCE MAR 1      3.01                      1.03   1.98     1.93
  SINCE JAN 1      3.41                      1.45   1.96     1.96

DEGREE DAYS
 HEATING
  YESTERDAY       11                        17     -6        5
  MONTH TO DATE  418                       469    -51      349
  SINCE MAR 1   1088                      1354   -266     1142
  SINCE JUL 1   6963                      7355   -392     6527

 COOLING
  YESTERDAY        0                         0      0        0
  MONTH TO DATE    0                         0      0        0
  SINCE MAR 1      0                         0      0        0
  SINCE JAN 1      0                         0      0        0
..................................................................


WIND (MPH)
  HIGHEST WIND SPEED    17   HIGHEST WIND DIRECTION     N (340)
  HIGHEST GUST SPEED    23   HIGHEST GUST DIRECTION     N (360)
  AVERAGE WIND SPEED     6.9


SKY COVER
  POSSIBLE SUNSHINE  MM
  AVERAGE SKY COVER 0.2


WEATHER CONDITIONS
 THE FOLLOWING WEATHER WAS RECORDED YESTERDAY.
  FOG


RELATIVE HUMIDITY (PERCENT)
 HIGHEST   100           400 AM
 LOWEST     23           200 PM
 AVERAGE    62

..........................................................


THE WORLAND WY CLIMATE NORMALS FOR TODAY
                         NORMAL    RECORD    YEAR
 MAXIMUM TEMPERATURE (F)   63        85      1974
 MINIMUM TEMPERATURE (F)   34        22      2011
                                             2008


SUNRISE AND SUNSET
APRIL 24 2017.........SUNRISE   613 AM MDT   SUNSET   807 PM MDT
APRIL 25 2017.........SUNRISE   612 AM MDT   SUNSET   808 PM MDT


-  INDICATES NEGATIVE NUMBERS.
R  INDICATES RECORD WAS SET OR TIED.
MM INDICATES DATA IS MISSING.
T  INDICATES TRACE AMOUNT.




$$
