000
CDUS45 KRIW 260745
CLIWRL


CLIMATE REPORT
NATIONAL WEATHER SERVICE RIVERTON WY
138 AM MDT THU MAR 26 2015


...................................

...THE WORLAND WY CLIMATE SUMMARY FOR MARCH 25 2015...

CLIMATE NORMAL PERIOD 1981 TO 2010
CLIMATE RECORD PERIOD 1947 TO 2015


WEATHER ITEM   OBSERVED TIME   RECORD YEAR NORMAL DEPARTURE LAST
                VALUE   (LST)  VALUE       VALUE  FROM      YEAR
                                                  NORMAL
..................................................................
TEMPERATURE (F)
 YESTERDAY
  MAXIMUM         52    316 PM  77    1999  54     -2       59
  MINIMUM         31    619 AM -15    1965  26      5       21
  AVERAGE         42                        40      2       40

PRECIPITATION (IN)
  YESTERDAY        0.00          0.57 1977   0.01  -0.01     0.00
  MONTH TO DATE    T                         0.35  -0.35     0.17
  SINCE MAR 1      T                         0.35  -0.35     0.17
  SINCE JAN 1      0.77                      0.77   0.00     0.55

DEGREE DAYS
 HEATING
  YESTERDAY       23                        25     -2       25
  MONTH TO DATE  638                       739   -101      803
  SINCE MAR 1    638                       739   -101      803
  SINCE JUL 1   6547                      6740   -193     7183

 COOLING
  YESTERDAY        0                         0      0        0
  MONTH TO DATE    0                         0      0        0
  SINCE MAR 1      0                         0      0        0
  SINCE JAN 1      0                         0      0        0
..................................................................


WIND (MPH)
  HIGHEST WIND SPEED    20   HIGHEST WIND DIRECTION     N (340)
  HIGHEST GUST SPEED    24   HIGHEST GUST DIRECTION    NW (320)
  AVERAGE WIND SPEED     6.6


SKY COVER
  POSSIBLE SUNSHINE  MM
  AVERAGE SKY COVER 0.6


WEATHER CONDITIONS
 THE FOLLOWING WEATHER WAS RECORDED YESTERDAY.
  NO SIGNIFICANT WEATHER WAS OBSERVED.


RELATIVE HUMIDITY (PERCENT)
 HIGHEST    82          1200 AM
 LOWEST     28           300 PM
 AVERAGE    55

..........................................................


THE WORLAND WY CLIMATE NORMALS FOR TODAY
                         NORMAL    RECORD    YEAR
 MAXIMUM TEMPERATURE (F)   54        75      1997
 MINIMUM TEMPERATURE (F)   26        -3      1965


SUNRISE AND SUNSET
MARCH 26 2015.........SUNRISE   704 AM MDT   SUNSET   731 PM MDT
MARCH 27 2015.........SUNRISE   703 AM MDT   SUNSET   733 PM MDT


-  INDICATES NEGATIVE NUMBERS.
R  INDICATES RECORD WAS SET OR TIED.
MM INDICATES DATA IS MISSING.
T  INDICATES TRACE AMOUNT.




$$
