000
CDUS45 KRIW 220756
CLIWRL


CLIMATE REPORT
NATIONAL WEATHER SERVICE RIVERTON WY
1256 AM MST SAT NOV 22 2014


...................................

...THE WORLAND WY CLIMATE SUMMARY FOR NOVEMBER 21 2014...

CLIMATE NORMAL PERIOD 1981 TO 2010
CLIMATE RECORD PERIOD 1947 TO 2014


WEATHER ITEM   OBSERVED TIME   RECORD YEAR NORMAL DEPARTURE LAST
                VALUE   (LST)  VALUE       VALUE  FROM      YEAR
                                                  NORMAL
..................................................................
TEMPERATURE (F)
 YESTERDAY
  MAXIMUM         34    313 PM  66    2006  41     -7       17
  MINIMUM          5    323 AM -17    1977  14     -9       -9
  AVERAGE         20                        27     -7        4

PRECIPITATION (IN)
  YESTERDAY        0.00          0.33 1962   0.01  -0.01     0.06
  MONTH TO DATE    0.37                      0.26   0.11     0.12
  SINCE SEP 1      1.77                      1.80  -0.03     4.53
  SINCE JAN 1      7.36                      7.25   0.11     7.74

DEGREE DAYS
 HEATING
  YESTERDAY       45                        38      7       61
  MONTH TO DATE  911                       666    245      628
  SINCE SEP 1   1523                      1492     31     1461
  SINCE JUL 1   1557                      1528     29     1461

 COOLING
  YESTERDAY        0                         0      0        0
  MONTH TO DATE    0                         0      0        0
  SINCE SEP 1     34                        29      5       91
  SINCE JAN 1    543                       535      8      852
..................................................................


WIND (MPH)
  HIGHEST WIND SPEED    13   HIGHEST WIND DIRECTION     S (180)
  HIGHEST GUST SPEED    13   HIGHEST GUST DIRECTION     S (180)
  AVERAGE WIND SPEED     2.6


SKY COVER
  POSSIBLE SUNSHINE  MM
  AVERAGE SKY COVER 0.0


WEATHER CONDITIONS
 THE FOLLOWING WEATHER WAS RECORDED YESTERDAY.
  NO SIGNIFICANT WEATHER WAS OBSERVED.


RELATIVE HUMIDITY (PERCENT)
 HIGHEST    92          1000 PM
 LOWEST     61           200 PM
 AVERAGE    77

..........................................................


THE WORLAND WY CLIMATE NORMALS FOR TODAY
                         NORMAL    RECORD    YEAR
 MAXIMUM TEMPERATURE (F)   40        66      2006
 MINIMUM TEMPERATURE (F)   14       -16      2013


SUNRISE AND SUNSET
NOVEMBER 22 2014......SUNRISE   716 AM MST   SUNSET   440 PM MST
NOVEMBER 23 2014......SUNRISE   717 AM MST   SUNSET   439 PM MST


-  INDICATES NEGATIVE NUMBERS.
R  INDICATES RECORD WAS SET OR TIED.
MM INDICATES DATA IS MISSING.
T  INDICATES TRACE AMOUNT.




$$
