000
CDUS45 KRIW 240737
CLIWRL


CLIMATE REPORT
NATIONAL WEATHER SERVICE RIVERTON WY
133 AM MDT FRI OCT 24 2014


...................................

...THE WORLAND WY CLIMATE SUMMARY FOR OCTOBER 23 2014...

CLIMATE NORMAL PERIOD 1981 TO 2010
CLIMATE RECORD PERIOD 1947 TO 2014


WEATHER ITEM   OBSERVED TIME   RECORD YEAR NORMAL DEPARTURE LAST
                VALUE   (LST)  VALUE       VALUE  FROM      YEAR
                                                  NORMAL
..................................................................
TEMPERATURE (F)
 YESTERDAY
  MAXIMUM         74    214 PM  77    1969  58     16       62
  MINIMUM         28    239 AM  17    1984  28      0       31
  AVERAGE         51                        43      8       47

PRECIPITATION (IN)
  YESTERDAY        0.00          0.13 1991   0.02  -0.02     0.00
  MONTH TO DATE    0.27                      0.58  -0.31     1.65
  SINCE SEP 1      1.40                      1.43  -0.03     4.28
  SINCE JAN 1      6.99                      6.88   0.11     7.49

DEGREE DAYS
 HEATING
  YESTERDAY       14                        22     -8       18
  MONTH TO DATE  292                       412   -120      514
  SINCE SEP 1    470                       633   -163      660
  SINCE JUL 1    504                       669   -165      660

 COOLING
  YESTERDAY        0                         0      0        0
  MONTH TO DATE    0                         0      0        0
  SINCE SEP 1     34                        29      5       91
  SINCE JAN 1    543                       535      8      852
..................................................................


WIND (MPH)
  HIGHEST WIND SPEED    10   HIGHEST WIND DIRECTION     S (200)
  HIGHEST GUST SPEED    13   HIGHEST GUST DIRECTION    SE (140)
  AVERAGE WIND SPEED     3.7


SKY COVER
  POSSIBLE SUNSHINE  MM
  AVERAGE SKY COVER 0.0


WEATHER CONDITIONS
 THE FOLLOWING WEATHER WAS RECORDED YESTERDAY.
  LIGHT SNOW


RELATIVE HUMIDITY (PERCENT)
 HIGHEST    69           200 AM
 LOWEST     19           200 PM
 AVERAGE    44

..........................................................


THE WORLAND WY CLIMATE NORMALS FOR TODAY
                         NORMAL    RECORD    YEAR
 MAXIMUM TEMPERATURE (F)   57        83      1992
 MINIMUM TEMPERATURE (F)   28        19      1976


SUNRISE AND SUNSET
OCTOBER 24 2014.......SUNRISE   738 AM MDT   SUNSET   613 PM MDT
OCTOBER 25 2014.......SUNRISE   739 AM MDT   SUNSET   612 PM MDT


-  INDICATES NEGATIVE NUMBERS.
R  INDICATES RECORD WAS SET OR TIED.
MM INDICATES DATA IS MISSING.
T  INDICATES TRACE AMOUNT.




$$
