000
CDUS45 KRIW 280057
CLIWRL


CLIMATE REPORT
NATIONAL WEATHER SERVICE RIVERTON WY
653 PM MDT MON JUL 27 2015


...................................

...THE WORLAND WY CLIMATE SUMMARY FOR JULY 27 2015...
VALID TODAY AS OF 0500 PM LOCAL TIME.

CLIMATE NORMAL PERIOD 1981 TO 2010
CLIMATE RECORD PERIOD 1947 TO 2015


WEATHER ITEM   OBSERVED TIME   RECORD YEAR NORMAL DEPARTURE LAST
                VALUE   (LST)  VALUE       VALUE  FROM      YEAR
                                                  NORMAL
..................................................................
TEMPERATURE (F)
 TODAY
  MAXIMUM         94        MM 104    1975  90      4       92
  MINIMUM         53        MM  44    1993  56     -3       50
  AVERAGE         74                        73      1       71

PRECIPITATION (IN)
  TODAY            0.03R         0.03 2012   0.03   0.00     0.00
  MONTH TO DATE    0.44                      0.62  -0.18     0.08
  SINCE JUN 1      1.50                      1.77  -0.27     1.70
  SINCE JAN 1      5.68                      4.93   0.75     3.91

DEGREE DAYS
 HEATING
  TODAY            0                         0      0        0
  MONTH TO DATE    0                        10    -10        1
  SINCE JUN 1      4                       103    -99       91
  SINCE JUL 1      0                        10    -10        1

 COOLING
  TODAY            9                         8      1        6
  MONTH TO DATE  189                       196     -7      256
  SINCE JUN 1    368                       280     88      285
  SINCE JAN 1    370                       292     78      315
..................................................................


WIND (MPH)
  HIGHEST WIND SPEED    28   HIGHEST WIND DIRECTION    NW (320)
  HIGHEST GUST SPEED    53   HIGHEST GUST DIRECTION    SW (240)
  AVERAGE WIND SPEED     9.3


SKY COVER
  POSSIBLE SUNSHINE  MM
  AVERAGE SKY COVER 0.0


WEATHER CONDITIONS
 THE FOLLOWING WEATHER WAS RECORDED TODAY.
  THUNDERSTORM
  LIGHT RAIN


RELATIVE HUMIDITY (PERCENT)
 HIGHEST    60           600 AM
 LOWEST     13           300 PM
 AVERAGE    37

..........................................................


THE WORLAND WY CLIMATE NORMALS FOR TOMORROW
                         NORMAL    RECORD    YEAR
 MAXIMUM TEMPERATURE (F)   90       106      1975
 MINIMUM TEMPERATURE (F)   56        47      1993


SUNRISE AND SUNSET
JULY 27 2015..........SUNRISE   555 AM MDT   SUNSET   842 PM MDT
JULY 28 2015..........SUNRISE   556 AM MDT   SUNSET   840 PM MDT


-  INDICATES NEGATIVE NUMBERS.
R  INDICATES RECORD WAS SET OR TIED.
MM INDICATES DATA IS MISSING.
T  INDICATES TRACE AMOUNT.




$$
