000
CDUS45 KRIW 260730
CLIWRL


CLIMATE REPORT
NATIONAL WEATHER SERVICE RIVERTON WY
129 AM MDT WED JUL 26 2017


...................................

...THE WORLAND WY CLIMATE SUMMARY FOR JULY 25 2017...

CLIMATE NORMAL PERIOD 1981 TO 2010
CLIMATE RECORD PERIOD 1947 TO 2017


WEATHER ITEM   OBSERVED TIME   RECORD YEAR NORMAL DEPARTURE LAST
                VALUE   (LST)  VALUE       VALUE  FROM      YEAR
                                                  NORMAL
..................................................................
TEMPERATURE (F)
 YESTERDAY
  MAXIMUM         77    113 PM 102    1975  90    -13       97
  MINIMUM         55   1141 PM  47    1993  56     -1       51
  AVERAGE         66                        73     -7       74

PRECIPITATION (IN)
  YESTERDAY        T             0.79 1981   0.02  -0.02     0.00
  MONTH TO DATE    0.05                      0.57  -0.52     0.06
  SINCE JUN 1      0.41                      1.72  -1.31     0.35
  SINCE JAN 1      5.21                      4.88   0.33     4.11

DEGREE DAYS
 HEATING
  YESTERDAY        0                         0      0        0
  MONTH TO DATE    0                        10    -10        4
  SINCE JUN 1     46                       103    -57       10
  SINCE JUL 1      0                        10    -10        4

 COOLING
  YESTERDAY        1                         8     -7        9
  MONTH TO DATE  256                       180     76      198
  SINCE JUN 1    346                       264     82      393
  SINCE JAN 1    346                       276     70      395
..................................................................


WIND (MPH)
  HIGHEST WIND SPEED    14   HIGHEST WIND DIRECTION     N (10)
  HIGHEST GUST SPEED    17   HIGHEST GUST DIRECTION     N (350)
  AVERAGE WIND SPEED     6.6


SKY COVER
  POSSIBLE SUNSHINE  MM
  AVERAGE SKY COVER 0.3


WEATHER CONDITIONS
 THE FOLLOWING WEATHER WAS RECORDED YESTERDAY.
  NO SIGNIFICANT WEATHER WAS OBSERVED.


RELATIVE HUMIDITY (PERCENT)
 HIGHEST    78           900 PM
 LOWEST     31           100 PM
 AVERAGE    55

..........................................................


THE WORLAND WY CLIMATE NORMALS FOR TODAY
                         NORMAL    RECORD    YEAR
 MAXIMUM TEMPERATURE (F)   90       102      1988
 MINIMUM TEMPERATURE (F)   56        50      2005


SUNRISE AND SUNSET
JULY 26 2017..........SUNRISE   554 AM MDT   SUNSET   842 PM MDT
JULY 27 2017..........SUNRISE   555 AM MDT   SUNSET   841 PM MDT


-  INDICATES NEGATIVE NUMBERS.
R  INDICATES RECORD WAS SET OR TIED.
MM INDICATES DATA IS MISSING.
T  INDICATES TRACE AMOUNT.




$$
