000
CDUS45 KRIW 030738
CLIWRL


CLIMATE REPORT
NATIONAL WEATHER SERVICE RIVERTON WY
1238 AM MST TUE MAR 3 2015


...................................

...THE WORLAND WY CLIMATE SUMMARY FOR MARCH 2 2015...

CLIMATE NORMAL PERIOD 1981 TO 2010
CLIMATE RECORD PERIOD 1947 TO 2015


WEATHER ITEM   OBSERVED TIME   RECORD YEAR NORMAL DEPARTURE LAST
                VALUE   (LST)  VALUE       VALUE  FROM      YEAR
                                                  NORMAL
..................................................................
TEMPERATURE (F)
 YESTERDAY
  MAXIMUM         37    448 PM  66    2009  45     -8       11
  MINIMUM         13    638 AM -11    2014  17     -4      -11
                                      1978
  AVERAGE         25                        31     -6        0

PRECIPITATION (IN)
  YESTERDAY        T             0.39 1966   0.01  -0.01      T
  MONTH TO DATE    T                         0.02  -0.02     0.08
  SINCE MAR 1      T                         0.02  -0.02     0.08
  SINCE JAN 1      0.77                      0.44   0.33     0.46

DEGREE DAYS
 HEATING
  YESTERDAY       40                        34      6       65
  MONTH TO DATE   83                        69     14      134
  SINCE MAR 1     83                        69     14      134
  SINCE JUL 1   5992                      6070    -78     6514

 COOLING
  YESTERDAY        0                         0      0        0
  MONTH TO DATE    0                         0      0        0
  SINCE MAR 1      0                         0      0        0
  SINCE JAN 1      0                         0      0        0
..................................................................


WIND (MPH)
  HIGHEST WIND SPEED    26   HIGHEST WIND DIRECTION    NW (320)
  HIGHEST GUST SPEED    34   HIGHEST GUST DIRECTION    NW (320)
  AVERAGE WIND SPEED     6.0


SKY COVER
  POSSIBLE SUNSHINE  MM
  AVERAGE SKY COVER 0.3


WEATHER CONDITIONS
 THE FOLLOWING WEATHER WAS RECORDED YESTERDAY.
  LIGHT SNOW
  FOG
  HAZE


RELATIVE HUMIDITY (PERCENT)
 HIGHEST    88           600 AM
 LOWEST     44           300 PM
 AVERAGE    66

..........................................................


THE WORLAND WY CLIMATE NORMALS FOR TODAY
                         NORMAL    RECORD    YEAR
 MAXIMUM TEMPERATURE (F)   45        65      1992
 MINIMUM TEMPERATURE (F)   17       -15      1989


SUNRISE AND SUNSET
MARCH  3 2015.........SUNRISE   646 AM MST   SUNSET   603 PM MST
MARCH  4 2015.........SUNRISE   644 AM MST   SUNSET   604 PM MST


-  INDICATES NEGATIVE NUMBERS.
R  INDICATES RECORD WAS SET OR TIED.
MM INDICATES DATA IS MISSING.
T  INDICATES TRACE AMOUNT.




$$
