000
CDUS45 KRIW 250054
CLIWRL


CLIMATE REPORT
NATIONAL WEATHER SERVICE RIVERTON WY
552 PM MST MON NOV 24 2014


...................................

...THE WORLAND WY CLIMATE SUMMARY FOR NOVEMBER 24 2014...
VALID TODAY AS OF 0500 PM LOCAL TIME.

CLIMATE NORMAL PERIOD 1981 TO 2010
CLIMATE RECORD PERIOD 1947 TO 2014


WEATHER ITEM   OBSERVED TIME   RECORD YEAR NORMAL DEPARTURE LAST
                VALUE   (LST)  VALUE       VALUE  FROM      YEAR
                                                  NORMAL
..................................................................
TEMPERATURE (F)
 TODAY
  MAXIMUM         37        MM  63    1990  39     -2       28
  MINIMUM         16        MM -16    2010  13      3       -3
  AVERAGE         27                        26      1       13

PRECIPITATION (IN)
  TODAY            T             0.14 1975   0.01  -0.01     0.00
  MONTH TO DATE    0.37                      0.30   0.07     0.12
  SINCE SEP 1      1.77                      1.84  -0.07     4.53
  SINCE JAN 1      7.36                      7.29   0.07     7.74

DEGREE DAYS
 HEATING
  TODAY           38                        39     -1       52
  MONTH TO DATE 1023                       782    241      802
  SINCE SEP 1   1635                      1608     27     1635
  SINCE JUL 1   1669                      1644     25     1635

 COOLING
  TODAY            0                         0      0        0
  MONTH TO DATE    0                         0      0        0
  SINCE SEP 1     34                        29      5       91
  SINCE JAN 1    543                       535      8      852
..................................................................


WIND (MPH)
  HIGHEST WIND SPEED    14   HIGHEST WIND DIRECTION     N (340)
  HIGHEST GUST SPEED    MM   HIGHEST GUST DIRECTION    MM
  AVERAGE WIND SPEED     7.0


SKY COVER
  POSSIBLE SUNSHINE  MM
  AVERAGE SKY COVER 0.7


WEATHER CONDITIONS
 THE FOLLOWING WEATHER WAS RECORDED TODAY.
  LIGHT SNOW
  FOG


RELATIVE HUMIDITY (PERCENT)
 HIGHEST    84           200 AM
 LOWEST     48           200 PM
 AVERAGE    66

..........................................................


THE WORLAND WY CLIMATE NORMALS FOR TOMORROW
                         NORMAL    RECORD    YEAR
 MAXIMUM TEMPERATURE (F)   38        66      1990
 MINIMUM TEMPERATURE (F)   12       -10      2010
                                             1993


SUNRISE AND SUNSET
NOVEMBER 24 2014......SUNRISE   718 AM MST   SUNSET   438 PM MST
NOVEMBER 25 2014......SUNRISE   719 AM MST   SUNSET   438 PM MST


-  INDICATES NEGATIVE NUMBERS.
R  INDICATES RECORD WAS SET OR TIED.
MM INDICATES DATA IS MISSING.
T  INDICATES TRACE AMOUNT.




$$
