000
CDUS45 KRIW 250733
CLIWRL


CLIMATE REPORT
NATIONAL WEATHER SERVICE RIVERTON WY
1233 AM MST SAT NOV 25 2017


...................................

...THE WORLAND WY CLIMATE SUMMARY FOR NOVEMBER 24 2017...

CLIMATE NORMAL PERIOD 1981 TO 2010
CLIMATE RECORD PERIOD 1947 TO 2017


WEATHER ITEM   OBSERVED TIME   RECORD YEAR NORMAL DEPARTURE LAST
                VALUE   (LST)  VALUE       VALUE  FROM      YEAR
                                                  NORMAL
..................................................................
TEMPERATURE (F)
 YESTERDAY
  MAXIMUM         53    339 PM  63    1990  39     14       42
  MINIMUM         23   1148 PM -16    2010  13     10       24
  AVERAGE         38                        26     12       33

PRECIPITATION (IN)
  YESTERDAY        0.00          0.14 1975   0.01  -0.01      T
  MONTH TO DATE    0.68                      0.30   0.38     0.96
  SINCE SEP 1      2.98                      1.84   1.14     5.28
  SINCE JAN 1      8.48                      7.29   1.19     9.75

DEGREE DAYS
 HEATING
  YESTERDAY       27                        39    -12       32
  MONTH TO DATE  805                       782     23      637
  SINCE SEP 1   1746                      1608    138     1304
  SINCE JUL 1   1747                      1644    103     1335

 COOLING
  YESTERDAY        0                         0      0        0
  MONTH TO DATE    0                         0      0        0
  SINCE SEP 1     52                        29     23       25
  SINCE JAN 1    588                       535     53      690
..................................................................


WIND (MPH)
  HIGHEST WIND SPEED    25   HIGHEST WIND DIRECTION     N (340)
  HIGHEST GUST SPEED    35   HIGHEST GUST DIRECTION     N (340)
  AVERAGE WIND SPEED     7.0


SKY COVER
  POSSIBLE SUNSHINE  MM
  AVERAGE SKY COVER 0.2


WEATHER CONDITIONS
 THE FOLLOWING WEATHER WAS RECORDED YESTERDAY.
  NO SIGNIFICANT WEATHER WAS OBSERVED.


RELATIVE HUMIDITY (PERCENT)
 HIGHEST    85          1100 PM
 LOWEST     28           100 PM
 AVERAGE    57

..........................................................


THE WORLAND WY CLIMATE NORMALS FOR TODAY
                         NORMAL    RECORD    YEAR
 MAXIMUM TEMPERATURE (F)   38        66      1990
 MINIMUM TEMPERATURE (F)   12       -10      2010
                                             1993


SUNRISE AND SUNSET
NOVEMBER 25 2017......SUNRISE   720 AM MST   SUNSET   438 PM MST
NOVEMBER 26 2017......SUNRISE   721 AM MST   SUNSET   437 PM MST


-  INDICATES NEGATIVE NUMBERS.
R  INDICATES RECORD WAS SET OR TIED.
MM INDICATES DATA IS MISSING.
T  INDICATES TRACE AMOUNT.




$$
