000
CDUS45 KRIW 210035
CLIWRL


CLIMATE REPORT
NATIONAL WEATHER SERVICE RIVERTON WY
534 PM MST TUE FEB 20 2018


...................................

...THE WORLAND WY CLIMATE SUMMARY FOR FEBRUARY 20 2018...
VALID TODAY AS OF 0500 PM LOCAL TIME.

CLIMATE NORMAL PERIOD 1981 TO 2010
CLIMATE RECORD PERIOD 1947 TO 2018


WEATHER ITEM   OBSERVED TIME   RECORD YEAR NORMAL DEPARTURE LAST
                VALUE   (LST)  VALUE       VALUE  FROM      YEAR
                                                  NORMAL
..................................................................
TEMPERATURE (F)
 TODAY
  MAXIMUM          7        MM  61    1972  40    -33       55
  MINIMUM        -20R       MM -11    2006  12    -32       25
  AVERAGE         -6                        26    -32       40

PRECIPITATION (IN)
  TODAY            0.00          0.21 1998   0.01  -0.01     0.00
  MONTH TO DATE    0.15                      0.13   0.02     0.11
  SINCE DEC 1      0.74                      0.59   0.15     0.50
  SINCE JAN 1      0.30                      0.36  -0.06     0.31

DEGREE DAYS
 HEATING
  TODAY           71                        39     32       25
  MONTH TO DATE 1054                       858    196      818
  SINCE DEC 1   3971                      3814    157     4052
  SINCE JUL 1   5890                      5706    184     5591

 COOLING
  TODAY            0                         0      0        0
  MONTH TO DATE    0                         0      0        0
  SINCE DEC 1      0                         0      0        0
  SINCE JAN 1      0                         0      0        0
..................................................................


WIND (MPH)
  HIGHEST WIND SPEED     9   HIGHEST WIND DIRECTION     S (180)
  HIGHEST GUST SPEED    MM   HIGHEST GUST DIRECTION    MM
  AVERAGE WIND SPEED     4.2


SKY COVER
  POSSIBLE SUNSHINE  MM
  AVERAGE SKY COVER 0.1


WEATHER CONDITIONS
 THE FOLLOWING WEATHER WAS RECORDED TODAY.
  LIGHT SNOW
  FOG


RELATIVE HUMIDITY (PERCENT)
 HIGHEST    92           200 AM
 LOWEST     62           100 PM
 AVERAGE    77

..........................................................


THE WORLAND WY CLIMATE NORMALS FOR TOMORROW
                         NORMAL    RECORD    YEAR
 MAXIMUM TEMPERATURE (F)   40        70      1982
 MINIMUM TEMPERATURE (F)   13       -14      2011


SUNRISE AND SUNSET
FEBRUARY 20 2018......SUNRISE   703 AM MST   SUNSET   548 PM MST
FEBRUARY 21 2018......SUNRISE   702 AM MST   SUNSET   550 PM MST


-  INDICATES NEGATIVE NUMBERS.
R  INDICATES RECORD WAS SET OR TIED.
MM INDICATES DATA IS MISSING.
T  INDICATES TRACE AMOUNT.




$$
