000
CDAK47 PAYA 010906
CLIYAK

CLIMATE REPORT
NATIONAL WEATHER SERVICE YAKUTAT, AK
106 AM AKDT SAT NOV 1 2014

...................................
...THE YAKUTAT AP CLIMATE SUMMARY FOR OCTOBER 31 2014...

CLIMATE NORMAL PERIOD  1981 TO  2010
CLIMATE RECORD PERIOD  1948 TO  2014

WEATHER ITEM   OBSERVED TIME    RECORD YEAR NORMAL DEPARTURE LAST
               VALUE    (LST)   VALUE       VALUE  FROM      YEAR
                                                   NORMAL
...................................................................
TEMPERATURE
YESTERDAY
 MAXIMUM            39  0208 PM    54  1970     42      -3     47
 MINIMUM            34  0426 AM    11  1984     30       4     38
 AVERAGE            37                          36       1     43

PRECIPITATION
(INCHES)
 YESTERDAY        0.56           3.60  1999   0.56    0.00   0.59
 MONTH TO DATE   14.91                       21.98   -7.07  23.87
 SINCE SEP 1     34.74                       43.09   -8.35  42.40
 SINCE JAN 1    113.54                      124.39  -10.85 120.03

SNOWFALL
(INCHES)
 YESTERDAY           T            5.3  1985    0.2    -0.2    0.0
 MONTH TO DATE       T                         2.5    -2.5    0.0
 SINCE SEP 1       0.0                         2.5    -2.5    0.0
 SINCE JUL 1         T                         2.5    -2.5    0.0
 SNOW DEPTH (IN)     0                                          0

DEGREE DAYS
 HEATING
  YESTERDAY         28                          29      -1     22
  MONTH TO DATE    716                         743     -27    631
  SINCE SEP 1     1128                        1241    -113   1037
  SINCE JUL 1     1755                        1919    -164   1601

 COOLING
  YESTERDAY          0                           0       0      0
  MONTH TO DATE      0                           0       0      0
  SINCE SEP 1        0                           0       0      0
  SINCE JAN 1        0                           0       0      0
...................................................................

WIND (MPH)
 HIGHEST WIND SPEED    16     HIGHEST WIND DIRECTION     90
 HIGHEST GUST SPEED    24     HIGHEST GUST DIRECTION     90
 AVERAGE WIND SPEED   7.3

SKY COVER
  POSSIBLE SUNSHINE    MM          AVERAGE SKY COVER     MM

WEATHER CONDITIONS
 THE FOLLOWING WEATHER WAS RECORDED YESTERDAY.
  FOG
SLEET
RAIN


RELATIVE HUMIDITY
 HIGHEST RH     MM PERCENT       MM
 LOWEST  RH     MM PERCENT       MM
 AVERAGE RH     MM PERCENT       MM
...................................................................

THE YAKUTAT CLIMATE NORMALS FOR TODAY
                           NORMAL    RECORD   YEAR
 MAXIMUM TEMPERATURE (F)     42        52     1957
 MINIMUM TEMPERATURE (F)     29         9     1984

SUNRISE AND SUNSET
 NOV 1 2014..........SUNRISE  8:40 AM      SUNSET  5:25 PM
 NOV 2 2014..........SUNRISE  7:42 AM      SUNSET  4:22 PM

-  INDICATES NEGATIVE NUMBERS.
R  INDICATES RECORD HAS BEEN SET OR TIED.
MM INDICATES DATA IS MISSING.
T  INDICATES TRACE OF PRECIPITATION.

&&
-------------------------------------------------------------------

AMOUNT OF DAYLIGHT TODAY  (HOUR:MIN)........8 HOURS 45 MINUTES
GAIN/LOSS SINCE YESTERDAY (HOUR:MIN:SEC)....-0:05:03

$$
*** NOV 14
