000
CDUS46 KPDT 290846
CLIYKM

CLIMATE REPORT
NATIONAL WEATHER SERVICE PENDLETON OR
146 AM PDT MON JUN 29 2015


...................................

...THE YAKIMA WA CLIMATE SUMMARY FOR JUNE 28 2015...

CLIMATE NORMAL PERIOD 1981 TO 2010
CLIMATE RECORD PERIOD 1946 TO 2015


WEATHER ITEM   OBSERVED TIME   RECORD YEAR NORMAL DEPARTURE LAST
                VALUE   (LST)  VALUE       VALUE  FROM      YEAR
                                                  NORMAL
..................................................................
TEMPERATURE (F)
 YESTERDAY
  MAXIMUM        108R   115 PM  98    1948  83     25       81
  MINIMUM         68    430 AM  33    1975  50     18       51
  AVERAGE         88                        67     21       66

PRECIPITATION (IN)
  YESTERDAY        0.00          0.35 2002   0.01  -0.01     0.00
  MONTH TO DATE    T                         0.59  -0.59     0.08
  SINCE OCT 1      6.32                      7.38  -1.06     3.83
  SINCE JAN 1      4.22                      4.26  -0.04     3.00

SNOWFALL (IN)
  YESTERDAY        0.0           0.0  2002   0.0    0.0      0.0
                                      2001
                                      2000
  MONTH TO DATE    0.0                       0.0    0.0      0.0
  SINCE JAN 1      1.6                       8.6   -7.0     19.9
  SINCE JUL 1      1.6                      21.6  -20.0     19.9
  SNOW DEPTH       0

DEGREE DAYS
 HEATING
  YESTERDAY        0                         2     -2        0
  MONTH TO DATE    3                        94    -91       29
  SINCE JUN 1      3                        94    -91       29
  SINCE JUL 1   4510                      6038  -1528     5599

 COOLING
  YESTERDAY       23                         4     19        1
  MONTH TO DATE  265                        55    210      102
  SINCE JUN 1    265                        55    210      102
  SINCE JAN 1    357                        75    282      125
..................................................................


WIND (MPH)
  HIGHEST WIND SPEED    21   HIGHEST WIND DIRECTION    NW (320)
  HIGHEST GUST SPEED    34   HIGHEST GUST DIRECTION    NW (330)
  AVERAGE WIND SPEED    10.8


SKY COVER
  POSSIBLE SUNSHINE  MM
  AVERAGE SKY COVER 0.1


WEATHER CONDITIONS
 THE FOLLOWING WEATHER WAS RECORDED YESTERDAY.
  NO SIGNIFICANT WEATHER WAS OBSERVED.


RELATIVE HUMIDITY (PERCENT)
 HIGHEST    57           400 AM
 LOWEST     18           100 PM
 AVERAGE    38

..........................................................


THE YAKIMA WA CLIMATE NORMALS FOR TODAY
                         NORMAL    RECORD    YEAR
 MAXIMUM TEMPERATURE (F)   83       103      1948
 MINIMUM TEMPERATURE (F)   51        40      1996
                                             1971


SUNRISE AND SUNSET
JUNE 29 2015..........SUNRISE   512 AM PDT   SUNSET   859 PM PDT
JUNE 30 2015..........SUNRISE   512 AM PDT   SUNSET   859 PM PDT


-  INDICATES NEGATIVE NUMBERS.
R  INDICATES RECORD WAS SET OR TIED.
MM INDICATES DATA IS MISSING.
T  INDICATES TRACE AMOUNT.

$$
