000
CDUS46 KPDT 270049
CLIYKM

CLIMATE REPORT
NATIONAL WEATHER SERVICE PENDLETON OR
538 PM PDT TUE MAY 26 2015


...................................

...THE YAKIMA WA CLIMATE SUMMARY FOR MAY 26 2015...
VALID TODAY AS OF 0500 PM LOCAL TIME.

CLIMATE NORMAL PERIOD 1981 TO 2010
CLIMATE RECORD PERIOD 1946 TO 2015


WEATHER ITEM   OBSERVED TIME   RECORD YEAR NORMAL DEPARTURE LAST
                VALUE   (LST)  VALUE       VALUE  FROM      YEAR
                                                  NORMAL
..................................................................
TEMPERATURE (F)
 TODAY
  MAXIMUM         80    216 PM  98    1958  75      5       74
  MINIMUM         52    359 AM  31    1973  45      7       42
  AVERAGE         66                        60      6       58

PRECIPITATION (IN)
  TODAY            T             0.51 1948   0.02  -0.02     0.01
  MONTH TO DATE    1.80                      0.47   1.33     0.13
  SINCE OCT 1      6.32                      6.68  -0.36     3.75
  SINCE JAN 1      4.22                      3.56   0.66     2.92

SNOWFALL (IN)
  TODAY            0.0           0.0  2002   0.0    0.0      0.0
                                      2001
                                      2000
  MONTH TO DATE    0.0                       0.0    0.0      0.0
  SINCE JAN 1      1.6                       8.6   -7.0     19.9
  SINCE JUL 1      1.6                      21.6  -20.0     19.9
  SNOW DEPTH       0

DEGREE DAYS
 HEATING
  TODAY            0                         6     -6        7
  MONTH TO DATE   86                       233   -147      124
  SINCE MAR 1    925                      1388   -463     1139
  SINCE JUL 1   4507                      5915  -1408     5541

 COOLING
  TODAY            1                         1      0        0
  MONTH TO DATE   52                        15     37       19
  SINCE MAR 1     52                        16     36       19
  SINCE JAN 1     52                        16     36       19
..................................................................


WIND (MPH)
  HIGHEST WIND SPEED    18   HIGHEST WIND DIRECTION    NE (50)
  HIGHEST GUST SPEED    22   HIGHEST GUST DIRECTION    NE (50)
  AVERAGE WIND SPEED     4.5


SKY COVER
  POSSIBLE SUNSHINE  MM
  AVERAGE SKY COVER 0.3


WEATHER CONDITIONS
 THE FOLLOWING WEATHER WAS RECORDED TODAY.
  LIGHT RAIN


RELATIVE HUMIDITY (PERCENT)
 HIGHEST    71           400 AM
 LOWEST     28           200 PM
 AVERAGE    50

..........................................................


THE YAKIMA WA CLIMATE NORMALS FOR TOMORROW
                         NORMAL    RECORD    YEAR
 MAXIMUM TEMPERATURE (F)   75        91      1983
                                             1947
 MINIMUM TEMPERATURE (F)   45        32      1973


SUNRISE AND SUNSET
MAY 26 2015...........SUNRISE   517 AM PDT   SUNSET   842 PM PDT
MAY 27 2015...........SUNRISE   516 AM PDT   SUNSET   843 PM PDT


-  INDICATES NEGATIVE NUMBERS.
R  INDICATES RECORD WAS SET OR TIED.
MM INDICATES DATA IS MISSING.
T  INDICATES TRACE AMOUNT.




$$
