000
CDUS46 KPDT 030909
CLIYKM

CLIMATE REPORT
NATIONAL WEATHER SERVICE PENDLETON OR
109 AM PST TUE MAR 3 2015


...................................

...THE YAKIMA WA CLIMATE SUMMARY FOR MARCH 2 2015...

CLIMATE NORMAL PERIOD 1981 TO 2010
CLIMATE RECORD PERIOD 1946 TO 2015


WEATHER ITEM   OBSERVED TIME   RECORD YEAR NORMAL DEPARTURE LAST
                VALUE   (LST)  VALUE       VALUE  FROM      YEAR
                                                  NORMAL
..................................................................
TEMPERATURE (F)
 YESTERDAY
  MAXIMUM         51    356 PM  65    1968  51      0       28
  MINIMUM         33   1159 PM  14    1962  28      5       22
  AVERAGE         42                        40      2       25

PRECIPITATION (IN)
  YESTERDAY        T             0.18 1991   0.03  -0.03     0.12
  MONTH TO DATE    T                         0.06  -0.06     0.12
  SINCE OCT 1      3.79                      5.10  -1.31     2.68
  SINCE JAN 1      1.69                      1.98  -0.29     1.85

SNOWFALL (IN)
  YESTERDAY        0.0           1.7  2014   0.0    0.0      1.7
  MONTH TO DATE    0.0                       0.1   -0.1      1.7
  SINCE JAN 1      1.6                       8.0   -6.4     19.9
  SINCE JUL 1      1.6                      21.0  -19.4     19.9
  SNOW DEPTH       0

DEGREE DAYS
 HEATING
  YESTERDAY       23                        25     -2       40
  MONTH TO DATE   49                        51     -2       73
  SINCE MAR 1     49                        51     -2       73
  SINCE JUL 1   3631                      4578   -947     4475

 COOLING
  YESTERDAY        0                         0      0        0
  MONTH TO DATE    0                         0      0        0
  SINCE MAR 1      0                         0      0        0
  SINCE JAN 1      0                         0      0        0
..................................................................


WIND (MPH)
  HIGHEST WIND SPEED    14   HIGHEST WIND DIRECTION    NW (320)
  HIGHEST GUST SPEED    18   HIGHEST GUST DIRECTION     N (20)
  AVERAGE WIND SPEED     4.8


SKY COVER
  POSSIBLE SUNSHINE  MM
  AVERAGE SKY COVER 0.8


WEATHER CONDITIONS
THE FOLLOWING WEATHER WAS RECORDED YESTERDAY.
  LIGHT RAIN


RELATIVE HUMIDITY (PERCENT)
 HIGHEST    82           700 AM
 LOWEST     35           400 PM
 AVERAGE    59

..........................................................


THE YAKIMA WA CLIMATE NORMALS FOR TODAY
                         NORMAL    RECORD    YEAR
 MAXIMUM TEMPERATURE (F)   52        66      1994
 MINIMUM TEMPERATURE (F)   28         6      1960


SUNRISE AND SUNSET
MARCH  3 2015.........SUNRISE   638 AM PST   SUNSET   551 PM PST
MARCH  4 2015.........SUNRISE   636 AM PST   SUNSET   552 PM PST


-  INDICATES NEGATIVE NUMBERS.
R  INDICATES RECORD WAS SET OR TIED.
MM INDICATES DATA IS MISSING.
T  INDICATES TRACE AMOUNT.

$$
