732
CDUS46 KPDT 031235
CLIYKM

CLIMATE REPORT
NATIONAL WEATHER SERVICE PENDLETON OR
435 AM PST SAT DEC 3 2016

...................................

...THE YAKIMA WA CLIMATE SUMMARY FOR DECEMBER 2 2016...

CLIMATE NORMAL PERIOD 1981 TO 2010
CLIMATE RECORD PERIOD 1946 TO 2016


WEATHER ITEM   OBSERVED TIME   RECORD YEAR NORMAL DEPARTURE LAST
                VALUE   (LST)  VALUE       VALUE  FROM      YEAR
                                                  NORMAL
..................................................................
TEMPERATURE (F)
 YESTERDAY
  MAXIMUM         42    330 PM  64    1975  39      3       32
  MINIMUM         26    518 AM   3    2006  23      3       27
  AVERAGE         34                        31      3       30

PRECIPITATION (IN)
  YESTERDAY        T             0.93 1980   0.05  -0.05     0.10
  MONTH TO DATE    T                         0.10  -0.10     0.14
  SINCE OCT 1      3.05                      1.69   1.36     1.32
  SINCE JAN 1      9.11                      6.82   2.29     5.63

SNOWFALL (IN)
  YESTERDAY        0.0           7.2  1985   0.3   -0.3      0.9
  MONTH TO DATE    0.0                       0.6   -0.6      1.3
  SINCE JAN 1     12.5                      12.8   -0.3      5.9
  SINCE JUL 1      T                         4.2   -4.2      4.3
  SNOW DEPTH       0

DEGREE DAYS
 HEATING
  YESTERDAY       31                        34     -3       35
  MONTH TO DATE   58                        67     -9       73
  SINCE DEC 1     58                        67     -9       73
  SINCE JUL 1   1077                      1600   -523     1187

 COOLING
  YESTERDAY        0                         0      0        0
  MONTH TO DATE    0                         0      0        0
  SINCE DEC 1      0                         0      0        0
  SINCE JAN 1    774                       472    302     1094
..................................................................


WIND (MPH)
  HIGHEST WIND SPEED    10   HIGHEST WIND DIRECTION    NW (300)
  HIGHEST GUST SPEED    11   HIGHEST GUST DIRECTION    NW (300)
  AVERAGE WIND SPEED     3.4


SKY COVER
  POSSIBLE SUNSHINE  MM
  AVERAGE SKY COVER 0.3


WEATHER CONDITIONS
 THE FOLLOWING WEATHER WAS RECORDED YESTERDAY.
  LIGHT RAIN


RELATIVE HUMIDITY (PERCENT)
 HIGHEST    92           200 AM
 LOWEST     70           200 PM
 AVERAGE    81

..........................................................


THE YAKIMA WA CLIMATE NORMALS FOR TODAY
                         NORMAL    RECORD    YEAR
 MAXIMUM TEMPERATURE (F)   39        61      1982
 MINIMUM TEMPERATURE (F)   23        -1      1985


SUNRISE AND SUNSET
DECEMBER  3 2016......SUNRISE   729 AM PST   SUNSET   416 PM PST
DECEMBER  4 2016......SUNRISE   730 AM PST   SUNSET   415 PM PST


-  INDICATES NEGATIVE NUMBERS.
R  INDICATES RECORD WAS SET OR TIED.
MM INDICATES DATA IS MISSING.
T  INDICATES TRACE AMOUNT.

$$
