000
CDUS46 KPDT 240839 RRA
CLIYKM

CLIMATE REPORT
NATIONAL WEATHER SERVICE PENDLETON OR
126 AM PDT SUN SEP 24 2017


...................................

...THE YAKIMA WA CLIMATE SUMMARY FOR SEPTEMBER 23 2017...

CLIMATE NORMAL PERIOD 1981 TO 2010
CLIMATE RECORD PERIOD 1946 TO 2017


WEATHER ITEM   OBSERVED TIME   RECORD YEAR NORMAL DEPARTURE LAST
                VALUE   (LST)  VALUE       VALUE  FROM      YEAR
                                                  NORMAL
..................................................................
TEMPERATURE (F)
 YESTERDAY
  MAXIMUM         73    353 PM  90    1952  75     -2       71
                                      1947
  MINIMUM         44    630 AM  25    2000  41      3       43
  AVERAGE         59                        58      1       57

PRECIPITATION (IN)
  YESTERDAY        0.00          0.24 1977   0.02  -0.02      T
  MONTH TO DATE    0.16                      0.27  -0.11     0.16
  SINCE OCT 1     11.87                      8.16   3.71    10.70
  SINCE JAN 1      7.95                      5.04   2.91     6.05

SNOWFALL (IN)
  YESTERDAY        0.0           0.0  2002   0.0    0.0      0.0
                                      2001
                                      1999
  MONTH TO DATE    0.0                       0.0    0.0      0.0
  SINCE JAN 1     29.1                       8.6   20.5     12.5
  SINCE JUL 1      0.0                       0.0    0.0      0.0
  SNOW DEPTH       0

DEGREE DAYS
 HEATING
  YESTERDAY        6                         7     -1        8
  MONTH TO DATE   78                        99    -21       73
  SINCE SEP 1     78                        99    -21       73
  SINCE JUL 1     78                       147    -69       76

 COOLING
  YESTERDAY        0                         0      0        0
  MONTH TO DATE  116                        31     85       12
  SINCE SEP 1    116                        31     85       12
  SINCE JAN 1   1054                       471    583      765
..................................................................


WIND (MPH)
  HIGHEST WIND SPEED    10   HIGHEST WIND DIRECTION     S (170)
  HIGHEST GUST SPEED    12   HIGHEST GUST DIRECTION     S (160)
  AVERAGE WIND SPEED     2.3


SKY COVER
  POSSIBLE SUNSHINE  MM
  AVERAGE SKY COVER 0.3


WEATHER CONDITIONS
 THE FOLLOWING WEATHER WAS RECORDED YESTERDAY.
  NO SIGNIFICANT WEATHER WAS OBSERVED.


RELATIVE HUMIDITY (PERCENT)
 HIGHEST    86           700 AM
 LOWEST     25           200 PM
 AVERAGE    56

..........................................................


THE YAKIMA WA CLIMATE NORMALS FOR TODAY
                         NORMAL    RECORD    YEAR
 MAXIMUM TEMPERATURE (F)   75        92      1952
 MINIMUM TEMPERATURE (F)   41        27      2000


SUNRISE AND SUNSET
SEPTEMBER 24 2017.....SUNRISE   652 AM PDT   SUNSET   655 PM PDT
SEPTEMBER 25 2017.....SUNRISE   653 AM PDT   SUNSET   653 PM PDT


-  INDICATES NEGATIVE NUMBERS.
R  INDICATES RECORD WAS SET OR TIED.
MM INDICATES DATA IS MISSING.
T  INDICATES TRACE AMOUNT.

$$
