000
CDUS46 KPDT 230904
CLIYKM

CLIMATE REPORT
NATIONAL WEATHER SERVICE PENDLETON OR
201 AM PDT FRI JUN 23 2017


...................................

...THE YAKIMA WA CLIMATE SUMMARY FOR JUNE 22 2017...

CLIMATE NORMAL PERIOD 1981 TO 2010
CLIMATE RECORD PERIOD 1946 TO 2017


WEATHER ITEM   OBSERVED TIME   RECORD YEAR NORMAL DEPARTURE LAST
                VALUE   (LST)  VALUE       VALUE  FROM      YEAR
                                                  NORMAL
..................................................................
TEMPERATURE (F)
 YESTERDAY
  MAXIMUM         84    439 PM 102    1958  81      3       89
  MINIMUM         51    447 AM  37    1997  49      2       55
                                      1987
                                      1952
  AVERAGE         68                        65      3       72

PRECIPITATION (IN)
  YESTERDAY        0.00          0.10 1963   0.02  -0.02     0.00
  MONTH TO DATE    0.19                      0.50  -0.31     0.22
  SINCE OCT 1     11.49                      7.29   4.20    10.32
  SINCE JAN 1      7.57                      4.17   3.40     5.67

SNOWFALL (IN)
  YESTERDAY        0.0           0.0  2002   0.0    0.0      0.0
                                      2001
                                      2000
  MONTH TO DATE    0.0                       0.0    0.0      0.0
  SINCE JAN 1     29.1                       8.6   20.5     12.5
  SINCE JUL 1     36.5                      21.6   14.9     31.4
  SNOW DEPTH       0

DEGREE DAYS
 HEATING
  YESTERDAY        0                         2     -2        0
  MONTH TO DATE   51                        82    -31       68
  SINCE JUN 1     51                        82    -31       68
  SINCE JUL 1   5671                      6026   -355     4656

 COOLING
  YESTERDAY        3                         3      0        7
  MONTH TO DATE   66                        36     30      104
  SINCE JUN 1     66                        36     30      104
  SINCE JAN 1    123                        56     67      143
..................................................................


WIND (MPH)
  HIGHEST WIND SPEED    16   HIGHEST WIND DIRECTION    NW (330)
  HIGHEST GUST SPEED    20   HIGHEST GUST DIRECTION    NW (330)
  AVERAGE WIND SPEED     5.8


SKY COVER
  POSSIBLE SUNSHINE  MM
  AVERAGE SKY COVER 0.0


WEATHER CONDITIONS
 THE FOLLOWING WEATHER WAS RECORDED YESTERDAY.
  NO SIGNIFICANT WEATHER WAS OBSERVED.


RELATIVE HUMIDITY (PERCENT)
 HIGHEST    66          1100 PM
 LOWEST     17           300 PM
 AVERAGE    42

..........................................................


THE YAKIMA WA CLIMATE NORMALS FOR TODAY
                         NORMAL    RECORD    YEAR
 MAXIMUM TEMPERATURE (F)   81       105      1992
 MINIMUM TEMPERATURE (F)   50        38      2003
                                             1997
                                             1993


SUNRISE AND SUNSET
JUNE 23 2017..........SUNRISE   510 AM PDT   SUNSET   859 PM PDT
JUNE 24 2017..........SUNRISE   510 AM PDT   SUNSET   859 PM PDT


-  INDICATES NEGATIVE NUMBERS.
R  INDICATES RECORD WAS SET OR TIED.
MM INDICATES DATA IS MISSING.
T  INDICATES TRACE AMOUNT.




$$
