000
CDUS41 KCLE 162212
CLIYNG


CLIMATE REPORT
NATIONAL WEATHER SERVICE CLEVELAND OH
511 PM EST TUE JAN 16 2018


...................................

...THE YOUNGSTOWN OH CLIMATE SUMMARY FOR JANUARY 16 2018...
VALID TODAY AS OF 0500 PM LOCAL TIME.

CLIMATE NORMAL PERIOD 1981 TO 2010
CLIMATE RECORD PERIOD 1897 TO 2018


WEATHER ITEM   OBSERVED TIME   RECORD YEAR NORMAL DEPARTURE LAST
                VALUE   (LST)  VALUE       VALUE  FROM      YEAR
                                                  NORMAL
..................................................................
TEMPERATURE (F)
 TODAY
  MAXIMUM         26    138 AM  56    1953  32     -6       38
  MINIMUM         14    359 PM -14    1982  19     -5       17
  AVERAGE         20                        26     -6       28

PRECIPITATION (IN)
  TODAY            0.06                      0.08  -0.02     0.07
  MONTH TO DATE    2.30                      1.38   0.92     3.46
  SINCE DEC 1      4.41                      4.37   0.04     7.03
  SINCE JAN 1      2.30                      1.38   0.92     3.46

SNOWFALL (IN)
  TODAY            0.9                       0.6    0.3      0.0
  MONTH TO DATE   17.5                       8.7    8.8      5.7
  SINCE DEC 1     36.5                      23.7   12.8     29.0
  SINCE JUL 1     37.5                      28.1    9.4     33.4
  SNOW DEPTH       7

DEGREE DAYS
 HEATING
  TODAY           45                        40      5       37
  MONTH TO DATE  747                       627    120      597
  SINCE DEC 1   1898                      1704    194     1676
  SINCE JUL 1   2996                      3033    -37     2648

 COOLING
  TODAY            0                         0      0        0
  MONTH TO DATE    0                         0      0        0
  SINCE DEC 1      0                         0      0        0
  SINCE JAN 1      0                         0      0        0
..................................................................


WIND (MPH)
  HIGHEST WIND SPEED    15   HIGHEST WIND DIRECTION    SW (240)
  HIGHEST GUST SPEED    18   HIGHEST GUST DIRECTION     W (260)


SKY COVER
  POSSIBLE SUNSHINE  MM
  AVERAGE SKY COVER 0.9


WEATHER CONDITIONS
 THE FOLLOWING WEATHER WAS RECORDED TODAY.
  LIGHT SNOW
  FOG


RELATIVE HUMIDITY (PERCENT)
 HIGHEST    92           100 AM
 LOWEST     67           200 PM
 AVERAGE    80

..........................................................


THE YOUNGSTOWN OH CLIMATE NORMALS FOR TOMORROW
                         NORMAL    RECORD    YEAR
 MAXIMUM TEMPERATURE (F)   32        59      2017
 MINIMUM TEMPERATURE (F)   19       -19      1982


SUNRISE AND SUNSET
JANUARY 16 2018.......SUNRISE   746 AM EST   SUNSET   520 PM EST
JANUARY 17 2018.......SUNRISE   745 AM EST   SUNSET   521 PM EST


-  INDICATES NEGATIVE NUMBERS.
R  INDICATES RECORD WAS SET OR TIED.
MM INDICATES DATA IS MISSING.
T  INDICATES TRACE AMOUNT.




$$
