000
CDUS41 KCLE 230545
CLIYNG


CLIMATE REPORT
NATIONAL WEATHER SERVICE CLEVELAND OH
145 AM EDT MON OCT 23 2017


...................................

...THE YOUNGSTOWN OH CLIMATE SUMMARY FOR OCTOBER 22 2017...

CLIMATE NORMAL PERIOD 1981 TO 2010
CLIMATE RECORD PERIOD 1897 TO 2017


WEATHER ITEM   OBSERVED TIME   RECORD YEAR NORMAL DEPARTURE LAST
                VALUE   (LST)  VALUE       VALUE  FROM      YEAR
                                                  NORMAL
..................................................................
TEMPERATURE (F)
 YESTERDAY
  MAXIMUM         76    240 PM  80    1979  59     17       48
                                      1947
  MINIMUM         47    408 AM  28    1992  40      7       39
  AVERAGE         62                        49     13       44

PRECIPITATION (IN)
  YESTERDAY        0.00                      0.09  -0.09     0.12
  MONTH TO DATE    1.72                      1.99  -0.27     5.39
  SINCE SEP 1      2.66                      5.74  -3.08     9.59
  SINCE JAN 1     35.38                     31.96   3.42    38.09

SNOWFALL (IN)
  YESTERDAY        0.0                       0.1   -0.1      0.0
  MONTH TO DATE    0.0                       0.4   -0.4      0.0
  SINCE SEP 1      0.0                       0.4   -0.4      0.0
  SINCE JUL 1      0.0                       0.4   -0.4      0.0
  SNOW DEPTH       0

DEGREE DAYS
 HEATING
  YESTERDAY        3                        16    -13       21
  MONTH TO DATE   95                       284   -189      173
  SINCE SEP 1    193                       429   -236      213
  SINCE JUL 1    209                       467   -258      219

 COOLING
  YESTERDAY        0                         0      0        0
  MONTH TO DATE   22                         3     19       17
  SINCE SEP 1    125                        55     70      133
  SINCE JAN 1    658                       541    117      876
..................................................................


WIND (MPH)
  HIGHEST WIND SPEED    14   HIGHEST WIND DIRECTION     S (160)
  HIGHEST GUST SPEED    21   HIGHEST GUST DIRECTION     S (160)
  AVERAGE WIND SPEED     7.8


SKY COVER
  POSSIBLE SUNSHINE  MM
  AVERAGE SKY COVER 0.6


WEATHER CONDITIONS
 THE FOLLOWING WEATHER WAS RECORDED YESTERDAY.
  NO SIGNIFICANT WEATHER WAS OBSERVED.


RELATIVE HUMIDITY (PERCENT)
 HIGHEST    93           400 AM
 LOWEST     41           200 PM
 AVERAGE    67

..........................................................


THE YOUNGSTOWN OH CLIMATE NORMALS FOR TODAY
                         NORMAL    RECORD    YEAR
 MAXIMUM TEMPERATURE (F)   58        78      1931
 MINIMUM TEMPERATURE (F)   40        23      1969


SUNRISE AND SUNSET
OCTOBER 23 2017.......SUNRISE   744 AM EDT   SUNSET   630 PM EDT
OCTOBER 24 2017.......SUNRISE   745 AM EDT   SUNSET   628 PM EDT


-  INDICATES NEGATIVE NUMBERS.
R  INDICATES RECORD WAS SET OR TIED.
MM INDICATES DATA IS MISSING.
T  INDICATES TRACE AMOUNT.




$$
