000
CDUS41 KCLE 270545
CLIYNG


CLIMATE REPORT
NATIONAL WEATHER SERVICE CLEVELAND OH
145 AM EDT SAT AUG 27 2016


...................................

...THE YOUNGSTOWN OH CLIMATE SUMMARY FOR AUGUST 26 2016...

CLIMATE NORMAL PERIOD 1981 TO 2010
CLIMATE RECORD PERIOD 1897 TO 2016


WEATHER ITEM   OBSERVED TIME   RECORD YEAR NORMAL DEPARTURE LAST
                VALUE   (LST)  VALUE       VALUE  FROM      YEAR
                                                  NORMAL
..................................................................
TEMPERATURE (F)
 YESTERDAY
  MAXIMUM         85    425 PM  95    1948  79      6       65
  MINIMUM         63   1159 PM  40    1897  57      6       55
  AVERAGE         74                        68      6       60

PRECIPITATION (IN)
  YESTERDAY        0.00                      0.11  -0.11      T
  MONTH TO DATE    3.71                      2.70   1.01     2.49
  SINCE JUN 1     11.88                     10.89   0.99    15.58
  SINCE JAN 1     26.98                     25.68   1.30    30.56

SNOWFALL (IN)
  YESTERDAY        0.0                       0.0    0.0      0.0
  MONTH TO DATE    0.0                       0.0    0.0      0.0
  SINCE JUN 1      0.0                       0.0    0.0      0.0
  SINCE JUL 1      0.0                       0.0    0.0      0.0
  SNOW DEPTH       0

DEGREE DAYS
 HEATING
  YESTERDAY        0                         1     -1        5
  MONTH TO DATE    0                        21    -21       18
  SINCE JUN 1     40                       103    -63       67
  SINCE JUL 1      6                        34    -28       25

 COOLING
  YESTERDAY        9                         4      5        0
  MONTH TO DATE  247                       134    113      130
  SINCE JUN 1    648                       429    219      425
  SINCE JAN 1    703                       468    235      537
..................................................................


WIND (MPH)
  HIGHEST WIND SPEED    10   HIGHEST WIND DIRECTION    NW (310)
  HIGHEST GUST SPEED    15   HIGHEST GUST DIRECTION    NW (300)
  AVERAGE WIND SPEED     5.4


SKY COVER
  POSSIBLE SUNSHINE  MM
  AVERAGE SKY COVER 0.5


WEATHER CONDITIONS
 THE FOLLOWING WEATHER WAS RECORDED YESTERDAY.
  FOG
  HAZE


RELATIVE HUMIDITY (PERCENT)
 HIGHEST    97           500 AM
 LOWEST     44           400 PM
 AVERAGE    71

..........................................................


THE YOUNGSTOWN OH CLIMATE NORMALS FOR TODAY
                         NORMAL    RECORD    YEAR
 MAXIMUM TEMPERATURE (F)   79        96      1948
 MINIMUM TEMPERATURE (F)   57        43      1969


SUNRISE AND SUNSET
AUGUST 27 2016........SUNRISE   645 AM EDT   SUNSET   803 PM EDT
AUGUST 28 2016........SUNRISE   646 AM EDT   SUNSET   801 PM EDT


-  INDICATES NEGATIVE NUMBERS.
R  INDICATES RECORD WAS SET OR TIED.
MM INDICATES DATA IS MISSING.
T  INDICATES TRACE AMOUNT.




$$
