000
CDUS41 KPBZ 302112
CLIZZV


CLIMATE REPORT
NATIONAL WEATHER SERVICE PITTSBURGH PA
512 PM EDT SUN AUG 30 2015


...................................

...THE ZANESVILLE OH CLIMATE SUMMARY FOR AUGUST 30 2015...
VALID TODAY AS OF 0500 PM LOCAL TIME.

CLIMATE NORMAL PERIOD 1981 TO 2010
CLIMATE RECORD PERIOD 1946 TO 2015


WEATHER ITEM   OBSERVED TIME   RECORD YEAR NORMAL DEPARTURE LAST
                VALUE   (LST)  VALUE       VALUE  FROM      YEAR
                                                  NORMAL
..................................................................
TEMPERATURE (F)
 TODAY
  MAXIMUM         88    255 PM  98    1953  81      7       90
  MINIMUM         65    630 AM  41    1986  59      6       64
  AVERAGE         77                        70      7       77

PRECIPITATION (IN)
  TODAY            T            MM      MM   0.10  -0.10      T
  MONTH TO DATE    0.76                      3.12  -2.36     3.12
  SINCE JUN 1     10.67                     10.95  -0.28    13.47
  SINCE JAN 1     26.57                     26.41   0.16    27.80

DEGREE DAYS
 HEATING
  TODAY            0                         1     -1        0
  MONTH TO DATE    8                         3      5        9
  SINCE JUN 1     32                        38     -6       31
  SINCE JUL 1      8                         6      2       21

 COOLING
  TODAY           12                         6      6       12
  MONTH TO DATE  174                       213    -39      191
  SINCE JUN 1    589                       620    -31      550
  SINCE JAN 1    706                       674     32      632
..................................................................


WIND (MPH)
  HIGHEST WIND SPEED    16   HIGHEST WIND DIRECTION     S (200)
  HIGHEST GUST SPEED    19   HIGHEST GUST DIRECTION    SW (210)
  AVERAGE WIND SPEED     4.4


SKY COVER
  POSSIBLE SUNSHINE  MM
  AVERAGE SKY COVER 0.3


WEATHER CONDITIONS
 THE FOLLOWING WEATHER WAS RECORDED TODAY.
  FOG
  HAZE


RELATIVE HUMIDITY (PERCENT)
 HIGHEST    93           500 AM
 LOWEST     45           200 PM
 AVERAGE    69

..........................................................


THE ZANESVILLE OH CLIMATE NORMALS FOR TOMORROW
                         NORMAL    RECORD    YEAR
 MAXIMUM TEMPERATURE (F)   81        98      1953
 MINIMUM TEMPERATURE (F)   58        42      1946


SUNRISE AND SUNSET
AUGUST 30 2015........SUNRISE   653 AM EDT   SUNSET   802 PM EDT
AUGUST 31 2015........SUNRISE   654 AM EDT   SUNSET   801 PM EDT


-  INDICATES NEGATIVE NUMBERS.
R  INDICATES RECORD WAS SET OR TIED.
MM INDICATES DATA IS MISSING.
T  INDICATES TRACE AMOUNT.




$$
