000
CDUS41 KPBZ 261353
CLIZZV


CLIMATE REPORT
NATIONAL WEATHER SERVICE PITTSBURGH PA
852 AM EST SUN FEB 26 2017


...................................

...THE ZANESVILLE OH CLIMATE SUMMARY FOR FEBRUARY 26 2017...
VALID AS OF 0800 AM LOCAL TIME.

CLIMATE NORMAL PERIOD 1981 TO 2010
CLIMATE RECORD PERIOD 1946 TO 2017


WEATHER ITEM   OBSERVED TIME   RECORD YEAR NORMAL DEPARTURE LAST
                VALUE   (LST)  VALUE       VALUE  FROM      YEAR
                                                  NORMAL
..................................................................
TEMPERATURE (F)
 TODAY
  MAXIMUM         30    637 AM  75    2000
  MINIMUM         29    659 AM  -7    1963  25      4       27

PRECIPITATION (IN)
  TODAY            0.00         MM      MM   0.08  -0.08      T
  MONTH TO DATE    2.30                      2.01   0.29     2.96
  SINCE JUN 1     23.83                     27.07  -3.24    26.21
  SINCE JAN 1      5.21                      4.67   0.54     3.88

DEGREE DAYS
 HEATING
  TODAY           35

 COOLING
  TODAY            0
..................................................................







THE ZANESVILLE OH CLIMATE NORMALS FOR TOMORROW
                         NORMAL    RECORD    YEAR
 MAXIMUM TEMPERATURE (F)   45        70      1996
 MINIMUM TEMPERATURE (F)   25       -11      1963


SUNRISE AND SUNSET
FEBRUARY 26 2017......SUNRISE   705 AM EST   SUNSET   616 PM EST
FEBRUARY 27 2017......SUNRISE   703 AM EST   SUNSET   618 PM EST


-  INDICATES NEGATIVE NUMBERS.
R  INDICATES RECORD WAS SET OR TIED.
MM INDICATES DATA IS MISSING.
T  INDICATES TRACE AMOUNT.




$$
