000
CDUS41 KPBZ 111223
CLIZZV


CLIMATE REPORT
NATIONAL WEATHER SERVICE PITTSBURGH PA
822 AM EDT FRI JUL 11 2014


...................................

...THE ZANESVILLE OH CLIMATE SUMMARY FOR JULY 11 2014...
VALID AS OF 0800 AM LOCAL TIME.

CLIMATE NORMAL PERIOD 1981 TO 2010
CLIMATE RECORD PERIOD 1946 TO 2014


WEATHER ITEM   OBSERVED TIME   RECORD YEAR NORMAL DEPARTURE LAST
                VALUE   (LST)  VALUE       VALUE  FROM      YEAR
                                                  NORMAL
..................................................................
TEMPERATURE (F)
 TODAY
  MINIMUM         59    556 AM  47    1996  62     -3       61

PRECIPITATION (IN)
  TODAY            0.00         MM      MM   0.14  -0.14     0.00
  MONTH TO DATE    1.05                      1.51  -0.46     3.25
  SINCE JUN 1      7.79                      5.55   2.24     9.50
  SINCE JAN 1     22.12                     21.01   1.11    20.09

DEGREE DAYS
 HEATING
  TODAY            3

 COOLING
  TODAY            0
..................................................................







THE ZANESVILLE OH CLIMATE NORMALS FOR TOMORROW
                         NORMAL    RECORD    YEAR
 MAXIMUM TEMPERATURE (F)   84        92      1983
 MINIMUM TEMPERATURE (F)   62        48      1973


SUNRISE AND SUNSET
JULY 11 2014..........SUNRISE   609 AM EDT   SUNSET   857 PM EDT
JULY 12 2014..........SUNRISE   609 AM EDT   SUNSET   857 PM EDT


-  INDICATES NEGATIVE NUMBERS.
R  INDICATES RECORD WAS SET OR TIED.
MM INDICATES DATA IS MISSING.
T  INDICATES TRACE AMOUNT.




$$
