000
CDUS41 KPBZ 210830
CLIZZV


CLIMATE REPORT
NATIONAL WEATHER SERVICE PITTSBURGH PA
330 AM EST SUN DEC 21 2014


...................................

...THE ZANESVILLE OH CLIMATE SUMMARY FOR DECEMBER 20 2014...

CLIMATE NORMAL PERIOD 1981 TO 2010
CLIMATE RECORD PERIOD 1946 TO 2014


WEATHER ITEM   OBSERVED TIME   RECORD YEAR NORMAL DEPARTURE LAST
                VALUE   (LST)  VALUE       VALUE  FROM      YEAR
                                                  NORMAL
..................................................................
TEMPERATURE (F)
 YESTERDAY
  MAXIMUM         31    509 PM  61    1957  39     -8       56
  MINIMUM         29   1159 PM  -8    1963  23      6       43
  AVERAGE         30                        31     -1       50

PRECIPITATION (IN)
  YESTERDAY        0.00         MM      MM   0.07  -0.07     0.12
  MONTH TO DATE    2.09                      1.66   0.43     2.55
  SINCE JUN 1     21.23                     21.48  -0.25    26.72
  SINCE JAN 1     35.56                     36.94  -1.38    37.31

DEGREE DAYS
 HEATING
  YESTERDAY       35                        34      1       15
  MONTH TO DATE  594                       622    -28      646
  SINCE DEC 1    594                       622    -28      646
  SINCE JUL 1   1901                      1763    138     1822

 COOLING
  YESTERDAY        0                         0      0        0
  MONTH TO DATE    0                         0      0        0
  SINCE DEC 1      0                         0      0        0
  SINCE JAN 1    727                       768    -41      856
..................................................................


WIND (MPH)
  HIGHEST WIND SPEED     7   HIGHEST WIND DIRECTION     E (70)
  HIGHEST GUST SPEED     9   HIGHEST GUST DIRECTION     E (70)
  AVERAGE WIND SPEED     1.1


SKY COVER
  POSSIBLE SUNSHINE  MM
  AVERAGE SKY COVER 1.0


WEATHER CONDITIONS
 THE FOLLOWING WEATHER WAS RECORDED YESTERDAY.
  HAZE


RELATIVE HUMIDITY (PERCENT)
 HIGHEST    75          1200 AM
 LOWEST     69           100 AM
 AVERAGE    72

..........................................................


THE ZANESVILLE OH CLIMATE NORMALS FOR TODAY
                         NORMAL    RECORD    YEAR
 MAXIMUM TEMPERATURE (F)   39        67      1967
 MINIMUM TEMPERATURE (F)   23        -7      1989


SUNRISE AND SUNSET
DECEMBER 21 2014......SUNRISE   746 AM EST   SUNSET   506 PM EST
DECEMBER 22 2014......SUNRISE   746 AM EST   SUNSET   506 PM EST


-  INDICATES NEGATIVE NUMBERS.
R  INDICATES RECORD WAS SET OR TIED.
MM INDICATES DATA IS MISSING.
T  INDICATES TRACE AMOUNT.




$$
