000
CDUS41 KPBZ 290712
CLIZZV


CLIMATE REPORT
NATIONAL WEATHER SERVICE PITTSBURGH PA
311 AM EDT MON MAY 29 2017


...................................

...THE ZANESVILLE OH CLIMATE SUMMARY FOR MAY 28 2017...

CLIMATE NORMAL PERIOD 1981 TO 2010
CLIMATE RECORD PERIOD 1946 TO 2017


WEATHER ITEM   OBSERVED TIME   RECORD YEAR NORMAL DEPARTURE LAST
                VALUE   (LST)  VALUE       VALUE  FROM      YEAR
                                                  NORMAL
..................................................................
TEMPERATURE (F)
 YESTERDAY
  MAXIMUM         80    158 PM  98    1911  75      5       89
  MINIMUM         63   1159 PM  33    1907  53     10       67
  AVERAGE         72                        64      8       78

PRECIPITATION (IN)
  YESTERDAY        0.04          1.42 1917   0.14  -0.10     0.00
  MONTH TO DATE    4.13                      3.75   0.38     2.44
  SINCE JUN 1     36.28                     37.42  -1.14    37.31
  SINCE JAN 1     17.66                     15.02   2.64    14.98

DEGREE DAYS
 HEATING
  YESTERDAY        0                         3     -3        0
  MONTH TO DATE  142                       172    -30      154
  SINCE MAR 1   1075                      1338   -263      970
  SINCE JUL 1   4427                      5529  -1102     4316

 COOLING
  YESTERDAY        7                         2      5       13
  MONTH TO DATE   45                        36      9       55
  SINCE MAR 1     76                        45     31       63
  SINCE JAN 1     77                        45     32       63
..................................................................


WIND (MPH)
  HIGHEST WIND SPEED    17   HIGHEST WIND DIRECTION    SW (210)
  HIGHEST GUST SPEED    22   HIGHEST GUST DIRECTION    NW (330)
  AVERAGE WIND SPEED     6.9


SKY COVER
  POSSIBLE SUNSHINE  MM
  AVERAGE SKY COVER 0.6


WEATHER CONDITIONS
 THE FOLLOWING WEATHER WAS RECORDED YESTERDAY.
  THUNDERSTORM
  LIGHT RAIN
  FOG


RELATIVE HUMIDITY (PERCENT)
 HIGHEST    93           500 AM
 LOWEST     58           100 PM
 AVERAGE    76

..........................................................


THE ZANESVILLE OH CLIMATE NORMALS FOR TODAY
                         NORMAL    RECORD    YEAR
 MAXIMUM TEMPERATURE (F)   76        95      1941
 MINIMUM TEMPERATURE (F)   53        32      1949


SUNRISE AND SUNSET
MAY 29 2017...........SUNRISE   602 AM EDT   SUNSET   848 PM EDT
MAY 30 2017...........SUNRISE   602 AM EDT   SUNSET   849 PM EDT


-  INDICATES NEGATIVE NUMBERS.
R  INDICATES RECORD WAS SET OR TIED.
MM INDICATES DATA IS MISSING.
T  INDICATES TRACE AMOUNT.




$$
