000
CDUS41 KPBZ 110801
CLIZZV


CLIMATE REPORT
NATIONAL WEATHER SERVICE PITTSBURGH PA
300 AM EST SUN DEC 11 2016


...................................

...THE ZANESVILLE OH CLIMATE SUMMARY FOR DECEMBER 10 2016...

CLIMATE NORMAL PERIOD 1981 TO 2010
CLIMATE RECORD PERIOD 1946 TO 2016


WEATHER ITEM   OBSERVED TIME   RECORD YEAR NORMAL DEPARTURE LAST
                VALUE   (LST)  VALUE       VALUE  FROM      YEAR
                                                  NORMAL
..................................................................
TEMPERATURE (F)
 YESTERDAY
  MAXIMUM         27    623 PM  72    1971  42    -15       57
  MINIMUM         23    938 PM -10    1958  26     -3       36
  AVERAGE         25                        34     -9       47

PRECIPITATION (IN)
  YESTERDAY        T            MM      MM   0.09  -0.09     0.00
  MONTH TO DATE    0.74                      0.89  -0.15     0.41
  SINCE JUN 1     15.10                     20.71  -5.61    19.41
  SINCE JAN 1     30.08                     36.17  -6.09    35.31

DEGREE DAYS
 HEATING
  YESTERDAY       40                        31      9       18
  MONTH TO DATE  308                       295     13      242
  SINCE DEC 1    308                       295     13      242
  SINCE JUL 1   1165                      1436   -271     1084

 COOLING
  YESTERDAY        0                         0      0        0
  MONTH TO DATE    0                         0      0        0
  SINCE DEC 1      0                         0      0        0
  SINCE JAN 1   1355                       768    587      874
..................................................................


WIND (MPH)
  HIGHEST WIND SPEED    14   HIGHEST WIND DIRECTION     W (270)
  HIGHEST GUST SPEED    18   HIGHEST GUST DIRECTION     W (270)
  AVERAGE WIND SPEED     5.5


SKY COVER
  POSSIBLE SUNSHINE  MM
  AVERAGE SKY COVER 0.9


WEATHER CONDITIONS
 THE FOLLOWING WEATHER WAS RECORDED YESTERDAY.
  LIGHT SNOW
  HAZE


RELATIVE HUMIDITY (PERCENT)
 HIGHEST    81           200 AM
 LOWEST     57           200 PM
 AVERAGE    69

..........................................................


THE ZANESVILLE OH CLIMATE NORMALS FOR TODAY
                         NORMAL    RECORD    YEAR
 MAXIMUM TEMPERATURE (F)   42        65      2015
                                             2007
 MINIMUM TEMPERATURE (F)   26        -7      1958


SUNRISE AND SUNSET
DECEMBER 11 2016......SUNRISE   739 AM EST   SUNSET   503 PM EST
DECEMBER 12 2016......SUNRISE   740 AM EST   SUNSET   503 PM EST


-  INDICATES NEGATIVE NUMBERS.
R  INDICATES RECORD WAS SET OR TIED.
MM INDICATES DATA IS MISSING.
T  INDICATES TRACE AMOUNT.




$$
