000
CDUS41 KPBZ 302239
CLIZZV


CLIMATE REPORT
NATIONAL WEATHER SERVICE PITTSBURGH PA
639 PM EDT THU MAR 30 2017


...................................

...THE ZANESVILLE OH CLIMATE SUMMARY FOR MARCH 30 2017...
VALID TODAY AS OF 0500 PM LOCAL TIME.

CLIMATE NORMAL PERIOD 1981 TO 2010
CLIMATE RECORD PERIOD 1946 TO 2017


WEATHER ITEM   OBSERVED TIME   RECORD YEAR NORMAL DEPARTURE LAST
                VALUE   (LST)  VALUE       VALUE  FROM      YEAR
                                                  NORMAL
..................................................................
TEMPERATURE (F)
 TODAY
  MAXIMUM         71    358 PM  83    1998  57     14       71
  MINIMUM         48    713 AM  16    1964  34     14       32
  AVERAGE         60                        46     14       52

PRECIPITATION (IN)
  TODAY            0.07         MM      MM   0.11  -0.04     0.00
  MONTH TO DATE    3.70                      2.88   0.82     4.05
  SINCE JUN 1     27.77                     30.11  -2.34    30.34
  SINCE JAN 1      9.15                      7.71   1.44     8.01

DEGREE DAYS
 HEATING
  TODAY            5                        19    -14       13
  MONTH TO DATE  688                       732    -44      463
  SINCE MAR 1    688                       732    -44      463
  SINCE JUL 1   4040                      4923   -883     3809

 COOLING
  TODAY            0                         0      0        0
  MONTH TO DATE    2                         0      2        2
  SINCE MAR 1      2                         0      2        2
  SINCE JAN 1      3                         0      3        2
..................................................................


WIND (MPH)
  HIGHEST WIND SPEED    16   HIGHEST WIND DIRECTION     E (100)
  HIGHEST GUST SPEED    21   HIGHEST GUST DIRECTION    SE (120)
  AVERAGE WIND SPEED     8.4


SKY COVER
  POSSIBLE SUNSHINE  MM
  AVERAGE SKY COVER 0.6


WEATHER CONDITIONS
 THE FOLLOWING WEATHER WAS RECORDED TODAY.
  THUNDERSTORM
  LIGHT RAIN


RELATIVE HUMIDITY (PERCENT)
 HIGHEST    80          1000 AM
 LOWEST     46           500 AM
 AVERAGE    63

..........................................................


THE ZANESVILLE OH CLIMATE NORMALS FOR TOMORROW
                         NORMAL    RECORD    YEAR
 MAXIMUM TEMPERATURE (F)   58        83      1998
 MINIMUM TEMPERATURE (F)   35        16      1969


SUNRISE AND SUNSET
MARCH 30 2017.........SUNRISE   714 AM EDT   SUNSET   750 PM EDT
MARCH 31 2017.........SUNRISE   713 AM EDT   SUNSET   751 PM EDT


-  INDICATES NEGATIVE NUMBERS.
R  INDICATES RECORD WAS SET OR TIED.
MM INDICATES DATA IS MISSING.
T  INDICATES TRACE AMOUNT.




$$
