000
CDUS41 KPBZ 221232
CLIZZV


CLIMATE REPORT
NATIONAL WEATHER SERVICE PITTSBURGH PA
828 AM EDT FRI SEP 22 2017


...................................

...THE ZANESVILLE OH CLIMATE SUMMARY FOR SEPTEMBER 22 2017...
VALID AS OF 0800 AM LOCAL TIME.

CLIMATE NORMAL PERIOD 1981 TO 2010
CLIMATE RECORD PERIOD 1895 TO 2017


WEATHER ITEM   OBSERVED TIME   RECORD YEAR NORMAL DEPARTURE LAST
                VALUE   (LST)  VALUE       VALUE  FROM      YEAR
                                                  NORMAL
..................................................................
TEMPERATURE (F)
 TODAY
  MAXIMUM         67   1232 AM  94    1908
                                      1895
  MINIMUM         61    658 AM  34    1897  50     11       55

PRECIPITATION (IN)
  TODAY            0.00          1.20 1989   0.10  -0.10     0.00
  MONTH TO DATE    1.55                      2.20  -0.65     1.16
  SINCE JUN 1     13.44                     13.26   0.18     9.25
  SINCE JAN 1     31.56                     28.72   2.84    24.23

DEGREE DAYS
 HEATING
  TODAY            1

 COOLING
  TODAY            0
..................................................................







THE ZANESVILLE OH CLIMATE NORMALS FOR TOMORROW
                         NORMAL    RECORD    YEAR
 MAXIMUM TEMPERATURE (F)   73        96      1936
 MINIMUM TEMPERATURE (F)   50        30      1995
                                             1947


SUNRISE AND SUNSET
SEPTEMBER 22 2017.....SUNRISE   715 AM EDT   SUNSET   724 PM EDT
SEPTEMBER 23 2017.....SUNRISE   716 AM EDT   SUNSET   723 PM EDT


-  INDICATES NEGATIVE NUMBERS.
R  INDICATES RECORD WAS SET OR TIED.
MM INDICATES DATA IS MISSING.
T  INDICATES TRACE AMOUNT.




$$
