000
CDUS41 KPBZ 212219
CLIZZV


CLIMATE REPORT
NATIONAL WEATHER SERVICE PITTSBURGH PA
514 PM EST SUN JAN 21 2018


...................................

...THE ZANESVILLE OH CLIMATE SUMMARY FOR JANUARY 21 2018...
VALID TODAY AS OF 0500 PM LOCAL TIME.

CLIMATE NORMAL PERIOD 1981 TO 2010
CLIMATE RECORD PERIOD 1895 TO 2018


WEATHER ITEM   OBSERVED TIME   RECORD YEAR NORMAL DEPARTURE LAST
                VALUE   (LST)  VALUE       VALUE  FROM      YEAR
                                                  NORMAL
..................................................................
TEMPERATURE (F)
 TODAY
  MAXIMUM         51    357 PM  73    1906  37     14       63
  MINIMUM         38    303 AM -22    1984  20     18       40
  AVERAGE         45                        29     16       52

PRECIPITATION (IN)
  TODAY            0.03          1.59 1999   0.09  -0.06      T
  MONTH TO DATE    1.49                      1.86  -0.37     2.32
  SINCE JUN 1     24.35                     24.26   0.09    20.94
  SINCE JAN 1      1.49                      1.86  -0.37     2.32

DEGREE DAYS
 HEATING
  TODAY           20                        36    -16       13
  MONTH TO DATE  913                       756    157      610
  SINCE DEC 1   1974                      1760    214     1586
  SINCE JUL 1   2958                      2901     57     2443

 COOLING
  TODAY            0                         0      0        0
  MONTH TO DATE    0                         0      0        0
  SINCE DEC 1      0                         0      0        0
  SINCE JAN 1      0                         0      0        0
..................................................................


WIND (MPH)
  HIGHEST WIND SPEED     8   HIGHEST WIND DIRECTION     S (200)
  HIGHEST GUST SPEED    10   HIGHEST GUST DIRECTION     S (190)
  AVERAGE WIND SPEED     5.3


SKY COVER
  POSSIBLE SUNSHINE  MM
  AVERAGE SKY COVER 1.0


WEATHER CONDITIONS
 THE FOLLOWING WEATHER WAS RECORDED TODAY.
  LIGHT RAIN
  FOG


RELATIVE HUMIDITY (PERCENT)
 HIGHEST   100           600 AM
 LOWEST     67          1200 AM
 AVERAGE    84

..........................................................


THE ZANESVILLE OH CLIMATE NORMALS FOR TOMORROW
                         NORMAL    RECORD    YEAR
 MAXIMUM TEMPERATURE (F)   37        72      1906
 MINIMUM TEMPERATURE (F)   20       -11      2011


SUNRISE AND SUNSET
JANUARY 21 2018.......SUNRISE   744 AM EST   SUNSET   534 PM EST
JANUARY 22 2018.......SUNRISE   744 AM EST   SUNSET   535 PM EST


-  INDICATES NEGATIVE NUMBERS.
R  INDICATES RECORD WAS SET OR TIED.
MM INDICATES DATA IS MISSING.
T  INDICATES TRACE AMOUNT.




$$
