000
CDUS41 KPBZ 052234
CLIZZV


CLIMATE REPORT
NATIONAL WEATHER SERVICE PITTSBURGH PA
534 PM EST FRI FEB 5 2016


...................................

...THE ZANESVILLE OH CLIMATE SUMMARY FOR FEBRUARY 5 2016...
VALID TODAY AS OF 0500 PM LOCAL TIME.

CLIMATE NORMAL PERIOD 1981 TO 2010
CLIMATE RECORD PERIOD 1946 TO 2016


WEATHER ITEM   OBSERVED TIME   RECORD YEAR NORMAL DEPARTURE LAST
                VALUE   (LST)  VALUE       VALUE  FROM      YEAR
                                                  NORMAL
..................................................................
TEMPERATURE (F)
 TODAY
  MAXIMUM         41    321 PM  66    1986  39      2       26
  MINIMUM         23    806 AM  -7    1979  21      2        5
  AVERAGE         32                        30      2       16

PRECIPITATION (IN)
  TODAY            0.00         MM      MM   0.08  -0.08     0.01
  MONTH TO DATE    0.77                      0.40   0.37     0.55
  SINCE JUN 1     24.02                     25.46  -1.44    25.41
  SINCE JAN 1      1.69                      3.06  -1.37     3.00

DEGREE DAYS
 HEATING
  TODAY           33                        35     -2       49
  MONTH TO DATE  115                       175    -60      193
  SINCE DEC 1   1795                      2301   -506     2300
  SINCE JUL 1   2637                      3442   -805     3607

 COOLING
  TODAY            0                         0      0        0
  MONTH TO DATE    0                         0      0        0
  SINCE DEC 1      0                         0      0        0
  SINCE JAN 1      0                         0      0        0
..................................................................


WIND (MPH)
  HIGHEST WIND SPEED    12   HIGHEST WIND DIRECTION    NW (310)
  HIGHEST GUST SPEED    17   HIGHEST GUST DIRECTION    NW (310)
  AVERAGE WIND SPEED     5.2


SKY COVER
  POSSIBLE SUNSHINE  MM
  AVERAGE SKY COVER 0.2


WEATHER CONDITIONS
 THE FOLLOWING WEATHER WAS RECORDED TODAY.
  NO SIGNIFICANT WEATHER WAS OBSERVED.


RELATIVE HUMIDITY (PERCENT)
 HIGHEST    74           700 AM
 LOWEST     40           300 PM
 AVERAGE    57

..........................................................


THE ZANESVILLE OH CLIMATE NORMALS FOR TOMORROW
                         NORMAL    RECORD    YEAR
 MAXIMUM TEMPERATURE (F)   39        65      2008
 MINIMUM TEMPERATURE (F)   21       -10      1979


SUNRISE AND SUNSET
FEBRUARY  5 2016......SUNRISE   732 AM EST   SUNSET   551 PM EST
FEBRUARY  6 2016......SUNRISE   731 AM EST   SUNSET   552 PM EST


-  INDICATES NEGATIVE NUMBERS.
R  INDICATES RECORD WAS SET OR TIED.
MM INDICATES DATA IS MISSING.
T  INDICATES TRACE AMOUNT.




$$
