113
CDUS41 KPBZ 250722
CLIZZV


CLIMATE REPORT
NATIONAL WEATHER SERVICE PITTSBURGH PA
321 AM EDT MON JUL 25 2016


...................................

...THE ZANESVILLE OH CLIMATE SUMMARY FOR JULY 24 2016...

CLIMATE NORMAL PERIOD 1981 TO 2010
CLIMATE RECORD PERIOD 1946 TO 2016


WEATHER ITEM   OBSERVED TIME   RECORD YEAR NORMAL DEPARTURE LAST
                VALUE   (LST)  VALUE       VALUE  FROM      YEAR
                                                  NORMAL
..................................................................
TEMPERATURE (F)
 YESTERDAY
  MAXIMUM         97R   300 PM  95    1999  84     13       84
  MINIMUM         71    543 AM  49    1954  62      9       54
  AVERAGE         84                        73     11       69

PRECIPITATION (IN)
  YESTERDAY        0.00         MM      MM   0.11  -0.11     0.00
  MONTH TO DATE    1.59                      3.05  -1.46     2.28
  SINCE JUN 1      4.03                      7.09  -3.06     9.62
  SINCE JAN 1     19.01                     22.55  -3.54    25.52

DEGREE DAYS
 HEATING
  YESTERDAY        0                         0      0        0
  MONTH TO DATE    0                         0      0        0
  SINCE JUN 1      4                        32    -28       24
  SINCE JUL 1      0                         0      0        0

 COOLING
  YESTERDAY       19                         8     11        4
  MONTH TO DATE  289                       192     97      151
  SINCE JUN 1    569                       350    219      338
  SINCE JAN 1    663                       404    259      455
..................................................................


WIND (MPH)
  HIGHEST WIND SPEED    17   HIGHEST WIND DIRECTION    NW (320)
  HIGHEST GUST SPEED    21   HIGHEST GUST DIRECTION    NW (310)
  AVERAGE WIND SPEED     3.6


SKY COVER
  POSSIBLE SUNSHINE  MM
  AVERAGE SKY COVER 0.1


WEATHER CONDITIONS
 THE FOLLOWING WEATHER WAS RECORDED YESTERDAY.
  THUNDERSTORM
  FOG


RELATIVE HUMIDITY (PERCENT)
 HIGHEST    93           500 AM
 LOWEST     46           200 PM
 AVERAGE    70

..........................................................


THE ZANESVILLE OH CLIMATE NORMALS FOR TODAY
                         NORMAL    RECORD    YEAR
 MAXIMUM TEMPERATURE (F)   84        95      2005
 MINIMUM TEMPERATURE (F)   62        49      1953


SUNRISE AND SUNSET
JULY 25 2016..........SUNRISE   620 AM EDT   SUNSET   847 PM EDT
JULY 26 2016..........SUNRISE   621 AM EDT   SUNSET   847 PM EDT


-  INDICATES NEGATIVE NUMBERS.
R  INDICATES RECORD WAS SET OR TIED.
MM INDICATES DATA IS MISSING.
T  INDICATES TRACE AMOUNT.




$$
