000
CXUS52 KTAE 031931
CLMAAF

CLIMATE REPORT
NATIONAL WEATHER SERVICE TALLAHASSEE FL
330 PM EDT TUE MAY 3 2016

...................................

...THE APALACHICOLA CLIMATE SUMMARY FOR THE MONTH OF APRIL 2016...

CLIMATE NORMAL PERIOD 1981 TO 2010
CLIMATE RECORD PERIOD 1931 TO 2016

WEATHER         OBSERVED                   LAST YEAR`S
                 VALUE   DATE(S)           VALUE  DATE(S)

.........................................................
TEMPERATURE (F)
HIGHEST            85   04/23                  88  04/26
LOWEST             48   04/09                  56  04/03
AVG. MAXIMUM     78.1                        81.8
AVG. MINIMUM     59.7                        68.5
MEAN             68.9                        75.1
DAYS MAX >= 90      0                           0
DAYS MAX <= 32      0                           0
DAYS MIN <= 32      0                           0
DAYS MIN <= 0       0                           0

PRECIPITATION (INCHES)
TOTALS           4.96                        3.69
DAILY AVG.       0.17                        0.12
DAYS >= .01         5                          11
DAYS >= .10         4                           8
DAYS >= .50         3                           3
DAYS >= 1.00        3                           1
GREATEST
 24 HR. TOTAL    3.65   04/01 TO 04/02       1.43

DEGREE_DAYS
HEATING TOTAL      10                           0
 SINCE 7/1        917                        1022
COOLING TOTAL     137                         313
 SINCE 1/1        234                         467
..........................................................

WIND (MPH)
AVERAGE WIND SPEED              7.9
HIGHEST WIND SPEED/DIRECTION    26/030    DATE  04/01
HIGHEST GUST SPEED/DIRECTION    34/310    DATE  04/01

SKY COVER
AVERAGE SKY COVER           0.30

AVERAGE RH (PERCENT)     78

WEATHER CONDITIONS. NUMBER OF DAYS WITH
THUNDERSTORM              0     MIXED PRECIP               0
HEAVY RAIN                3     RAIN                       3
LIGHT RAIN                6     FREEZING RAIN              0
LT FREEZING RAIN          0     HAIL                       0
HEAVY SNOW                0     SNOW                       0
LIGHT SNOW                0     SLEET                      0
FOG                      13     FOG W/VIS <= 1/4 MILE      4
HAZE                      5

-  INDICATES NEGATIVE NUMBERS.
R  INDICATES RECORD WAS SET OR TIED.
MM INDICATES DATA IS MISSING.
T  INDICATES TRACE AMOUNT.

$$
