000
CXUS51 KPHI 011044
CLMABE


CLIMATE REPORT
NATIONAL WEATHER SERVICE MOUNT HOLLY NJ
644 AM EDT THU SEP 1 2016

...................................

...THE ALLENTOWN CLIMATE SUMMARY FOR THE MONTH OF AUGUST 2016...

CLIMATE NORMAL PERIOD 1981 TO 2010
CLIMATE RECORD PERIOD 1922 TO 2016

WEATHER         OBSERVED          NORMAL  DEPART  LAST YEAR`S
                 VALUE   DATE(S)  VALUE   FROM    VALUE  DATE(S)
                                          NORMAL
................................................................
TEMPERATURE (F)
RECORD
 HIGH             105   08/07/1918
 LOW               41   08/30/1986
                        08/31/1934
HIGHEST            96                92       4       93
LOWEST             52                49       3       51
AVG. MAXIMUM     87.6              82.4     5.2     84.9
AVG. MINIMUM     65.4              60.9     4.5     60.7
MEAN             76.5              71.7     4.8     72.8
DAYS MAX >= 90     12               3.0     9.0        6
DAYS MAX <= 32      0               0.0     0.0        0
DAYS MIN <= 32      0               0.0     0.0        0
DAYS MIN <= 0       0               0.0     0.0        0

PRECIPITATION (INCHES)
RECORD
 MAXIMUM        13.47   2011
 MINIMUM         0.76   1995
TOTALS           1.99              3.69   -1.70     2.56
DAILY AVG.       0.06              0.12   -0.06     0.08
DAYS >= .01        12               9.5     2.5        5
DAYS >= .10         6               6.2    -0.2        4
DAYS >= .50         1               2.2    -1.2        2
DAYS >= 1.00        0               1.0    -1.0        1
GREATEST
 24 HR. TOTAL    0.73   08/21 TO 08/21              1.41
                        08/20 TO 08/21
                        08/21 TO 08/21

SNOWFALL (INCHES)
RECORDS
 TOTAL             MM   5
 24 HR TOTAL       MM
TOTALS            0.0               0.0     0.0      0.0
SINCE 7/1         0.0               0.0     0.0      0.0
SNOWDEPTH AVG.      0                MM      MM        0
DAYS >= 1.0         0               0.0     0.0        0
GREATEST
 SNOW DEPTH         0   MM                             0  MM
 24 HR TOTAL      0.0   08/31 TO 08/31               0.0

DEGREE_DAYS
HEATING TOTAL       0                 8      -8        0
 SINCE 7/1          0                11     -11        0
COOLING TOTAL     366               214     152      248
 SINCE 1/1       1032               679     353      887
.................................................................

WIND (MPH)
AVERAGE WIND SPEED              4.6
HIGHEST WIND SPEED/DIRECTION    30/220    DATE  08/16
HIGHEST GUST SPEED/DIRECTION    43/210    DATE  08/16

SKY COVER
POSSIBLE SUNSHINE (PERCENT)   MM
AVERAGE SKY COVER           0.30
NUMBER OF DAYS FAIR           23
NUMBER OF DAYS PC              7
NUMBER OF DAYS CLOUDY          1

AVERAGE RH (PERCENT)     69

WEATHER CONDITIONS. NUMBER OF DAYS WITH
THUNDERSTORM              0     MIXED PRECIP               0
HEAVY RAIN                6     RAIN                       5
LIGHT RAIN               12     FREEZING RAIN              0
LT FREEZING RAIN          0     HEAVY SNOW                 0
SNOW                      0     LIGHT SNOW                 0
SLEET                     0     FOG                       11
FOG W/VIS <= 1/4 MILE     0     HAZE                       4

-  INDICATES NEGATIVE NUMBERS.
R  INDICATES RECORD WAS SET OR TIED.
MM INDICATES DATA IS MISSING.
T  INDICATES TRACE AMOUNT.

$$
