000
CXUS54 KSJT 011450
CLMABI


CLIMATE REPORT
NATIONAL WEATHER SERVICE SAN ANGELO TX
833 AM CST THU FEB 1 2018

...................................

...THE ABILENE CLIMATE SUMMARY FOR THE MONTH OF JANUARY 2018...

CLIMATE NORMAL PERIOD 1981 TO 2010
CLIMATE RECORD PERIOD 1886 TO 2018

WEATHER         OBSERVED          NORMAL  DEPART  LAST YEAR`S
                 VALUE   DATE(S)  VALUE   FROM    VALUE  DATE(S)
                                          NORMAL
................................................................
TEMPERATURE (F)
RECORD
 HIGH              90   01/31/1911
 LOW               -9   01/04/1947
HIGHEST            77   01/31        MM      MM       81  01/11
LOWEST              5   01/17        MM      MM        9  01/07
AVG. MAXIMUM     57.4              56.8     0.6     59.1
AVG. MINIMUM     28.0              33.0    -5.0     35.4
MEAN             42.7              44.9    -2.2     47.2
DAYS MAX >= 90      0               0.0     0.0        0
DAYS MAX <= 32      3               1.1     1.9        1
DAYS MIN <= 32     22              14.9     7.1       12
DAYS MIN <= 0       0               0.0     0.0        0

PRECIPITATION (INCHES)
RECORD
 MAXIMUM         4.35   1968
 MINIMUM            T   2018
                        1967
TOTALS              TR             1.02   -1.02     1.93
DAILY AVG.          T              0.03   -0.03     0.06
DAYS >= .01         0               4.7    -4.7        5
DAYS >= .10         0               2.2    -2.2        4
DAYS >= .50         0               0.6    -0.6        1
DAYS >= 1.00        0               0.1    -0.1        1
GREATEST
 24 HR. TOTAL       T   01/25                       1.00  01/15



SNOWFALL (INCHES)
RECORDS
 TOTAL           13.5   1973

TOTALS              TR              1.5    -1.5        T
SINCE 7/1           T               3.3    -3.3        T
SNOWDEPTH AVG.      0                MM      MM        0
DAYS >= 1.0         0               0.4    -0.4        0
GREATEST
 SNOW DEPTH         0   MM                             0  MM
 24 HR TOTAL        T   01/15 TO 01/15

DEGREE_DAYS
HEATING TOTAL     684               624      60      548
 SINCE 7/1       1708              1669      39     1305
COOLING TOTAL       0                 1      -1        3
 SINCE 1/1          0                 0       0        3
.................................................................

WIND (MPH)
AVERAGE WIND SPEED              11.0
HIGHEST WIND SPEED/DIRECTION    37/340    DATE  01/11
HIGHEST GUST SPEED/DIRECTION    46/350    DATE  01/11

SKY COVER
AVERAGE SKY COVER           0.10

AVERAGE RH (PERCENT)     52

WEATHER CONDITIONS. NUMBER OF DAYS WITH
THUNDERSTORM              0     MIXED PRECIP               0
HEAVY RAIN                0     RAIN                       0
LIGHT RAIN                2     FREEZING RAIN              0
LT FREEZING RAIN          0     HAIL                       0
HEAVY SNOW                0     SNOW                       0
LIGHT SNOW                1     SLEET                      1
FOG                       1     FOG W/VIS <= 1/4 MILE      0
HAZE                      4

-  INDICATES NEGATIVE NUMBERS.
R  INDICATES RECORD WAS SET OR TIED.
MM INDICATES DATA IS MISSING.
T  INDICATES TRACE AMOUNT.

$$
