000
CXUS54 KSJT 011501
CLMABI


CLIMATE REPORT
NATIONAL WEATHER SERVICE SAN ANGELO TX
858 AM CST SUN FEB 1 2015

...................................

...THE ABILENE CLIMATE SUMMARY FOR THE MONTH OF JANUARY 2015...

CLIMATE NORMAL PERIOD 1981 TO 2010
CLIMATE RECORD PERIOD 1886 TO 2015

WEATHER         OBSERVED          NORMAL  DEPART  LAST YEAR`S
                 VALUE   DATE(S)  VALUE   FROM    VALUE  DATE(S)
                                          NORMAL
................................................................
TEMPERATURE (F)
RECORD
 HIGH              90   01/31/1911
 LOW               -9   01/04/1947
HIGHEST            81   01/28        MM      MM       83  01/31
LOWEST             16   01/08        MM      MM       10  01/28
AVG. MAXIMUM     53.2              56.8    -3.6     59.5
AVG. MINIMUM     32.7              33.0    -0.3     29.9
MEAN             42.9              44.9    -2.0     44.7
DAYS MAX >= 90      0               0.0     0.0        0
DAYS MAX <= 32      1               1.1    -0.1        1
DAYS MIN <= 32     15              14.9     0.1       16
DAYS MIN <= 0       0               0.0     0.0        0

PRECIPITATION (INCHES)
RECORD
 MAXIMUM         4.35   1968
 MINIMUM            T   2014
                        1967
TOTALS           1.77              1.02    0.75        T
DAILY AVG.       0.06              0.03    0.03        T
DAYS >= .01         7               4.7     2.3        0
DAYS >= .10         4               2.2     1.8        0
DAYS >= .50         1               0.6     0.4        0
DAYS >= 1.00        0               0.1    -0.1        0
GREATEST
 24 HR. TOTAL    0.94   01/21 TO 01/22

SNOWFALL (INCHES)
RECORDS
 TOTAL              T   2011
                        2010
                        2009
TOTALS              TR              1.5    -1.5      0.0
SINCE 7/1         0.1               3.3    -3.2      1.3
SNOWDEPTH AVG.      0                MM      MM        0
DAYS >= 1.0         0               0.4    -0.4        0
GREATEST
 SNOW DEPTH         0   MM                             0  MM
 24 HR TOTAL        T   01/23 TO 01/23

DEGREE_DAYS
HEATING TOTAL     676               624      52      623
 SINCE 7/1       1546              1669    -123     1793
COOLING TOTAL       0                 1      -1        0
 SINCE 1/1          0                 0       0        0
.................................................................

WIND (MPH)
AVERAGE WIND SPEED              9.3
HIGHEST WIND SPEED/DIRECTION    32/350    DATE  01/17
HIGHEST GUST SPEED/DIRECTION    42/030    DATE  01/07

SKY COVER
AVERAGE SKY COVER           0.40

AVERAGE RH (PERCENT)     63

WEATHER CONDITIONS. NUMBER OF DAYS WITH
THUNDERSTORM              0     MIXED PRECIP               0
HEAVY RAIN                0     RAIN                       1
LIGHT RAIN                7     FREEZING RAIN              1
LT FREEZING RAIN          2     HAIL                       0
HEAVY SNOW                0     SNOW                       0
LIGHT SNOW                1     SLEET                      1
FOG                      10     FOG W/VIS <= 1/4 MILE      1
HAZE                      1

-  INDICATES NEGATIVE NUMBERS.
R  INDICATES RECORD WAS SET OR TIED.
MM INDICATES DATA IS MISSING.
T  INDICATES TRACE AMOUNT.

$$
