000
CXUS54 KFWD 010834
CLMACT


CLIMATE REPORT
NATIONAL WEATHER SERVICE FORT WORTH TX
332 AM CDT WED JUL 1 2015

...................................

...THE WACO CLIMATE SUMMARY FOR THE MONTH OF JUNE 2015...

CLIMATE NORMAL PERIOD 1981 TO 2010
CLIMATE RECORD PERIOD 1901 TO 2015

WEATHER         OBSERVED          NORMAL  DEPART  LAST YEAR`S
                 VALUE   DATE(S)  VALUE   FROM    VALUE  DATE(S)
                                          NORMAL
................................................................
TEMPERATURE (F)
RECORD
 HIGH             109   06/27/1980
 LOW               52   06/01/1964
                        06/03/1919
HIGHEST            97   06/10        99      -2       94  06/30
LOWEST             60   06/01        61      -1       62  06/10
AVG. MAXIMUM     91.9              91.7     0.2     89.8
AVG. MINIMUM     71.2              70.8     0.4     71.8
MEAN             81.6              81.2     0.4     80.8
DAYS MAX >= 90     24              20.2     3.8       19
DAYS MAX <= 32      0               0.0     0.0        0
DAYS MAX >= 100     0                                  0
DAYS MIN <= 32      0               0.0     0.0        0
DAYS MIN <= 0       0               0.0     0.0        0
DAYS MIN >= 80      0                                  0

PRECIPITATION (INCHES)
RECORD
 MAXIMUM        12.06   1961
 MINIMUM            T   1934
                        1933
TOTALS           5.97              3.43    2.54     8.31
DAILY AVG.       0.20              0.11    0.09     0.28
DAYS >= .01         7               7.5    -0.5       10
DAYS >= .10         6               5.3     0.7        7
DAYS >= .50         3               2.1     0.9        3
DAYS >= 1.00        2               1.1     0.9        3
GREATEST
 24 HR. TOTAL    2.82   06/17 TO 06/17              4.39

DEGREE_DAYS
HEATING TOTAL       0                 0       0        0
 SINCE 7/1       2306              2142     164     2611
COOLING TOTAL     504               488      16      481
 SINCE 1/1        939               940      -1      868
.................................................................

WIND (MPH)
AVERAGE WIND SPEED              8.6
HIGHEST WIND SPEED/DIRECTION    33/160    DATE  06/17
HIGHEST GUST SPEED/DIRECTION    44/160    DATE  06/17

SKY COVER
POSSIBLE SUNSHINE (PERCENT)   MM
AVERAGE SKY COVER           0.20
NUMBER OF DAYS FAIR           23
NUMBER OF DAYS PC              6
NUMBER OF DAYS CLOUDY          1

AVERAGE RH (PERCENT)     70

WEATHER CONDITIONS. NUMBER OF DAYS WITH
THUNDERSTORM              8     MIXED PRECIP               0
HEAVY RAIN                5     RAIN                       6
LIGHT RAIN                9     FREEZING RAIN              0
LT FREEZING RAIN          0     HAIL                       0
HEAVY SNOW                0     SNOW                       0
LIGHT SNOW                0     SLEET                      0
FOG                      13     FOG W/VIS <= 1/4 MILE      0
HAZE                     10

-  INDICATES NEGATIVE NUMBERS.
R  INDICATES RECORD WAS SET OR TIED.
MM INDICATES DATA IS MISSING.
T  INDICATES TRACE AMOUNT.

$$
