000
CXUS54 KFWD 022316 CCA
CLMACT

CLIMATE REPORT...CORRECTED
NATIONAL WEATHER SERVICE FORT WORTH TX
615 PM CDT SAT APR 2 2016

CORRECTED THUNDERSTORM DAYS

...THE WACO CLIMATE SUMMARY FOR THE MONTH OF MARCH 2016...

CLIMATE NORMAL PERIOD 1981 TO 2010
CLIMATE RECORD PERIOD 1901 TO 2016

WEATHER         OBSERVED          NORMAL  DEPART  LAST YEAR`S
                 VALUE   DATE(S)  VALUE   FROM    VALUE  DATE(S)
                                          NORMAL
................................................................
TEMPERATURE (F)
RECORD
 HIGH             100   03/28/1971
 LOW               15   03/11/1948
                        03/03/1943
HIGHEST            89   03/14        86       3       84  03/28
LOWEST             30   03/21        29       1       20  03/06
AVG. MAXIMUM     72.7              69.2     3.5     65.9
AVG. MINIMUM     49.0              47.1     1.9     46.3
MEAN             60.8              58.2     2.6     56.1
DAYS MAX >= 90      0               0.1    -0.1        0
DAYS MAX <= 32      0               0.0     0.0        0
DAYS MAX >= 100     0                                  0
DAYS MIN <= 32      1               1.8    -0.8        4
DAYS MIN <= 0       0               0.0     0.0        0
DAYS MIN >= 80      0                                  0

PRECIPITATION (INCHES)
RECORD
 MAXIMUM         9.76   2007
 MINIMUM            T   1925
TOTALS           5.33              3.15    2.18     2.85
DAILY AVG.       0.17              0.10    0.07     0.09
DAYS >= .01         9               8.3     0.7       11
DAYS >= .10         6               4.8     1.2        8
DAYS >= .50         4               2.3     1.7        1
DAYS >= 1.00        2               0.9     1.1        1
GREATEST
 24 HR. TOTAL    2.57   03/08 TO 03/09              1.01

SNOWFALL (INCHES)
RECORDS
 TOTAL            2.5   1915
 24 HR TOTAL      2.5   03/09/1915 TO 03/09/1915
TOTALS            0.0               0.1    -0.1      0.7
SINCE 7/1         0.0               0.9    -0.9      1.4
SNOWDEPTH AVG.      0                MM      MM        0
DAYS >= TRACE       0                                  2
DAYS >= 1.0         0               0.1    -0.1        0
GREATEST
 SNOW DEPTH         0   MM                             1  03/05
 24 HR TOTAL      0.0   MM                           0.7

DEGREE_DAYS
HEATING TOTAL     151               246     -95      295
 SINCE 7/1       1628              2058    -430     2249
COOLING TOTAL      31                34      -3       27
 SINCE 1/1         39                43      -4       27
.................................................................

WIND (MPH)
AVERAGE WIND SPEED              11.3
HIGHEST WIND SPEED/DIRECTION    36/310    DATE  03/23
HIGHEST GUST SPEED/DIRECTION    47/320    DATE  03/23

SKY COVER
POSSIBLE SUNSHINE (PERCENT)   MM
AVERAGE SKY COVER           0.40
NUMBER OF DAYS FAIR           18
NUMBER OF DAYS PC              6
NUMBER OF DAYS CLOUDY          7

AVERAGE RH (PERCENT)     69

WEATHER CONDITIONS. NUMBER OF DAYS WITH
THUNDERSTORM              6     MIXED PRECIP               0
HEAVY RAIN                6     RAIN                       6
LIGHT RAIN               10     FREEZING RAIN              0
LT FREEZING RAIN          0     HAIL                       0
HEAVY SNOW                0     SNOW                       0
LIGHT SNOW                0     SLEET                      0
FOG                      18     FOG W/VIS <= 1/4 MILE      1
HAZE                      6

-  INDICATES NEGATIVE NUMBERS.
R  INDICATES RECORD WAS SET OR TIED.
MM INDICATES DATA IS MISSING.
T  INDICATES TRACE AMOUNT.

$$
