000
CXUS54 KFWD 010835
CLMACT


CLIMATE REPORT
NATIONAL WEATHER SERVICE FORT WORTH TX
332 AM CDT MON AUG 1 2016

...................................

...THE WACO CLIMATE SUMMARY FOR THE MONTH OF JULY 2016...

CLIMATE NORMAL PERIOD 1981 TO 2010
CLIMATE RECORD PERIOD 1901 TO 2016

WEATHER         OBSERVED          NORMAL  DEPART  LAST YEAR`S
                 VALUE   DATE(S)  VALUE   FROM    VALUE  DATE(S)
                                          NORMAL
................................................................
TEMPERATURE (F)
RECORD
 HIGH             109   07/12/1998
 LOW               58   07/03/2013
HIGHEST           103   07/25       102       1      103  07/30
LOWEST             71   07/01        68       3       71  07/02
AVG. MAXIMUM     98.4              96.3     2.1     96.0
AVG. MINIMUM     76.5              74.1     2.4     75.3
MEAN             87.4              85.2     2.2     85.6
DAYS MAX >= 90     31              28.1     2.9       31
DAYS MAX <= 32      0               0.0     0.0        0
DAYS MAX >= 100     7                                  3
DAYS MIN <= 32      0               0.0     0.0        0
DAYS MIN <= 0       0               0.0     0.0        0
DAYS MIN >= 80      1                                  0

PRECIPITATION (INCHES)
RECORD
 MAXIMUM         8.95   1902
 MINIMUM         0.00   2015
                        1993
                        1930
TOTALS           0.14              1.79   -1.65     0.00
DAILY AVG.       0.00              0.06   -0.06     0.00
DAYS >= .01         2               5.3    -3.3        0
DAYS >= .10         0               2.9    -2.9        0
DAYS >= .50         0               1.1    -1.1        0
DAYS >= 1.00        0               0.5    -0.5        0
GREATEST
 24 HR. TOTAL    0.08   07/29 TO 07/29              0.01

DEGREE_DAYS
HEATING TOTAL       0                 0       0        0
 SINCE 7/1          0                 0       0        0
COOLING TOTAL     704               626      78      649
 SINCE 1/1       1624              1566      58     1588
.................................................................

WIND (MPH)
AVERAGE WIND SPEED              11.9
HIGHEST WIND SPEED/DIRECTION    37/050    DATE  07/09
HIGHEST GUST SPEED/DIRECTION    46/040    DATE  07/09

SKY COVER
POSSIBLE SUNSHINE (PERCENT)   MM
AVERAGE SKY COVER           0.10
NUMBER OF DAYS FAIR           29
NUMBER OF DAYS PC              2
NUMBER OF DAYS CLOUDY          0

AVERAGE RH (PERCENT)     61

WEATHER CONDITIONS. NUMBER OF DAYS WITH
THUNDERSTORM              6     MIXED PRECIP               0
HEAVY RAIN                2     RAIN                       0
LIGHT RAIN                4     FREEZING RAIN              0
LT FREEZING RAIN          0     HAIL                       0
HEAVY SNOW                0     SNOW                       0
LIGHT SNOW                0     SLEET                      0
FOG                       1     FOG W/VIS <= 1/4 MILE      0
HAZE                      0

-  INDICATES NEGATIVE NUMBERS.
R  INDICATES RECORD WAS SET OR TIED.
MM INDICATES DATA IS MISSING.
T  INDICATES TRACE AMOUNT.

$$
