000
CXUS54 KFWD 010834
CLMACT


CLIMATE REPORT
NATIONAL WEATHER SERVICE FORT WORTH TX
332 AM CDT SAT AUG 1 2015

...THE WACO CLIMATE SUMMARY FOR THE MONTH OF JULY 2015...

CLIMATE NORMAL PERIOD 1981 TO 2010
CLIMATE RECORD PERIOD 1901 TO 2015

WEATHER         OBSERVED          NORMAL  DEPART  LAST YEAR`S
                 VALUE   DATE(S)  VALUE   FROM    VALUE  DATE(S)
                                          NORMAL
................................................................
TEMPERATURE (F)
RECORD
 HIGH             109   07/12/1998
 LOW               58   07/03/2013
HIGHEST           103   07/30       102       1      100  07/28
LOWEST             71   07/02        68       3       65  07/19
AVG. MAXIMUM     96.0              96.3    -0.3     93.8
AVG. MINIMUM     75.3              74.1     1.2     71.9
MEAN             85.6              85.2     0.4     82.9
DAYS MAX >= 90     31              28.1     2.9       28
DAYS MAX <= 32      0               0.0     0.0        0
DAYS MAX >= 100     3                                  1
DAYS MIN <= 32      0               0.0     0.0        0
DAYS MIN <= 0       0               0.0     0.0        0
DAYS MIN >= 80      0                                  0

PRECIPITATION (INCHES)
RECORD
 MAXIMUM         8.95   1902
 MINIMUM         0.00   1993
                        1930
TOTALS           0.00R             1.79   -1.79     0.15
DAILY AVG.       0.00              0.06   -0.06     0.00
DAYS >= .01         0               5.3    -5.3        1
DAYS >= .10         0               2.9    -2.9        1
DAYS >= .50         0               1.1    -1.1        0
DAYS >= 1.00        0               0.5    -0.5        0
GREATEST
 24 HR. TOTAL    0.01   06/30 TO 07/01              0.15

DEGREE_DAYS
HEATING TOTAL       0                 0       0        0
 SINCE 7/1          0                 0       0        0
COOLING TOTAL     649               626      23      563
 SINCE 1/1       1588              1566      22     1431
.................................................................

WIND (MPH)
AVERAGE WIND SPEED              12.1
HIGHEST WIND SPEED/DIRECTION    28/170    DATE  07/06
HIGHEST GUST SPEED/DIRECTION    33/180    DATE  07/06

SKY COVER
POSSIBLE SUNSHINE (PERCENT)   MM
AVERAGE SKY COVER           0.10
NUMBER OF DAYS FAIR           28
NUMBER OF DAYS PC              3
NUMBER OF DAYS CLOUDY          0

AVERAGE RH (PERCENT)     64

WEATHER CONDITIONS. NUMBER OF DAYS WITH
THUNDERSTORM              0     MIXED PRECIP               0
HEAVY RAIN                0     RAIN                       0
LIGHT RAIN                0     FREEZING RAIN              0
LT FREEZING RAIN          0     HAIL                       0
HEAVY SNOW                0     SNOW                       0
LIGHT SNOW                0     SLEET                      0
FOG                       0     FOG W/VIS <= 1/4 MILE      0
HAZE                      1

-  INDICATES NEGATIVE NUMBERS.
R  INDICATES RECORD WAS SET OR TIED.
MM INDICATES DATA IS MISSING.
T  INDICATES TRACE AMOUNT.

$$
