000
CXUS51 KPHI 031100
CLMACY


CLIMATE REPORT
NATIONAL WEATHER SERVICE MOUNT HOLLY NJ
700 AM EDT THU APR 3 2014

...................................

...THE ATLANTIC CITY CLIMATE SUMMARY FOR THE MONTH OF MARCH 2014...

CLIMATE NORMAL PERIOD 1981 TO 2010
CLIMATE RECORD PERIOD 1874 TO 2014

WEATHER         OBSERVED          NORMAL  DEPART  LAST YEAR`S
                 VALUE   DATE(S)  VALUE   FROM    VALUE  DATE(S)
                                          NORMAL
................................................................
TEMPERATURE (F)
RECORD
 HIGH              87   03/30/1998
                        03/29/1945
 LOW                2   03/03/2014
HIGHEST            69   03/11        73      -4       58  03/30
                                                          03/09
LOWEST              2R  03/03        15     -13       24  03/24
                                                          03/10
AVG. MAXIMUM     47.8              51.8    -4.0     47.4
AVG. MINIMUM     26.4              32.7    -6.3     30.4
MEAN             37.1              42.2    -5.1     38.9
DAYS MAX >= 90      0               0.0     0.0        0
DAYS MAX <= 32      4               0.4     3.6        0
DAYS MIN <= 32     23              14.8     8.2       21
DAYS MIN <= 0       0               0.0     0.0        0

PRECIPITATION (INCHES)
RECORD
 MAXIMUM         9.25   1994
 MINIMUM         0.37   2006
TOTALS           5.00              4.21    0.79     4.66
DAILY AVG.       0.16              0.14    0.02     0.15
DAYS >= .01        11              10.3     0.7       10
DAYS >= .10         8               6.8     1.2        8
DAYS >= .50         2               3.1    -1.1        4
DAYS >= 1.00        1               1.1    -0.1        2
GREATEST
 24 HR. TOTAL    2.28   03/29 TO 03/29              1.12

SNOWFALL (INCHES)
RECORDS
 TOTAL             MM   5
 24 HR TOTAL       MM
TOTALS           15.6               1.1    14.5      3.2
SINCE 7/1        43.8              16.2    27.6     14.6
SNOWDEPTH AVG.      1                MM      MM        0
DAYS >= 1.0         4               0.4     3.6        1
GREATEST
 SNOW DEPTH         4   03/17                          0  MM
                        03/04
 24 HR TOTAL      5.5   03/03 TO 03/03               2.0

DEGREE_DAYS
HEATING TOTAL     859               706     153      804
 SINCE 7/1       4722              4297     425     4222
COOLING TOTAL       0                 0       0        0
 SINCE 1/1          0                 0       0        0
.................................................................

WIND (MPH)
AVERAGE WIND SPEED              10.7
HIGHEST WIND SPEED/DIRECTION    39/310    DATE  03/13
HIGHEST GUST SPEED/DIRECTION    50/300    DATE  03/13

SKY COVER
POSSIBLE SUNSHINE (PERCENT)   MM
AVERAGE SKY COVER           0.40
NUMBER OF DAYS FAIR           16
NUMBER OF DAYS PC              7
NUMBER OF DAYS CLOUDY          8

AVERAGE RH (PERCENT)     64

WEATHER CONDITIONS. NUMBER OF DAYS WITH
THUNDERSTORM              0     MIXED PRECIP               0
HEAVY RAIN                4     RAIN                       3
LIGHT RAIN               10     FREEZING RAIN              0
LT FREEZING RAIN          1     HEAVY SNOW                 1
SNOW                      4     LIGHT SNOW                 5
SLEET                     0     FOG                       14
FOG W/VIS <= 1/4 MILE     3     HAZE                       4

-  INDICATES NEGATIVE NUMBERS.
R  INDICATES RECORD WAS SET OR TIED.
MM INDICATES DATA IS MISSING.
T  INDICATES TRACE AMOUNT.

$$
