000
CXUS51 KPHI 011840
CLMACY


CLIMATE REPORT
NATIONAL WEATHER SERVICE MOUNT HOLLY NJ
139 PM EST FRI DEC 1 2017

...................................

...THE ATLANTIC CITY CLIMATE SUMMARY FOR THE MONTH OF NOVEMBER 2017...

CLIMATE NORMAL PERIOD 1981 TO 2010
CLIMATE RECORD PERIOD 1874 TO 2017

WEATHER         OBSERVED          NORMAL  DEPART  LAST YEAR`S
                 VALUE   DATE(S)  VALUE   FROM    VALUE  DATE(S)
                                          NORMAL
................................................................
TEMPERATURE (F)
RECORD
 HIGH              81   11/03/2016
                        11/03/2003
                        11/01/1974
 LOW               10   11/23/1989
                        11/30/1875
HIGHEST            78   11/03        72       6       81  11/03
LOWEST             21   11/11        20       1       25  11/28
AVG. MAXIMUM     57.7              56.3     1.4     59.8
AVG. MINIMUM     35.9              37.2    -1.3     36.8
MEAN             46.8              46.8     0.0     48.3
DAYS MAX >= 90      0               0.0     0.0        0
DAYS MAX <= 32      0               0.1    -0.1        0
DAYS MIN <= 32     12              10.1     1.9        6
DAYS MIN <= 0       0               0.0     0.0        0

PRECIPITATION (INCHES)
RECORD
 MAXIMUM         9.65   1972
 MINIMUM         0.49   1918
TOTALS           2.42              3.27   -0.85     1.08
DAILY AVG.       0.08              0.11   -0.03     0.04
DAYS >= .01         6               9.3    -3.3        8
DAYS >= .10         5               5.6    -0.6        3
DAYS >= .50         2               2.3    -0.3        0
DAYS >= 1.00        0               1.0    -1.0        0
GREATEST
 24 HR. TOTAL    0.88   11/07 TO 11/07              0.56

SNOWFALL (INCHES)
RECORDS
 TOTAL             MM   5
 24 HR TOTAL       MM
TOTALS            0.0               0.2    -0.2        T
SINCE 7/1         0.0               0.2    -0.2        T
SNOWDEPTH AVG.      0                MM      MM        0
DAYS >= 1.0         0               0.1    -0.1        0
GREATEST
 SNOW DEPTH         0   MM                             0  MM
 24 HR TOTAL      0.0   11/30 TO 11/30                 T

DEGREE_DAYS
HEATING TOTAL     539               549     -10      499
 SINCE 7/1        703               907    -204      747
COOLING TOTAL       1                 1       0        3
 SINCE 1/1       1264              1055     209     1340
.................................................................

WIND (MPH)
AVERAGE WIND SPEED              8.2
HIGHEST WIND SPEED/DIRECTION    35/290    DATE  11/19
HIGHEST GUST SPEED/DIRECTION    52/290    DATE  11/19

SKY COVER
POSSIBLE SUNSHINE (PERCENT)   MM
AVERAGE SKY COVER           0.30
NUMBER OF DAYS FAIR           19
NUMBER OF DAYS PC              9
NUMBER OF DAYS CLOUDY          2

AVERAGE RH (PERCENT)     71

WEATHER CONDITIONS. NUMBER OF DAYS WITH
THUNDERSTORM              0     MIXED PRECIP               0
HEAVY RAIN                3     RAIN                       4
LIGHT RAIN                8     FREEZING RAIN              0
LT FREEZING RAIN          0     HEAVY SNOW                 0
SNOW                      0     LIGHT SNOW                 0
SLEET                     0     FOG                       12
FOG W/VIS <= 1/4 MILE     2     HAZE                       2

-  INDICATES NEGATIVE NUMBERS.
R  INDICATES RECORD WAS SET OR TIED.
MM INDICATES DATA IS MISSING.
T  INDICATES TRACE AMOUNT.

$$
