000
CXUS52 KCAE 011634
CLMAGS


CLIMATE REPORT
NATIONAL WEATHER SERVICE COLUMBIA SC
1131 AM EST SUN JAN 1 2017

...................................

...THE AUGUSTA BUSH FIELD GA CLIMATE SUMMARY FOR THE MONTH OF DECEMBER 2016...

CLIMATE NORMAL PERIOD 1981 TO 2010
CLIMATE RECORD PERIOD 1873 TO 2016

WEATHER         OBSERVED          NORMAL  DEPART
                 VALUE   DATE(S)  VALUE   FROM
                                          NORMAL
................................................
TEMPERATURE (F)
RECORD
 HIGH              84   12/18/2016
 LOW                5   12/21/1981
HIGHEST            84R  12/18        MM      MM
LOWEST             24   12/10        MM      MM
AVG. MAXIMUM     62.4              60.0     2.4
AVG. MINIMUM     41.8              34.5     7.3
MEAN             52.4              47.2     5.2
DAYS MAX >= 90      0               0.0     0.0
DAYS MAX <= 32      0               0.1    -0.1
DAYS MIN <= 32      5              13.5    -8.5
DAYS MIN <= 0       0               0.0     0.0

PRECIPITATION (INCHES)
RECORD
 MAXIMUM         8.97   2009
 MINIMUM         0.32   1955
TOTALS           4.41              3.39    1.02
DAILY AVG.       0.14              0.11    0.03
DAYS >= .01        10               9.2     0.8
DAYS >= .10         7               5.6     1.4
DAYS >= .50         4               2.2     1.8
DAYS >= 1.00        1               0.8     0.2
GREATEST
 24 HR. TOTAL    1.41   12/04 TO 12/05
 STORM TOTAL       MM
 (MM/DD(HH))            MM

SNOWFALL (INCHES)
RECORDS
 TOTAL              T   2009
                        2004
                        2002
TOTALS            0.0               0.1    -0.1
SINCE 7/1         0.0               0.1    -0.1
DAYS >= TRACE       0               0.1    -0.1
DAYS >= 1.0         0               0.1    -0.1
GREATEST
 SNOW DEPTH         0   MM

DEGREE_DAYS
HEATING TOTAL     366               553    -187
 SINCE 7/1        637               975    -338
COOLING TOTAL       7                 3       4
 SINCE 1/1       2516              2089     427

FREEZE DATES
RECORD
 EARLIEST     MM
 LATEST       MM
EARLIEST                        MM
LATEST                          MM
.................................................

WIND (MPH)
AVERAGE WIND SPEED              5.0
RESULTANT WIND SPEED/DIRECTION   2/334
HIGHEST WIND SPEED/DIRECTION    33/300    DATE  12/29
HIGHEST GUST SPEED/DIRECTION    44/290    DATE  12/29

SKY COVER
POSSIBLE SUNSHINE (PERCENT)   MM
AVERAGE SKY COVER           0.50
NUMBER OF DAYS FAIR           10
NUMBER OF DAYS PC             10
NUMBER OF DAYS CLOUDY         11

AVERAGE RH (PERCENT)     69

WEATHER CONDITIONS. NUMBER OF DAYS WITH
THUNDERSTORM              2     MIXED PRECIP               0
HEAVY RAIN                6     RAIN                       7
LIGHT RAIN               12     FREEZING RAIN              0
LT FREEZING RAIN          0     HAIL                       0
HEAVY SNOW                0     SNOW                       0
LIGHT SNOW                0     SLEET                      0
FOG                      19     FOG W/VIS <= 1/4 MILE      7
HAZE                     10

-  INDICATES NEGATIVE NUMBERS.
R  INDICATES RECORD WAS SET OR TIED.
MM INDICATES DATA IS MISSING.
T  INDICATES TRACE AMOUNT.

$$
