000
CXUS52 KCAE 020210 AAA
CLMAGS

CLIMATE REPORT...UPDATED...
NATIONAL WEATHER SERVICE COLUMBIA SC
910 PM EST SUN MAR 1 2015

...................................

...THE AUGUSTA BUSH FIELD GA CLIMATE SUMMARY FOR THE
   MONTH OF FEBRUARY 2015...

CLIMATE NORMAL PERIOD 1981 TO 2010
CLIMATE RECORD PERIOD 1873 TO 2015

WEATHER         OBSERVED          NORMAL  DEPART
                 VALUE   DATE(S)  VALUE   FROM
                                          NORMAL
................................................
TEMPERATURE (F)
RECORD
 HIGH              86   02/28/1962
 LOW                3   02/14/1899
HIGHEST            70   02/08        MM      MM
                        02/01
LOWEST             13   02/20        MM      MM
AVG. MAXIMUM     55.4              62.3    -6.9
AVG. MINIMUM     30.1              35.9    -5.8
MEAN             42.8              49.1    -6.3
DAYS MAX >= 90      0               0.0     0.0
DAYS MAX <= 32      0               0.0     0.0
DAYS MIN <= 32     18              10.3     7.7
DAYS MIN <= 0       0               0.0     0.0

PRECIPITATION (INCHES)
RECORD
 MAXIMUM        10.03   1899
 MINIMUM         0.52   1938
TOTALS           4.70              3.92    0.78
DAILY AVG.       0.17              0.14    0.03
DAYS >= .01        13               8.8     4.2
DAYS >= .10         6               6.2    -0.2
DAYS >= .50         4               2.8     1.2
DAYS >= 1.00        2               1.1     0.9
GREATEST
 24 HR. TOTAL    1.91   02/22 TO 02/23
 STORM TOTAL       MM
 (MM/DD(HH))            MM

SNOWFALL (INCHES)
RECORDS
 TOTAL             MM   MM
TOTALS              T               0.4    -0.4
SINCE 7/1           T               0.9    -0.9
DAYS >= TRACE       1               0.1     0.9
DAYS >= 1.0         0               0.1    -0.1
GREATEST
 SNOW DEPTH         0   MM

DEGREE_DAYS
HEATING TOTAL     615               447     168
 SINCE 7/1       2286              2032     254
COOLING TOTAL       0                 2      -2
 SINCE 1/1          0                 3      -3

FREEZE DATES
RECORD
 EARLIEST     MM
 LATEST       MM
EARLIEST                        MM
LATEST                          MM
.................................................

WIND (MPH)
AVERAGE WIND SPEED              6.8
RESULTANT WIND SPEED/DIRECTION   3/310
HIGHEST WIND SPEED/DIRECTION    35/280    DATE  02/02
HIGHEST GUST SPEED/DIRECTION    44/300    DATE  02/02

SKY COVER
POSSIBLE SUNSHINE (PERCENT)   MM
AVERAGE SKY COVER           0.40
NUMBER OF DAYS FAIR           16
NUMBER OF DAYS PC              6
NUMBER OF DAYS CLOUDY          6

AVERAGE RH (PERCENT)     62

WEATHER CONDITIONS. NUMBER OF DAYS WITH
THUNDERSTORM              1     MIXED PRECIP               0
HEAVY RAIN                4     RAIN                       7
LIGHT RAIN               13     FREEZING RAIN              0
LT FREEZING RAIN          0     HAIL                       0
HEAVY SNOW                0     SNOW                       0
LIGHT SNOW                1     SLEET                      0
FOG                      17     FOG W/VIS <= 1/4 MILE      0
HAZE                      4

-  INDICATES NEGATIVE NUMBERS.
R  INDICATES RECORD WAS SET OR TIED.
MM INDICATES DATA IS MISSING.
T  INDICATES TRACE AMOUNT.

$$
