000
CXAK57 PAJK 011332
CLMAJK

CLIMATE REPORT
NATIONAL WEATHER SERVICE JUNEAU, AK
348 AM AKST SUN FEB 1 2015

...................................

...THE JUNEAU CLIMATE SUMMARY FOR THE MONTH OF JANUARY 2015...

CLIMATE NORMAL PERIOD 1981 TO 2010
CLIMATE RECORD PERIOD 1943 TO 2015

WEATHER         OBSERVED          NORMAL  DEPART  LAST YEAR`S
                 VALUE   DATE(S)  VALUE   FROM    VALUE  DATE(S)
                                          NORMAL
................................................................
TEMPERATURE (F)
RECORD
 HIGH              57   01/06/1958
 LOW              -22   01/12/1972
HIGHEST            48   01/22        43       5       50  01/18
LOWEST             13   01/05         2      11       27  01/31
                                                          01/30
AVG. MAXIMUM     38.7              32.8     5.9     39.6
AVG. MINIMUM     31.5              23.7     7.8     33.5
MEAN             35.1              28.3     6.8     36.6
DAYS MAX >= 90      0               0.0     0.0        0
DAYS MAX <= 32      8              11.7    -3.7        1
DAYS MIN <= 32     16              22.8    -6.8       10
DAYS MIN <= 0       0               1.0    -1.0        0

PRECIPITATION (INCHES)
RECORD
 MAXIMUM        11.98   2015
 MINIMUM         0.94   1950
TOTALS          11.98              5.35    6.63    10.15
DAILY AVG.       0.39              0.17    0.22     0.33
DAYS >= .01        22              20.6     1.4       25
DAYS >= .10        20              13.0     7.0       17
DAYS >= .50        10               3.1     6.9        8
DAYS >= 1.00        3               0.8     2.2        3
GREATEST
 24 HR. TOTAL    2.59   01/20 TO 01/21           01/13 TO 01/14
                                                          01/12 TO
01/12
                                                          01/12 TO
01/12

SNOWFALL (INCHES)
RECORDS
 TOTAL           75.2   2009
 24 HR TOTAL     19.6   01/14/1966 TO 01/15/1966
 SNOW DEPTH        38   01/20/1966
TOTALS           15.1              27.7   -12.6      4.7
SINCE 7/1        28.4              57.2   -28.8     64.0
SNOWDEPTH AVG.      2                 7      -5        1
DAYS >= TRACE      10              10.6    -0.6        7
DAYS >= 1.0         3               6.9    -3.9        2
GREATEST
 SNOW DEPTH         8   01/08                          7  01/01
 24 HR TOTAL      6.0   01/28 TO 01/28           01/12 TO 01/12
                                                          01/12 TO
01/12
                                                          01/12 TO
01/12

DEGREE_DAYS
HEATING TOTAL     920              1139    -219      874
 SINCE 7/1       4301              4860    -559     4499
COOLING TOTAL       0                 0       0        0
 SINCE 1/1          0                 0       0        0

FREEZE DATES
RECORD
 EARLIEST     08/24/1969
 LATEST       06/13/1965
EARLIEST                        09/30
LATEST                          05/12
...................................................

WIND (MPH)
AVERAGE WIND SPEED              9.1
RESULTANT WIND SPEED/DIRECTION   9/107
HIGHEST WIND SPEED/DIRECTION    37/120    DATE  01/21
HIGHEST GUST SPEED/DIRECTION    49/110    DATE  01/21

SKY COVER
POSSIBLE SUNSHINE (PERCENT)   MM
AVERAGE SKY COVER           0.80
NUMBER OF DAYS FAIR            2
NUMBER OF DAYS PC              4
NUMBER OF DAYS CLOUDY         25

AVERAGE RH (PERCENT)     85

WEATHER CONDITIONS. NUMBER OF DAYS WITH
THUNDERSTORM              0     MIXED PRECIP               2
HEAVY RAIN                0     RAIN                      11
LIGHT RAIN               23     FREEZING RAIN              0
LT FREEZING RAIN          3     HAIL                       0
HEAVY SNOW                0     SNOW                       6
LIGHT SNOW                7     SLEET                      2
FOG                      27     FOG W/VIS <= 1/4 MILE      6
HAZE                      0

-  INDICATES NEGATIVE NUMBERS.
R  INDICATES RECORD WAS SET OR TIED.
MM INDICATES DATA IS MISSING.
T  INDICATES TRACE AMOUNT.

&&

...A WET AND WARM START TO 2015...

JANUARY 2015 WAS A REMARKABLY WARM AND RECORD WET MONTH. THE MONTHLY
AVERAGE TEMPERATURE WAS ABOUT 3 DEGREES ABOVE THE FREEZING POINT.
BETWEEN THE 12TH AND THE 25TH OF JANUARY...TEMPERATURES WERE RUNNING
ABOUT 10 DEGREES WARMER THAN NORMAL. DURING THAT 2-WEEK PERIOD...THE
DAILY LOW TEMPERATURES WERE HIGHER THAN THE NORMAL DAILY HIGH
TEMPERATURES. THERE WERE 15 DAYS WITH HIGH TEMPERATURES ABOVE THE
40-DEGREE MARK. THE MERCURY DROPPED BELOW THE 20-DEGREE MARK FOR ONLY 3
DAYS THIS MONTH.

WITH NEARLY 12 INCHES OF LIQUID EQUIVALENT PRECIPITATION...JANUARY 2015
WAS THE WETTEST JANUARY SINCE RECORD KEEPING IN 1943. THE PREVIOUS
MONTHLY PRECIPITATION RECORD WAS 10.15 INCHES SET IN 2014. THERE WERE
ONLY 4 DAYS WHERE NO PRECIPITATION WERE MEASURED. IN ADDITION...THERE
WERE 3 DAILY PRECIPITATION RECORDS BROKEN THIS MONTH.

WITH A PERSISTENT WARM AND WET PATTERN...JANUARY 2015 WAS NOT A GOOD
SNOW MONTH. THERE WAS AROUND 15 INCHES OF SNOWFALL IN JANUARY...WHICH
WAS ABOUT 55 PERCENT OF THE NORMAL SNOWFALL AMOUNT. THERE WERE 19 DAYS
IN JANUARY WHEN THE SNOW DEPTH WAS NIL AT THE AIRPORT.

THE HIGHEST WIND GUST AT THE AIRPORT WAS 56 MPH FROM THE SOUTHEAST ON
THE 21ST. THE HIGHEST WIND GUST AT THE DOUGLAS BOAT HARBOR WAS 78 MPH
FROM THE NORTHEAST ON THE 4TH.

$$
