000
CXAK58 PAKN 031630
CLMAKN

CLIMATE REPORT
NATIONAL WEATHER SERVICE KING SALMON, AK
830 AM AKDT TUE MAY 3 2016

...................................

...THE KING SALMON AP CLIMATE SUMMARY FOR THE MONTH OF APRIL 2016...

CLIMATE NORMAL PERIOD 1981 TO 2010
CLIMATE RECORD PERIOD 1949 TO 2016

WEATHER         OBSERVED          NORMAL  DEPART  LAST YEAR`S
                 VALUE   DATE(S)  VALUE   FROM    VALUE  DATE(S)
                                          NORMAL
................................................................
TEMPERATURE (F)
RECORD
 HIGH              69   4/30/2005
 LOW              -19   4/06/1956
HIGHEST            61   4/21         55       6      60  4/26
LOWEST             22                 6      16      16  4/12
AVG. MAXIMUM       53.8              42.4    11.4    44.5
AVG. MINIMUM       32.5              24.9     7.6    27.6
MEAN               43.2              33.7     9.5    36.1
DAYS MAX >= 90      0                 0.0     0.0     0
DAYS MAX <= 32      0                 3.7    -3.7     1
DAYS MAX >= 80      0                 0.0     0.0     0
DAYS MAX >= 70      0                 0.0     0.0     0
DAYS MIN <= 32     14                21.6    -7.6    25
DAYS MIN <= 0       0                 0.7    -0.7     0

PRECIPITATION (INCHES)
RECORD
 MAXIMUM            2.99   1963
 MINIMUM            0.19   1992
TOTALS              0.85              0.97   -0.12    2.18
DAILY AVG.          0.03              0.03    0.00    0.07
DAYS >= .01         9                 9.7    -0.7    15
DAYS >= .10         5                 3.0     2.0     6
DAYS >= .50         0                 0.1    -0.1     2
DAYS >= 1.0         0                 0.0     0.0     0
GREATEST
 24 HR TOTAL        0.19   4/26                       0.63  4/06

SNOWFALL (INCHES)
RECORDS
 TOTAL             16.0   1968
 24 HR TOTAL        7.2   4-10-1999
 SNOW DEPTH        13     4-02-1966
TOTALS              0.0               3.9    -3.9    12.1
SINCE 7/1          38.8              47.3    -8.5    26.1
SNOWDEPTH AVG.      0                 0       0       0
DAYS >= TRACE       0                11.5   -11.5    14
DAYS >= 1.0         0                 1.5    -1.5     3
DAYS >= 6.0         0                 0.1    -0.1     0
GREATEST
 SNOW DEPTH         0   MM                            6  4/09
 24 HR TOTAL      0.0   MM                          4.5  4/08

DEGREE_DAYS
HEATING TOTAL     647               940    -293     862
 SINCE 7/1       7566              9823   -2257    8122
COOLING TOTAL       0                 0       0       0
 SINCE 1/1          0                 0       0       0
................................................................

WIND (MPH)
AVERAGE WIND SPEED               10.0
HIGHEST WIND SPEED/DIRECTION     40/140    DATE    04/9
HIGHEST GUST SPEED/DIRECTION     52/140    DATE    04/9

SKY COVER
POSSIBLE SUNSHINE (PERCENT)   MM
AVERAGE SKY COVER             MM
NUMBER OF DAYS FAIR           MM
NUMBER OF DAYS PC             MM
NUMBER OF DAYS CLOUDY         MM

AVERAGE RH (PERCENT)     MM

WEATHER CONDITIONS. NUMBER OF DAYS WITH
THUNDERSTORM              0     ICE PELLETS                 0
RAIN                     19     GLAZE                       0
DRIZZLE                   0     HAIL                        0
SNOW                      0     HAZE                        0
FOG                       7     FOG W/VIS <= 1/4 MILE       2
BLOWING SNOW              0


-  INDICATES NEGATIVE NUMBERS.
R  INDICATES RECORD WAS SET OR TIED.
MM INDICATES DATA IS MISSING.
T  INDICATES TRACE AMOUNT.

&&


$$
KH MAY 16
