000
CXUS55 KPUB 011626
CLMALS


CLIMATE REPORT
NATIONAL WEATHER SERVICE PUEBLO
1025 AM MDT FRI APR 1 2016

...................................

...THE ALAMOSA CO CLIMATE SUMMARY FOR THE MONTH OF MARCH 2016...

CLIMATE NORMAL PERIOD 1981 TO 2010
CLIMATE RECORD PERIOD 1932 TO 2016

WEATHER         OBSERVED          NORMAL  DEPART  LAST YEAR`S
                 VALUE   DATE(S)  VALUE   FROM    VALUE  DATE(S)
                                          NORMAL
................................................................
TEMPERATURE (F)
RECORD
 HIGH              76   03/31/2012
 LOW              -20   03/04/1964
HIGHEST            68   03/21        54      14       71  03/30
                                                          03/28
LOWEST             -3   03/27        11     -14        6  03/05
AVG. MAXIMUM     54.6              50.1     4.5     56.4
AVG. MINIMUM     15.6              16.9    -1.3     22.5
MEAN             35.1              33.5     1.6     39.4
DAYS MAX >= 90      0               0.0     0.0
DAYS MAX <= 32      1               0.7     0.3
DAYS MIN <= 32     30              30.4    -0.4
DAYS MIN <= 0       2               0.9     1.1

PRECIPITATION (INCHES)
RECORD
 MAXIMUM         1.62   1992
 MINIMUM            T   1999
                        1955
                        1907
TOTALS           0.52              0.53   -0.01     0.40
DAILY AVG.       0.02              0.02    0.00
DAYS >= .01         3               5.4    -2.4
DAYS >= .10         1               1.7    -0.7
DAYS >= .50         0               0.1    -0.1
DAYS >= 1.00        0               0.0     0.0
GREATEST
 24 HR. TOTAL    0.47   03/25 TO 03/26

SNOWFALL (INCHES)
RECORDS
 TOTAL           29.2   1973
TOTALS            8.2               5.0     3.2        T
SINCE 7/1        27.0              23.1     3.9     23.1
SNOWDEPTH AVG.      0
DAYS >= 1.0         2               1.7     0.3
GREATEST
 SNOW DEPTH         7   03/26                          3
                        03/27
 24 HR TOTAL      7.0   03/26 TO 03/26                 T

DEGREE_DAYS
HEATING TOTAL     917               977     -60      785
 SINCE 7/1       6683              7306    -623     6277
COOLING TOTAL       0                 0       0        0
 SINCE 1/1          0                 0       0        0
.................................................................

WIND (MPH)
AVERAGE WIND SPEED              9.3
HIGHEST WIND SPEED/DIRECTION    45/230    DATE  03/22
HIGHEST GUST SPEED/DIRECTION    61/240    DATE  03/22

SKY COVER
POSSIBLE SUNSHINE (PERCENT)   MM
AVERAGE SKY COVER           0.20
NUMBER OF DAYS FAIR           25
NUMBER OF DAYS PC              5
NUMBER OF DAYS CLOUDY          1

AVERAGE RH (PERCENT)     48

WEATHER CONDITIONS. NUMBER OF DAYS WITH
THUNDERSTORM              0     MIXED PRECIP               0
HEAVY RAIN                0     RAIN                       1
LIGHT RAIN                4     FREEZING RAIN              0
LT FREEZING RAIN          0     HAIL                       0
HEAVY SNOW                1     SNOW                       2
LIGHT SNOW                3     SLEET                      0
FOG                       3     FOG W/VIS <= 1/4 MILE      2
HAZE                      0

-  INDICATES NEGATIVE NUMBERS.
R  INDICATES RECORD WAS SET OR TIED.
MM INDICATES DATA IS MISSING.
T  INDICATES TRACE AMOUNT.

$$
