000
CXUS55 KPUB 011853 CCA
CLMALS

CLIMATE REPORT...COR FOR TSTM DATA
NATIONAL WEATHER SERVICE PUEBLO
501 AM MDT WED JUL 1 2015

...................................

...THE ALAMOSA CO CLIMATE SUMMARY FOR THE MONTH OF JUNE 2015...

CLIMATE NORMAL PERIOD 1981 TO 2010
CLIMATE RECORD PERIOD 1932 TO 2015

WEATHER         OBSERVED          NORMAL  DEPART  LAST YEAR`S
                 VALUE   DATE(S)  VALUE   FROM    VALUE  DATE(S)
                                          NORMAL
................................................................
TEMPERATURE (F)
RECORD
 HIGH              95   06/26/1994
 LOW               23   06/03/1936
HIGHEST            92   06/22        81      11       90  06/29
                        06/21
LOWEST             34   06/03        37      -3       29  06/15
                                                          06/10
AVG. MAXIMUM     81.7              78.6     3.1     81.8
AVG. MINIMUM     44.4              40.6     3.8     39.3
MEAN             63.0              59.6     3.4     60.6
DAYS MAX >= 90      2               0.4     1.6
DAYS MAX <= 32      0               0.0     0.0
DAYS MIN <= 32      0               1.7    -1.7
DAYS MIN <= 0       0               0.0     0.0

PRECIPITATION (INCHES)
RECORD
 MAXIMUM         1.95   1933
 MINIMUM            T   1946
                        1980
                        2011
TOTALS           1.19              0.49    0.70     0.02
DAILY AVG.       0.04              0.02    0.02
DAYS >= .01         8               5.1     2.9
DAYS >= .10         3               1.7     1.3
DAYS >= .50         1               0.0     1.0
DAYS >= 1.00        0               0.0     0.0
GREATEST
 24 HR. TOTAL    0.62   06/13 TO 06/14

SNOWFALL (INCHES)
RECORDS
 TOTAL            1.2   1950
TOTALS            0.0               0.0     0.0      0.0
SINCE 7/1        23.8              27.6    -3.8     39.8
SNOWDEPTH AVG.      0
DAYS >= 1.0         0               0.0     0.0
GREATEST
 SNOW DEPTH         0   MM                             0
 24 HR TOTAL      0.0   06/30 TO 06/30               0.0

DEGREE_DAYS
HEATING TOTAL      76               168     -92      126
 SINCE 7/1       7457              8594   -1137     8672
COOLING TOTAL      24                 6      18        1
 SINCE 1/1         24                 6      18        1
.................................................................

WIND (MPH)
AVERAGE WIND SPEED              7.5
HIGHEST WIND SPEED/DIRECTION    47/250    DATE  06/06
HIGHEST GUST SPEED/DIRECTION    62/240    DATE  06/06

SKY COVER
POSSIBLE SUNSHINE (PERCENT)   MM
AVERAGE SKY COVER           0.10
NUMBER OF DAYS FAIR           26
NUMBER OF DAYS PC              4
NUMBER OF DAYS CLOUDY          0

AVERAGE RH (PERCENT)     51

WEATHER CONDITIONS. NUMBER OF DAYS WITH
THUNDERSTORM              8     MIXED PRECIP               0
HEAVY RAIN                3     RAIN                       4
LIGHT RAIN               14     FREEZING RAIN              0
LT FREEZING RAIN          0     HAIL                       0
HEAVY SNOW                0     SNOW                       0
LIGHT SNOW                0     SLEET                      0
FOG                       4     FOG W/VIS <= 1/4 MILE      1
HAZE                      1

-  INDICATES NEGATIVE NUMBERS.
R  INDICATES RECORD WAS SET OR TIED.
MM INDICATES DATA IS MISSING.
T  INDICATES TRACE AMOUNT.

$$
