000
CXUS55 KPUB 011818
CLMALS
CLIMATE REPORT
NATIONAL WEATHER SERVICE
1118 AM MST FRI MAR 01 2024
...................................
...THE ALAMOSA CO CLIMATE SUMMARY FOR THE MONTH OF FEBRUARY 2024...
CLIMATE NORMAL PERIOD 1991 TO 2020
CLIMATE RECORD PERIOD 1932 TO 2024
WEATHER OBSERVED NORMAL DEPART LAST YEAR`S
VALUE DATE(S) VALUE FROM VALUE DATE(S)
NORMAL
................................................................
TEMPERATURE (F)
RECORD
HIGH 66 02/25/1986
LOW -35 02/13/1948
HIGHEST 58 02/20 44 14 54 02/05
02/25
LOWEST 02/11 0 -1 -24 02/17
AVG. MAXIMUM 45.3 41.2 4.1 41.7
AVG. MINIMUM 12.7 7.4 5.3 3.9
MEAN 29.0 24.3 4.7 22.8
DAYS MAX >= 90 0 0.0 0.0
DAYS MAX <= 32 1 5.3 -4.3
DAYS MIN <= 32 29 27.9 1.1
DAYS MIN <= 0 1 7.3 -6.3
PRECIPITATION (INCHES)
RECORD
MAXIMUM 1.42 1963
MINIMUM 0.00 1907
TOTALS 0.46 0.28 0.18 0.38
DAILY AVG. 0.02 NAN NAN
DAYS >= .01 8 3.9 4.1
DAYS >= .10 3 0.9 2.1
DAYS >= .50 0 0.0 0.0
DAYS >= 1.00 0 0.0 0.0
GREATEST
24 HR. TOTAL 0.14 02/06 TO 02/07
SNOWFALL (INCHES)
RECORDS
TOTAL 16.0 1963
TOTALS 4.5 4.1 0.4 7.5
SINCE 7/1 13.5 19.3 -5.8 MM
SNOWDEPTH AVG. 0
DAYS >= 1.0 3 1.3 1.7
GREATEST
SNOW DEPTH 1 02/03 5
02/10
02/11
02/17
24 HR TOTAL 1.2 02/02 TO 02/03 4.5
02/10 TO 02/10
DEGREE DAYS
HEATING TOTAL 1037 1140 -103 1175
SINCE 7/1 5553 6238 -685 MM
COOLING TOTAL 0 0 0 0
SINCE 1/1 0 0 0 MM
................................................................
WIND (MPH)
AVERAGE WIND SPEED 7.1
HIGHEST WIND SPEED/DIRECTION 40/260 DATE 02/26
HIGHEST GUST SPEED/DIRECTION 58/250 DATE 02/26
SKY COVER
POSSIBLE SUNSHINE (PERCENT) MM
AVERAGE SKY COVER 0.21
NUMBER OF DAYS FAIR 24
NUMBER OF DAYS PC 2
NUMBER OF DAYS CLOUDY 3
AVERAGE RH (PERCENT) 60
WEATHER CONDITIONS. NUMBER OF DAYS WITH
THUNDERSTORM 0 MIXED PRECIP 0
HEAVY RAIN 0 RAIN 0
LIGHT RAIN 5 FREEZING RAIN 0
LT FREEZING RAIN 0 HAIL 0
HEAVY SNOW 3 SNOW 4
LIGHT SNOW 9 SLEET 0
FOG 8 FOG W/VIS <= 1/4 MILE 4
HAZE 2
- INDICATES NEGATIVE NUMBERS.
R INDICATES RECORD WAS SET OR TIED.
MM INDICATES DATA IS MISSING.
T INDICATES TRACE AMOUNT.
$$