000
CXUS53 KAPX 011223
CLMANJ


CLIMATE REPORT
NATIONAL WEATHER SERVICE GAYLORD MI
823 AM EDT TUE APR 1 2014

...................................

...THE SAULT STE MARIE MI CLIMATE SUMMARY FOR THE MONTH OF MARCH 2014...

CLIMATE NORMAL PERIOD 1981 TO 2010
CLIMATE RECORD PERIOD 1888 TO 2014

WEATHER         OBSERVED          NORMAL  DEPART  LAST YEAR`S
                 VALUE   DATE(S)  VALUE   FROM    VALUE  DATE(S)
                                          NORMAL
................................................................
TEMPERATURE (F)
RECORD
 HIGH              83   03/21/2012
 LOW              -27   03/06/1890
HIGHEST            43   03/10        MM      MM       46  03/30
LOWEST            -16   03/02        MM      MM        3  03/17
AVG. MAXIMUM     26.7              34.7    -8.0     33.0
AVG. MINIMUM      7.2              17.9   -10.7     18.1
MEAN             16.9              26.3    -9.4     25.6
DAYS MAX >= 90      0               0.0     0.0        0
DAYS MAX <= 32     21              11.7     9.3       15
DAYS MIN <= 32     30              27.8     2.2       29
DAYS MIN <= 0      13               2.5    10.5        0

PRECIPITATION (INCHES)
RECORD
 MAXIMUM           MM   MM
 MINIMUM           MM   MM
TOTALS           1.71              1.95   -0.24     2.60
DAILY AVG.       0.06              0.06    0.00     0.08
DAYS >= .01        14              12.3     1.7       15
DAYS >= .10         5               5.3    -0.3        8
DAYS >= .50         1               1.0     0.0        1
DAYS >= 1.00        0               0.1    -0.1        0
GREATEST
 24 HR. TOTAL    0.53   03/27 TO 03/27
 STORM TOTAL       MM
 (MM/DD(HH))            MM

SNOWFALL (INCHES)
RECORDS
 TOTAL             MM   MM
TOTALS           18.2              13.4     4.8     18.8
SINCE 7/1       124.3             113.6    10.7    139.6
SNOWDEPTH AVG.     27                16      11       25
DAYS >= TRACE      17              10.1     6.9       18
DAYS >= 1.0         6               4.1     1.9        7
GREATEST
 SNOW DEPTH        32   03/28                         30  03/21
 24 HR TOTAL      4.4   MM                           4.3

DEGREE_DAYS
HEATING TOTAL    1434              1200     234
 SINCE 7/1       8214              7326     888
COOLING TOTAL       0                 0       0
 SINCE 1/1          0                 0       0

FREEZE DATES
RECORD
 EARLIEST     MM
 LATEST       MM
EARLIEST                        MM
LATEST                          MM
.................................................................

WIND (MPH)
AVERAGE WIND SPEED              7.5
HIGHEST WIND SPEED/DIRECTION    32/320    DATE  03/22
HIGHEST GUST SPEED/DIRECTION    44/310    DATE  03/22

SKY COVER
POSSIBLE SUNSHINE (PERCENT)   MM
AVERAGE SKY COVER           0.50
NUMBER OF DAYS FAIR           12
NUMBER OF DAYS PC             11
NUMBER OF DAYS CLOUDY          8

AVERAGE RH (PERCENT)     70

WEATHER CONDITIONS. NUMBER OF DAYS WITH
THUNDERSTORM              0     MIXED PRECIP               0
HEAVY RAIN                0     RAIN                       0
LIGHT RAIN                2     FREEZING RAIN              0
LT FREEZING RAIN          0     HAIL                       0
HEAVY SNOW                0     SNOW                       5
LIGHT SNOW               17     SLEET                      0
FOG                      14     FOG W/VIS <= 1/4 MILE      3
HAZE                      6

-  INDICATES NEGATIVE NUMBERS.
R  INDICATES RECORD WAS SET OR TIED.
MM INDICATES DATA IS MISSING.
T  INDICATES TRACE AMOUNT.

$$
