000
CXUS51 KCTP 010657
CLMAOO

CLIMATE REPORT
NATIONAL WEATHER SERVICE STATE COLLEGE PA
241 AM EDT TUE AUG 1 2017

...................................

...THE ALTOONA CLIMATE SUMMARY FOR THE MONTH OF JULY 2017...

CLIMATE NORMAL PERIOD 1981 TO 2010
CLIMATE RECORD PERIOD 1948 TO 2017

WEATHER         OBSERVED          NORMAL  DEPART  LAST YEAR`S
                 VALUE   DATE(S)  VALUE   FROM    VALUE  DATE(S)
                                          NORMAL
................................................................
TEMPERATURE (F)
RECORD
 HIGH             103   07/22/2011
 LOW               41   07/21/1966

HIGHEST            88   07/19                         95  07/25
                                                          07/24
LOWEST             48   07/30                         51  07/03
AVG. MAXIMUM     81.2              81.4    -0.2     85.2
AVG. MINIMUM     62.1              59.9     2.2     62.4
MEAN             71.7              70.6     1.1     73.8
DAYS MAX >= 90      0                MM      MM        8
DAYS MAX <= 32      0                MM      MM        0
DAYS MIN <= 32      0                MM      MM        0
DAYS MIN <= 0       0                MM      MM        0

PRECIPITATION (INCHES)
RECORD
 MAXIMUM         8.74   1989
 MINIMUM         0.98   2002

TOTALS           5.56              3.26    2.30     1.78
DAILY AVG.       0.18              0.11    0.07     0.06
DAYS >= .01        17                MM      MM        8
DAYS >= .10        11                MM      MM        5
DAYS >= .50         3                MM      MM        1
DAYS >= 1.00        1                MM      MM        0
GREATEST
 24 HR. TOTAL    1.78   07/28 TO 07/28

DEGREE_DAYS
HEATING TOTAL       6                10      -4        4
 SINCE 7/1          6                10      -4        4
COOLING TOTAL     221               185      36      287
 SINCE 1/1        450               327     123      471
.................................................

WIND (MPH)
AVERAGE WIND SPEED              5.0
HIGHEST WIND SPEED/DIRECTION    28/150    DATE  07/18
HIGHEST GUST SPEED/DIRECTION    35/150    DATE  07/18

SKY COVER
POSSIBLE SUNSHINE (PERCENT)   MM
AVERAGE SKY COVER           0.40
NUMBER OF DAYS FAIR           15
NUMBER OF DAYS PC             13
NUMBER OF DAYS CLOUDY          3

AVERAGE RH (PERCENT)     79

WEATHER CONDITIONS. NUMBER OF DAYS WITH
THUNDERSTORM              8     MIXED PRECIP               0
HEAVY RAIN               12     RAIN                       7
LIGHT RAIN               18     FREEZING RAIN              0
LT FREEZING RAIN          0     HAIL                       0
HEAVY SNOW                0     SNOW                       0
LIGHT SNOW                0     SLEET                      0
FOG                      25     FOG W/VIS <= 1/4 MILE      4
HAZE                      6

-  INDICATES NEGATIVE NUMBERS.
R  INDICATES RECORD WAS SET OR TIED.
MM INDICATES DATA IS MISSING.
T  INDICATES TRACE AMOUNT.

$$

LA CORTE
