000
CXUS51 KBUF 011146
CLMART


CLIMATE REPORT
NATIONAL WEATHER SERVICE BUFFALO NY
745 AM EDT SAT AUG 1 2015

...................................

...THE WATERTOWN NY CLIMATE SUMMARY FOR THE MONTH OF JULY 2015...

CLIMATE NORMAL PERIOD 1981 TO 2010
CLIMATE RECORD PERIOD 1949 TO 2015

WEATHER         OBSERVED          NORMAL  DEPART  LAST YEAR`S
                 VALUE   DATE(S)  VALUE   FROM    VALUE  DATE(S)
                                          NORMAL
................................................................
TEMPERATURE (F)
RECORD
 HIGH              99   07/07/2008
 LOW               33   07/02/1962
HIGHEST            87   07/29                         90  07/01
LOWEST             42   07/16                         48  07/11
AVG. MAXIMUM     77.6              79.2    -1.6     77.5
AVG. MINIMUM     57.3              58.1    -0.8     58.8
MEAN             67.5              68.6    -1.1     68.1
DAYS MAX >= 90      0               0.6    -0.6        1
DAYS MAX <= 32      0               0.0     0.0        0
DAYS MIN <= 32      0               0.0     0.0        0
DAYS MIN <= 0       0               0.0     0.0        0

PRECIPITATION (INCHES)
RECORD
 MAXIMUM           MM   MM
 MINIMUM           MM   MM
TOTALS           1.59              2.65   -1.06     5.03
DAYS >= .01        12              10.1     1.9       12
DAYS >= .10         6               6.1    -0.1       10
DAYS >= .50         0               1.7    -1.7        4
DAYS >= 1.00        0               0.5    -0.5        2
GREATEST
 24 HR. TOTAL    0.47   06/30 TO 07/01

DEGREE_DAYS
HEATING TOTAL      38                26      12       19
 SINCE 7/1         38                26      12       19
COOLING TOTAL     123               139     -16      123
 SINCE 1/1        200               212     -12      258
....................................................

WIND (MPH)
AVERAGE WIND SPEED              6.4
HIGHEST WIND SPEED/DIRECTION    26/260
HIGHEST GUST SPEED/DIRECTION    36/260    DATE  07/07

SKY COVER
POSSIBLE SUNSHINE (PERCENT)   MM
AVERAGE SKY COVER           0.30
NUMBER OF DAYS FAIR           20
NUMBER OF DAYS PC             10
NUMBER OF DAYS CLOUDY          1

AVERAGE RH (PERCENT)     73

WEATHER CONDITIONS. NUMBER OF DAYS WITH
THUNDERSTORM              2     MIXED PRECIP               0
HEAVY RAIN                7     RAIN                       7
LIGHT RAIN               13     FREEZING RAIN              0
LT FREEZING RAIN          0     HAIL                       0
HEAVY SNOW                0     SNOW                       0
LIGHT SNOW                0     SLEET                      0
FOG                      23     FOG W/VIS <= 1/4 MILE      5
HAZE                     16

-  INDICATES NEGATIVE NUMBERS.
R  INDICATES RECORD WAS SET OR TIED.
MM INDICATES DATA IS MISSING.
T  INDICATES TRACE AMOUNT.

$$
