000
CXUS54 KEWX 011547
CLMATT

SATCLMATT 000
TTAA00 KEWX 011528


CLIMATE REPORT
NATIONAL WEATHER SERVICE AUSTIN/SAN ANTONIO, TX
1028 AM CDT WED NOV 1 2017

...................................

...THE AUSTIN CAMP MABRY CLIMATE SUMMARY FOR THE MONTH OF OCTOBER 2017...

CLIMATE NORMAL PERIOD 1981 TO 2010
CLIMATE RECORD PERIOD 1897 TO 2017

WEATHER         OBSERVED          NORMAL  DEPART  LAST YEAR`S
                 VALUE   DATE(S)  VALUE   FROM    VALUE  DATE(S)
                                          NORMAL
................................................................
TEMPERATURE (F)
HIGHEST            92   10/09                         94  10/17
                                                          10/16
LOWEST             39   10/29                         47  10/22
                        10/28
AVG. MAXIMUM     82.4              81.8     0.6     87.3
AVG. MINIMUM     59.4              60.6    -1.2     64.0
MEAN             70.9              71.2    -0.3     75.7
DAYS MAX >= 90      4                                  9
DAYS MAX <= 32      0                                  0
DAYS MIN <= 32      0                                  0
DAYS MIN <= 0       0                                  0

PRECIPITATION (INCHES)
TOTALS           1.76              3.88   -2.12     0.17
DAILY AVG.       0.06              0.13   -0.07     0.01
DAYS >= .01         5                                  1
DAYS >= .10         3                                  1
DAYS >= .50         2                                  0
DAYS >= 1.00        0                                  0
GREATEST
 24 HR. TOTAL    0.69   10/22 TO 10/22

SNOWFALL (INCHES)
TOTALS            0.0               0.0     0.0      0.0
SINCE 7/1         0.0

DEGREE_DAYS
HEATING TOTAL      38                29       9        1
 SINCE 7/1         38                31       7        1
COOLING TOTAL     232               221      11      339
 SINCE 1/1       3511              3065     446     3364
.................................................................

WIND (MPH)
AVERAGE WIND SPEED              3.9
HIGHEST WIND SPEED/DIRECTION    18/360    DATE  10/27
HIGHEST GUST SPEED/DIRECTION    30/340    DATE  10/10

SKY COVER
POSSIBLE SUNSHINE (PERCENT)   MM
AVERAGE SKY COVER           0.20
NUMBER OF DAYS FAIR           20
NUMBER OF DAYS PC              9
NUMBER OF DAYS CLOUDY          2

AVERAGE RH (PERCENT)     62

WEATHER CONDITIONS. NUMBER OF DAYS WITH
THUNDERSTORM              0     MIXED PRECIP               0
HEAVY RAIN                3     RAIN                       2
LIGHT RAIN                5     FREEZING RAIN              0
LT FREEZING RAIN          0     HAIL                       0
HEAVY SNOW                0     SNOW                       0
LIGHT SNOW                0     SLEET                      0
FOG                       9     FOG W/VIS <= 1/4 MILE      0
HAZE                      2

-  INDICATES NEGATIVE NUMBERS.
R  INDICATES RECORD WAS SET OR TIED.
MM INDICATES DATA IS MISSING.
T  INDICATES TRACE AMOUNT.

&&

MONTHLY CLIMATE SUMMARY:
OCTOBER 2017 WAS THE 51ST WARMEST AND 49TH DRIEST SINCE RECORD
KEEPING BEGAN.

SEA LEVEL PRESSURE DATA:
HIGHEST SLP 30.39 INCHES ON THE 16TH
LOWEST  SLP 29.61 INCHES ON THE 8TH


PRELIMINARY LOCAL CLIMATOLOGICAL DATA (WS FORM: F-6)

                                          STATION:   AUSTIN CAMP MABRY
                                          MONTH:     OCTOBER
                                          YEAR:      2017
                                          LATITUDE:   30 17 N
                                          LONGITUDE:  97 42 W

  TEMPERATURE IN F:       :PCPN:    SNOW:  WIND      :SUNSHINE: SKY     :PK WND
================================================================================
1   2   3   4   5  6A  6B    7    8   9   10  11  12  13   14  15   16   17  18
                                     12Z  AVG MX 2MIN
DY MAX MIN AVG DEP HDD CDD  WTR  SNW DPTH SPD SPD DIR MIN PSBL S-S WX    SPD DR
================================================================================

 1  88  62  75   0   0  10 0.00  0.0    0  1.7 10 140   M    M   0        16 130
 2  89  69  79   4   0  14 0.00  0.0    0  4.0 12 120   M    M   4 18     17 150
 3  87  74  81   6   0  16 0.64  0.0    0  4.1 15 130   M    M  10 13     23  90
 4  89  76  83   8   0  18    T  0.0    0  4.5 12 100   M    M   6 1      17 100
 5  89  70  80   6   0  15 0.00  0.0    0  2.7  8 120   M    M   3        13 110
 6  87  68  78   4   0  13 0.00  0.0    0  3.0  9 120   M    M   1        16 160
 7  88  68  78   4   0  13 0.00  0.0    0  2.3  9 170   M    M   4        16 160
 8  91  68  80   6   0  15 0.00  0.0    0  2.8  9 210   M    M   1        14 150
 9  92  73  83  10   0  18 0.00  0.0    0  5.3 12 140   M    M   2        19 160
10  79  60  70  -3   0   5 0.01  0.0    0  7.8 17 340   M    M   5        30 340
11  80  57  69  -4   0   4 0.00  0.0    0  3.0 12  20   M    M   1        20  30
12  88  61  75   3   0  10 0.00  0.0    0  1.9  9 130   M    M   0        14 130
13  90  69  80   8   0  15 0.00  0.0    0  2.9 10 150   M    M   2 1      17 130
14  90  73  82  10   0  17 0.00  0.0    0  3.4 14 150   M    M   5 1      20 150
15  79  63  71  -1   0   6 0.00  0.0    0  6.1 16  10   M    M   4        24 340
16  77  54  66  -5   0   1 0.00  0.0    0  5.0 13  10   M    M   0        19  20
17  79  50  65  -6   0   0 0.00  0.0    0  1.4  8 120   M    M   0        14 120
18  83  49  66  -5   0   1 0.00  0.0    0  2.1 12 140   M    M   0        17 140
19  84  57  71   1   0   6 0.00  0.0    0  3.3 10 130   M    M   2 18     16 150
20  84  66  75   5   0  10 0.04  0.0    0  2.6 12 140   M    M   7 1      17 150
21  89  72  81  11   0  16 0.00  0.0    0  5.7 12 200   M    M   6        23 170
22  80  55  68  -2   0   3 0.69  0.0    0  5.0 16 350   M    M   4 13     28  10
23  82  50  66  -3   0   1 0.00  0.0    0  1.7  7 200   M    M   0        12 200
24  79  54  67  -2   0   2 0.00  0.0    0  6.2 15 340   M    M   0        25 340
25  81  51  66  -3   0   1 0.00  0.0    0  3.4  9 280   M    M   0        17 300
26  83  50  67  -1   0   2 0.00  0.0    0  4.7 16 200   M    M   0        28 220
27  66  46  56 -12   9   0 0.00  0.0    0  9.0 18 360   M    M   1        28 360
28  64  39  52 -16  13   0 0.00  0.0    0  4.5 13  10   M    M   0        18  10
29  76  39  58  -9   7   0 0.00  0.0    0  2.4 10 230   M    M   0        15 200
30  80  48  64  -3   1   0 0.00  0.0    0  3.0 12 160   M    M   0        21 190
31  62  51  57 -10   8   0 0.38  0.0    0  5.0 13  20   M    M  10 1      20 360
================================================================================
SM 2555 1842        38 232  1.76     0.0 120.5          M       78
================================================================================
AV 82.4 59.4                               3.9 FASTST   M    M   3    MAX(MPH)
                                 MISC ---->  # 18 360               # 30  340
================================================================================

NOTES:
# LAST OF SEVERAL OCCURRENCES

COLUMN 17 PEAK WIND IN M.P.H.

SYMBOLS USED IN COLUMN 16
1 = FOG OR MIST
2 = FOG REDUCING VISIBILITY
3 = THUNDER
4 = ICE PELLETS
5 = HAIL
6 = FREEZING RAIN OR DRIZZLE
7 = DUSTSTORM OR SANDSTORM:
8 = SMOKE OR HAZE
9 = BLOWING SNOW
X = TORNADO

$$
