000
CXUS54 KEWX 011802
CLMATT

CLIMATE REPORT
NATIONAL WEATHER SERVICE AUSTIN/SAN ANTONIO, TX
1202 PM CST WED FEB 1 2017

...................................

...THE AUSTIN CAMP MABRY CLIMATE SUMMARY FOR THE MONTH OF JANUARY 2017...

CLIMATE NORMAL PERIOD 1981 TO 2010
CLIMATE RECORD PERIOD 1897 TO 2017

WEATHER         OBSERVED          NORMAL  DEPART  LAST YEAR`S
                 VALUE   DATE(S)  VALUE   FROM    VALUE  DATE(S)
                                          NORMAL
................................................................
TEMPERATURE (F)
HIGHEST            84   01/24                         86  01/31
LOWEST             19   01/07                         31  01/23
AVG. MAXIMUM     67.9              61.5     6.4     63.0
AVG. MINIMUM     45.5              41.5     4.0     40.8
MEAN             56.7              51.5     5.2     51.9
DAYS MAX >= 90      0                                  0
DAYS MAX <= 32      0                                  0
DAYS MIN <= 32      3                                  3
DAYS MIN <= 0       0                                  0

PRECIPITATION (INCHES)
TOTALS           4.13              2.22    1.91     0.34
DAILY AVG.       0.13              0.07    0.06     0.01
DAYS >= .01         8                                  3
DAYS >= .10         6                                  2
DAYS >= .50         4                                  0
DAYS >= 1.00        1                                  0
GREATEST
 24 HR. TOTAL    2.04   01/17 TO 01/18

SNOWFALL (INCHES)
TOTALS            0.0               0.4    -0.4      0.0
SINCE 7/1         0.0

DEGREE_DAYS
HEATING TOTAL     273               428    -155      406
 SINCE 7/1        674              1040    -366      825
COOLING TOTAL      22                 9      13        8
 SINCE 1/1         22                 0      22        8
.................................................................

WIND (MPH)
AVERAGE WIND SPEED              5.3
HIGHEST WIND SPEED/DIRECTION    24/300    DATE  01/22
HIGHEST GUST SPEED/DIRECTION    43/310    DATE  01/22

SKY COVER
POSSIBLE SUNSHINE (PERCENT)   MM
AVERAGE SKY COVER           0.40
NUMBER OF DAYS FAIR           15
NUMBER OF DAYS PC              7
NUMBER OF DAYS CLOUDY          9

AVERAGE RH (PERCENT)     62

WEATHER CONDITIONS. NUMBER OF DAYS WITH
THUNDERSTORM              0     MIXED PRECIP               0
HEAVY RAIN                6     RAIN                       7
LIGHT RAIN                9     FREEZING RAIN              0
LT FREEZING RAIN          0     HAIL                       0
HEAVY SNOW                0     SNOW                       0
LIGHT SNOW                0     SLEET                      0
FOG                      10     FOG W/VIS <= 1/4 MILE      2
HAZE                      0

-  INDICATES NEGATIVE NUMBERS.
R  INDICATES RECORD WAS SET OR TIED.
MM INDICATES DATA IS MISSING.
T  INDICATES TRACE AMOUNT.

&&

JANUARY WAS THE 8TH WARMEST AND THE 18TH WETTEST SINCE RECORD
KEEPING BEGAN AT AUSTIN CAMP MABRY.

HIGHEST SLP 30.83 INCHES ON THE 7TH
LOWEST  SLP 29.40 INCHES ON THE 21ST

PRELIMINARY LOCAL CLIMATOLOGICAL DATA (WS FORM: F-6)

                                          STATION:   AUSTIN CAMP MABRY
                                          MONTH:     JANUARY
                                          YEAR:      2017
                                          LATITUDE:   30 17 N
                                          LONGITUDE:  97 42 W

  TEMPERATURE IN F:       :PCPN:    SNOW:  WIND      :SUNSHINE: SKY     :PK WND
================================================================================
1   2   3   4   5  6A  6B    7    8   9   10  11  12  13   14  15   16   17  18
                                     12Z  AVG MX 2MIN
DY MAX MIN AVG DEP HDD CDD  WTR  SNW DPTH SPD SPD DIR MIN PSBL S-S WX    SPD DR
================================================================================

 1  75  53  64  13   1   0 0.00  0.0    0  3.3  9 160   M    M   2 12     16 150
 2  74  52  63  12   2   0 0.40  0.0    0  4.5 17 320   M    M   4 13     25 310
 3  76  44  60   9   5   0 0.00  0.0    0  5.8 15  10   M    M   0        23 360
 4  50  38  44  -7  21   0 0.00  0.0    0  5.0 12 360   M    M   4        20 340
 5  63  34  49  -2  16   0 0.00  0.0    0  5.2 17  10   M    M   8        28  20
 6  34  23  29 -22  36   0 0.00  0.0    0 10.4 17 360   M    M   8        28 360
 7  44  19  32 -19  33   0 0.00  0.0    0  4.1 12 360   M    M   0        21 350
 8  53  21  37 -14  28   0 0.00  0.0    0  3.5 14 150   M    M   1        22 150
 9  71  43  57   6   8   0 0.00  0.0    0  5.3 15 190   M    M   5        27 220
10  79  59  69  18   0   4 0.00  0.0    0  6.5 17 210   M    M   2        35 230
11  80  59  70  19   0   5 0.00  0.0    0  8.2 16 160   M    M   4        29 180
12  81  67  74  23   0   9 0.00  0.0    0  7.6 14 140   M    M   9        26 180
13  78  56  67  16   0   2 0.65  0.0    0  6.6 14 160   M    M   9 1      24 140
14  56  47  52   1  13   0 0.07  0.0    0  3.5  8  30   M    M  10 1      13  50
15  73  51  62  11   3   0 0.61  0.0    0  4.9 17 150   M    M   8 13     29 160
16  70  58  64  13   1   0 0.30  0.0    0  1.2  9 290   M    M   9 13     16 300
17  59  48  54   3  11   0 1.57  0.0    0  5.7 14  20   M    M  10 13     22  10
18  56  47  52   0  13   0 0.51  0.0    0  3.5  9 290   M    M   8 13     14 330
19  71  52  62  10   3   0    T  0.0    0  3.4 12 150   M    M   5        18 210
20  76  47  62  10   3   0 0.00  0.0    0  1.4  8 140   M    M   1 1      11 140
21  81  48  65  13   0   0 0.02  0.0    0  5.8 21 290   M    M   5 12     38 300
22  70  53  62  10   3   0 0.00  0.0    0 11.2 24 300   M    M   1        43 310
23  76  46  61   9   4   0 0.00  0.0    0  3.8 10 230   M    M   0        16 200
24  84  50  67  15   0   2 0.00  0.0    0  6.6 14 160   M    M   1        25 160
25  69  48  59   7   6   0 0.00  0.0    0  7.1 15 340   M    M   1        24 340
26  59  40  50  -2  15   0 0.00  0.0    0  3.2 10  90   M    M   0        14 360
27  58  38  48  -4  17   0 0.00  0.0    0  4.8 13  10   M    M   5        19 360
28  61  39  50  -2  15   0    T  0.0    0  6.0 14 310   M    M   3        22 310
29  70  40  55   3  10   0 0.00  0.0    0  6.2 14 310   M    M   0        22 340
30  79  47  63  11   2   0 0.00  0.0    0  4.8 12 300   M    M   0        18 300
31  78  44  61   8   4   0 0.00  0.0    0  3.8 13 200   M    M   0        21 200
================================================================================
SM 2104 1411       273  22  4.13     0.0 162.9          M      123
================================================================================
AV 67.9 45.5                               5.3 FASTST   M    M   4    MAX(MPH)
                                 MISC ---->  # 24 300               # 43  310
================================================================================
NOTES:
# LAST OF SEVERAL OCCURRENCES

COLUMN 17 PEAK WIND IN M.P.H.

SYMBOLS USED IN COLUMN 16
1 = FOG OR MIST
2 = FOG REDUCING VISIBILITY
3 = THUNDER
4 = ICE PELLETS
5 = HAIL
6 = FREEZING RAIN OR DRIZZLE
7 = DUSTSTORM OR SANDSTORM:
8 = SMOKE OR HAZE
9 = BLOWING SNOW
X = TORNADO

$$
