000
CXUS53 KABR 011617
CLMATY


CLIMATE REPORT
NATIONAL WEATHER SERVICE ABERDEEN SD
1003 AM CST THU DEC 1 2016

...................................

...THE WATERTOWN SD CLIMATE SUMMARY FOR THE MONTH OF NOVEMBER 2016...

CLIMATE NORMAL PERIOD 1981 TO 2010
CLIMATE RECORD PERIOD 1898 TO 2016

WEATHER         OBSERVED          NORMAL  DEPART  LAST YEAR`S
                 VALUE   DATE(S)  VALUE   FROM    VALUE  DATE(S)
                                          NORMAL
................................................................
TEMPERATURE (F)
RECORD
 HIGH              77   11/08/1999
                        11/08/1931
 LOW              -20   11/30/1964
HIGHEST            72   11/05        MM      MM       70  11/02
LOWEST             17   11/19        MM      MM        5  11/27
AVG. MAXIMUM     49.3              39.0    10.3     47.8
AVG. MINIMUM     30.1              20.6     9.5     29.4
MEAN             39.7              29.8     9.9     38.6
DAYS MAX >= 90      0               0.0     0.0        0
DAYS MAX <= 32      5               9.3    -4.3        5
DAYS MIN <= 32     20              26.3    -6.3       19
DAYS MIN <= 0       0               1.3    -1.3        0

PRECIPITATION (INCHES)
RECORD
 MAXIMUM         3.11   1983
 MINIMUM         0.00   1907
TOTALS           1.25              0.76    0.49     1.40
DAYS >= .01         9               5.9     3.1        6
DAYS >= .10         5               2.2     2.8        3
DAYS >= .50         0               0.3    -0.3        1
DAYS >= 1.00        0               0.0     0.0        0

SNOWFALL (INCHES)
RECORDS
 TOTAL           23.3   1947

 SNOW DEPTH        13   11/24/2003
                        11/23/2003
TOTALS            4.1               4.9    -0.8      6.5
SINCE 7/1         4.1               6.6    -2.5      6.5
SNOWDEPTH AVG.      0                MM      MM        0
DAYS >= TRACE       6               3.6     2.4        3
DAYS >= 1.0         2               1.5     0.5        1
GREATEST
 SNOW DEPTH         3   11/20
                        11/19
                        11/18

DEGREE_DAYS
HEATING TOTAL     754              1056    -302      785
 SINCE 7/1       1371              1940    -569     1359
COOLING TOTAL       0                 0       0        0
 SINCE 1/1        721               515     206      588

FREEZE DATES
RECORD
 EARLIEST     MM
 LATEST       MM
EARLIEST                        MM
LATEST                          MM
.................................................................

WIND (MPH)
AVERAGE WIND SPEED              10.3
RESULTANT WIND SPEED/DIRECTION   1/248
HIGHEST WIND SPEED/DIRECTION    43/350    DATE  11/18
HIGHEST GUST SPEED/DIRECTION    54/350    DATE  11/18

SKY COVER
POSSIBLE SUNSHINE (PERCENT)   MM
AVERAGE SKY COVER           0.30
NUMBER OF DAYS FAIR           20
NUMBER OF DAYS PC              3
NUMBER OF DAYS CLOUDY          7

AVERAGE RH (PERCENT)     77

WEATHER CONDITIONS. NUMBER OF DAYS WITH
THUNDERSTORM              0     MIXED PRECIP               0
HEAVY RAIN                0     RAIN                       1
LIGHT RAIN                6     FREEZING RAIN              0
LT FREEZING RAIN          0     HAIL                       0
HEAVY SNOW                0     SNOW                       3
LIGHT SNOW                6     SLEET                      0
FOG                      13     FOG W/VIS <= 1/4 MILE      9
HAZE                      4

-  INDICATES NEGATIVE NUMBERS.
R  INDICATES RECORD WAS SET OR TIED.
MM INDICATES DATA IS MISSING.
T  INDICATES TRACE AMOUNT.

$$
