000
CXUS51 KGYX 071135 RRA
CLMAUG

PWMCLMAUG 000
TTAA00 KGYX 020051


CLIMATE REPORT
NATIONAL WEATHER SERVICE GRAY ME
751 PM EST MON DEC 1 2014

...................................

...THE AUGUSTA CLIMATE SUMMARY FOR THE MONTH OF NOVEMBER 2014...

CLIMATE NORMAL PERIOD 1981 TO 2010
CLIMATE RECORD PERIOD 1948 TO 2014

WEATHER         OBSERVED          NORMAL  DEPART  LAST YEAR`S
                 VALUE   DATE(S)  VALUE   FROM    VALUE  DATE(S)
                                          NORMAL
................................................................
TEMPERATURE (F)
RECORD
 HIGH              74   11/04/1990
 LOW                4   11/27/1978
                        11/28/1951
HIGHEST            60   11/25        64      -4       65  11/01
LOWEST             15   11/29        16      -1       10  11/30
AVG. MAXIMUM     42.7              45.2    -2.5     43.4
AVG. MINIMUM     28.5              30.6    -2.1     27.8
MEAN             35.6              37.9    -2.3     35.6
DAYS MAX >= 90      0               0.0     0.0        0
DAYS MAX <= 32      3               2.1     0.9        5
DAYS MIN <= 32     21              17.8     3.2       23
DAYS MIN <= 0       0               0.0     0.0        0

PRECIPITATION (INCHES)
RECORD
 MAXIMUM        10.50   1963
 MINIMUM         0.95   2012
TOTALS           2.34              4.36   -2.02     3.74
DAILY AVG.       0.08              0.15   -0.07     0.13
DAYS >= .01        12              11.8     0.2       10
DAYS >= .10         5               7.5    -2.5        4
DAYS >= .50         2               3.2    -1.2        1
DAYS >= 1.00        0               1.0    -1.0        1
GREATEST
 24 HR. TOTAL    0.67   11/26 TO 11/27

DEGREE_DAYS
HEATING TOTAL     875               813      62      875
 SINCE 7/1       1489              1548     -59     1509
COOLING TOTAL       0                 0       0        0
 SINCE 1/1        371               388     -17      428
.................................................................

WIND (MPH)
AVERAGE WIND SPEED              7.7
HIGHEST WIND SPEED/DIRECTION    39/330    DATE  11/02
HIGHEST GUST SPEED/DIRECTION    51/350    DATE  11/02

SKY COVER
AVERAGE SKY COVER           0.50

AVERAGE RH (PERCENT)     67

WEATHER CONDITIONS. NUMBER OF DAYS WITH
THUNDERSTORM              0     HEAVY RAIN                 0
RAIN                      1     LIGHT RAIN                 7
FREEZING RAIN             0     LT FREEZING RAIN           1
HEAVY SNOW                1     SNOW                       3
LIGHT SNOW                8     FOG                       17
FOG W/VIS <= 1/4 MILE     8     HAZE                       2

-  INDICATES NEGATIVE NUMBERS.
R  INDICATES RECORD WAS SET OR TIED.
MM INDICATES DATA IS MISSING.
T  INDICATES TRACE AMOUNT.

$$
