000
CXUS54 KEWX 030317
CLMAUS

CLIMATE REPORT
NATIONAL WEATHER SERVICE AUSTIN/SAN ANTONIO, TX
518 PM CST THU DEC 1 2016

...................................

...THE AUSTIN BERGSTROM CLIMATE SUMMARY FOR THE MONTH OF NOVEMBER 2016...

CLIMATE NORMAL PERIOD 1981 TO 2010
CLIMATE RECORD PERIOD 1943 TO 2016

WEATHER         OBSERVED          NORMAL  DEPART  LAST YEAR`S
                 VALUE   DATE(S)  VALUE   FROM    VALUE  DATE(S)
                                          NORMAL
................................................................
TEMPERATURE (F)
HIGHEST            91R  11/01                         87  11/11
                                                          11/05
LOWEST             33   11/20                         27  11/23
AVG. MAXIMUM     76.7              71.4     5.3     71.0
AVG. MINIMUM     52.4              45.5     6.9     50.9
MEAN             64.6              58.4     6.2     61.0
DAYS MAX >= 90      1                                  0
DAYS MAX <= 32      0                                  0
DAYS MIN <= 32      0                                  2
DAYS MIN <= 0       0                                  0

PRECIPITATION (INCHES)
TOTALS           2.43              2.94   -0.51     1.70
DAILY AVG.       0.08              0.10   -0.02     0.06
DAYS >= .01         9                                 10
DAYS >= .10         4                                  6
DAYS >= .50         3                                  0
DAYS >= 1.00        0                                  0
GREATEST
 24 HR. TOTAL    0.87   11/03 TO 11/03

SNOWFALL (INCHES)
TOTALS            0.0                MM      MM      0.0
SINCE 7/1         0.0                MM      MM      0.0

DEGREE_DAYS
HEATING TOTAL      88               234    -146      175
 SINCE 7/1         94               285    -191      178
COOLING TOTAL      82                38      44       59
 SINCE 1/1       3082              2741     341     2852
.................................................................

WIND (MPH)
AVERAGE WIND SPEED              7.3
HIGHEST WIND SPEED/DIRECTION    28/350    DATE  11/18
HIGHEST GUST SPEED/DIRECTION    35/170    DATE  11/27

SKY COVER
POSSIBLE SUNSHINE (PERCENT)   MM
AVERAGE SKY COVER           0.60
NUMBER OF DAYS FAIR            9
NUMBER OF DAYS PC             10
NUMBER OF DAYS CLOUDY         11

AVERAGE RH (PERCENT)     73

WEATHER CONDITIONS. NUMBER OF DAYS WITH
THUNDERSTORM              0     MIXED PRECIP               0
HEAVY RAIN                3     RAIN                       3
LIGHT RAIN               13     FREEZING RAIN              0
LT FREEZING RAIN          0     HAIL                       0
HEAVY SNOW                0     SNOW                       0
LIGHT SNOW                0     SLEET                      0
FOG                      15     FOG W/VIS <= 1/4 MILE      2
HAZE                      2

-  INDICATES NEGATIVE NUMBERS.
R  INDICATES RECORD WAS SET OR TIED.
MM INDICATES DATA IS MISSING.
T  INDICATES TRACE AMOUNT.

&&

MONTHLY CLIMATE SUMMARY:
NOVEMBER 2016 WAS THE 6TH WARMEST AND 29TH WETTEST NOVEMBER
SINCE RECORD KEEPING BEGAN AT AUSTIN BEGSTROM.

SEA LEVEL PRESSURE DATA:
HIGHEST SLP 30.61 INCHES ON THE 19TH
LOWEST SLP 29.51 INCHES ON THE 28TH

PRELIMINARY LOCAL CLIMATOLOGICAL DATA (WS FORM: F-6)

                                          STATION:   AUSTIN BERGSTROM
                                          MONTH:     NOVEMBER
                                          YEAR:      2016
                                          LATITUDE:   30 13 N
                                          LONGITUDE:  97 40 W

  TEMPERATURE IN F:       :PCPN:    SNOW:  WIND      :SUNSHINE: SKY     :PK WND
================================================================================
1   2   3   4   5  6A  6B    7    8   9   10  11  12  13   14  15   16   17  18
                                     12Z  AVG MX 2MIN
DY MAX MIN AVG DEP HDD CDD  WTR  SNW DPTH SPD SPD DIR MIN PSBL S-S WX    SPD DR
================================================================================

 1  91  68  80  16   0  15 0.06  0.0    0  8.3 20 130   M    M   7 123    22 140
 2  88  73  81  17   0  16    T  0.0    0  6.8 15 150   M    M   8        21 130
 3  84  66  75  12   0  10 0.87  0.0    0  7.4 21 350   M    M   8 13     27 340
 4  74  69  72   9   0   7 0.00  0.0    0  8.0 15  20   M    M  10 1      17  30
 5  76  64  70   8   0   5    T  0.0    0  6.9 14  40   M    M  10 18     18  60
 6  78  59  69   7   0   4 0.60  0.0    0  5.3 22 350   M    M   8 13     30 330
 7  75  60  68   6   0   3 0.01  0.0    0  4.5 13  40   M    M   9 1      15  40
 8  72  64  68   7   0   3 0.05  0.0    0  8.1 20  20   M    M  10 1      24  20
 9  66  59  63   2   2   0 0.70  0.0    0 11.4 18  10   M    M   9 1      22  20
10  71  53  62   2   3   0 0.00  0.0    0  6.3 15  40   M    M   6 1      19  30
11  74  51  63   3   2   0    T  0.0    0  2.6 12 340   M    M   6 1      14 340
12  76  51  64   4   1   0 0.00  0.0    0  6.0 13  20   M    M   5        17  20
13  76  54  65   6   0   0 0.00  0.0    0  4.9 10 190   M    M   6 1      14 140
14  82  52  67   8   0   2 0.00  0.0    0  6.2 17 200   M    M   3 12     21 200
15  87  51  69  11   0   4 0.00  0.0    0  1.9  8 290   M    M   0        10 320
16  87  49  68  10   0   3 0.00  0.0    0  5.8 17 190   M    M   0        24 190
17  84  56  70  12   0   5 0.00  0.0    0 13.4 23 150   M    M   6 1      29 180
18  81  53  67  10   0   2    T  0.0    0 13.2 28 350   M    M   6        34 350
19  63  36  50  -7  15   0 0.00  0.0    0 12.5 24 360   M    M   0        30 360
20  68  33  51  -6  14   0 0.00  0.0    0  4.8 13 150   M    M   0        17 150
21  78  36  57   1   8   0 0.00  0.0    0  7.4 18 160   M    M   1        25 170
22  79  57  68  12   0   3 0.02  0.0    0 10.9 25 190   M    M   9 3      34 180
23  73  46  60   4   5   0 0.10  0.0    0  7.2 25 340   M    M   3        33 350
24  77  41  59   4   6   0 0.00  0.0    0  3.3 16 180   M    M   3        19 170
25  66  52  59   4   6   0 0.02  0.0    0  6.9 16  20   M    M   9 1      20  10
26  70  50  60   5   5   0 0.00  0.0    0  4.7  9  20   M    M   7        14  20
27  78  51  65  11   0   0 0.00  0.0    0 11.8 25 180   M    M   8 1      35 170
28  81  42  62   8   3   0 0.00  0.0    0 11.5 24 180   M    M   6 8      32 320
29  80  41  61   7   4   0 0.00  0.0    0  4.5 13  10   M    M   4        16 360
30  67  35  51  -2  14   0 0.00  0.0    0  7.5 22 350   M    M   1        26 350
================================================================================
SM 2302 1572        88  82  2.43     0.0 220.0          M      168
================================================================================
AV 76.7 52.4                               7.3 FASTST   M    M   6    MAX(MPH)
                                 MISC ---->  # 28 350               # 35  170
================================================================================
NOTES:
# LAST OF SEVERAL OCCURRENCES

COLUMN 17 PEAK WIND IN M.P.H.

SYMBOLS USED IN COLUMN 16
1 = FOG OR MIST
2 = FOG REDUCING VISIBILITY
3 = THUNDER
4 = ICE PELLETS
5 = HAIL
6 = FREEZING RAIN OR DRIZZLE
7 = DUSTSTORM OR SANDSTORM:
8 = SMOKE OR HAZE
9 = BLOWING SNOW
X = TORNADO

$$
