000
CXUS53 KGRB 010857
CLMAUW

CLIMATE REPORT
NATIONAL WEATHER SERVICE GREEN BAY
353 AM CDT TUE SEP 1 2015

...................................

...THE WAUSAU WI CLIMATE SUMMARY FOR THE MONTH OF AUGUST 2015...

CLIMATE NORMAL PERIOD 1981 TO 2010
CLIMATE RECORD PERIOD 1896 TO 2015

WEATHER         OBSERVED          NORMAL  DEPART  LAST YEAR`S
                 VALUE   DATE(S)  VALUE   FROM    VALUE  DATE(S)
                                          NORMAL
................................................................
TEMPERATURE (F)
RECORD
 HIGH              99   08/16/1988
                        08/02/1964
                        08/21/1955
 LOW               32   08/30/1915
HIGHEST            92   08/14        90       2       84  08/25
                                                          08/03
LOWEST             47   08/27        46       1       46  08/14
                        08/21
AVG. MAXIMUM     75.8              77.7    -1.9     77.1
AVG. MINIMUM     57.9              57.0     0.9     58.1
MEAN             66.8              67.3    -0.5     67.6
DAYS MAX >= 90      1               0.9     0.1        0
DAYS MAX <= 32      0               0.0     0.0        0
DAYS MIN <= 32      0               0.0     0.0        0
DAYS MIN <= 0       0               0.0     0.0        0

PRECIPITATION (INCHES)
RECORD
 MAXIMUM        13.87   1995
 MINIMUM         0.82   1913
TOTALS           3.62              4.16   -0.54     7.10
DAILY AVG.       0.12              0.13   -0.01     0.23
DAYS >= .01        10              10.6    -0.6       13
DAYS >= .10         5               7.2    -2.2       11
DAYS >= .50         2               2.9    -0.9
DAYS >= 1.00        2               1.1     0.9        2
GREATEST
 STORM TOTAL       MM
 (MM/DD(HH))            MM

SNOWFALL (INCHES)
RECORDS
 TOTAL            0.0   MM
 24 HR TOTAL      0.0   MM
TOTALS            0.0               0.0     0.0      0.0
SINCE 7/1         0.0               0.0     0.0      0.0
DAYS >= TRACE       0               0.0     0.0
DAYS >= 1.0         0               0.0     0.0        0
GREATEST
 SNOW DEPTH         0   MM                             0  MM

DEGREE_DAYS
HEATING TOTAL      44                43       1       15
 SINCE 7/1         62                66      -4       54
COOLING TOTAL     109               115      -6      107
 SINCE 1/1        338               375     -37      326
.................................................................

WIND (MPH)
AVERAGE WIND SPEED              7.7
HIGHEST WIND SPEED/DIRECTION    30/300    DATE  08/24
HIGHEST GUST SPEED/DIRECTION    42/270    DATE  08/23

SKY COVER
POSSIBLE SUNSHINE (PERCENT)   MM
AVERAGE SKY COVER           0.50
NUMBER OF DAYS FAIR            9
NUMBER OF DAYS PC             11
NUMBER OF DAYS CLOUDY         11

AVERAGE RH (PERCENT)     75

WEATHER CONDITIONS. NUMBER OF DAYS WITH
THUNDERSTORM              4     MIXED PRECIP               0
HEAVY RAIN                3     RAIN                       5
LIGHT RAIN               13     FREEZING RAIN              0
LT FREEZING RAIN          0     HAIL                       0
HEAVY SNOW                0     SNOW                       0
LIGHT SNOW                0     SLEET                      0
FOG                      16     FOG W/VIS <= 1/4 MILE      3
HAZE                      2

-  INDICATES NEGATIVE NUMBERS.
R  INDICATES RECORD WAS SET OR TIED.
MM INDICATES DATA IS MISSING.
T  INDICATES TRACE AMOUNT.

$$
