000
CXUS53 KGRB 010828
CLMAUW


CLIMATE REPORT
NATIONAL WEATHER SERVICE GREEN BAY
327 AM CDT WED OCT 1 2014

...................................

...THE WAUSAU WI CLIMATE SUMMARY FOR THE MONTH OF SEPTEMBER 2014...

CLIMATE NORMAL PERIOD 1981 TO 2010
CLIMATE RECORD PERIOD 1896 TO 2014

WEATHER         OBSERVED          NORMAL  DEPART  LAST YEAR`S
                 VALUE   DATE(S)  VALUE   FROM    VALUE  DATE(S)
                                          NORMAL
................................................................
TEMPERATURE (F)
RECORD
 HIGH              99   09/10/1931
 LOW               18   09/30/1899
HIGHEST            80   09/28        84      -4       90  09/07
                        09/09
LOWEST             37   09/16        33       4       35  09/22
                        09/13
                        09/12
AVG. MAXIMUM     68.6              68.8    -0.2     72.7
AVG. MINIMUM     46.8              48.1    -1.3     49.1
MEAN             57.7              58.5    -0.8     60.9
DAYS MAX >= 90      0               0.0     0.0        1
DAYS MAX <= 32      0               0.0     0.0        0
DAYS MIN <= 32      0               0.8    -0.8        0
DAYS MIN <= 0       0               0.0     0.0        0

PRECIPITATION (INCHES)
RECORD
 MAXIMUM         9.79   1986
 MINIMUM         0.23   2009
TOTALS           5.99              3.90    2.09     2.76
DAILY AVG.       0.20              0.13    0.07     0.09
DAYS >= .01        11              12.3    -1.3        9
DAYS >= .10         9               7.2     1.8        6
DAYS >= .50         3               2.2     0.8
DAYS >= 1.00        2               0.9     1.1        0
GREATEST
 STORM TOTAL       MM
 (MM/DD(HH))            MM

SNOWFALL (INCHES)
RECORDS
 TOTAL            2.0   1942
 24 HR TOTAL      0.0   09/30/2002 TO 09/30/2002
TOTALS            0.0               0.0     0.0      0.0
SINCE 7/1         0.0               0.0     0.0      0.0
DAYS >= TRACE       0               0.0     0.0
DAYS >= 1.0         0               0.0     0.0        0
GREATEST
 SNOW DEPTH         0   MM                             0  MM
 24 HR TOTAL      0.0   09/30 TO 09/30

DEGREE_DAYS
HEATING TOTAL     224               227      -3      172
 SINCE 7/1        278               293     -15      228
COOLING TOTAL      12                30     -18       56
 SINCE 1/1        338               405     -67      506
.................................................................

WIND (MPH)
AVERAGE WIND SPEED              6.9
HIGHEST WIND SPEED/DIRECTION    26/300    DATE  09/20
HIGHEST GUST SPEED/DIRECTION    36/310    DATE  09/20

SKY COVER
POSSIBLE SUNSHINE (PERCENT)   MM
AVERAGE SKY COVER           0.40
NUMBER OF DAYS FAIR           13
NUMBER OF DAYS PC             15
NUMBER OF DAYS CLOUDY          2

AVERAGE RH (PERCENT)     75

WEATHER CONDITIONS. NUMBER OF DAYS WITH
THUNDERSTORM              5     MIXED PRECIP               0
HEAVY RAIN                6     RAIN                       8
LIGHT RAIN               13     FREEZING RAIN              0
LT FREEZING RAIN          0     HAIL                       0
HEAVY SNOW                0     SNOW                       0
LIGHT SNOW                0     SLEET                      0
FOG                      16     FOG W/VIS <= 1/4 MILE      0
HAZE                      1

-  INDICATES NEGATIVE NUMBERS.
R  INDICATES RECORD WAS SET OR TIED.
MM INDICATES DATA IS MISSING.
T  INDICATES TRACE AMOUNT.

$$
