253
CXUS53 KGRB 010719
CLMAUW


CLIMATE REPORT
NATIONAL WEATHER SERVICE GREEN BAY
217 AM CDT FRI JUL 1 2016

...................................

...THE WAUSAU WI CLIMATE SUMMARY FOR THE MONTH OF JUNE 2016...

CLIMATE NORMAL PERIOD 1981 TO 2010
CLIMATE RECORD PERIOD 1896 TO 2016

WEATHER         OBSERVED          NORMAL  DEPART  LAST YEAR`S
                 VALUE   DATE(S)  VALUE   FROM    VALUE  DATE(S)
                                          NORMAL
................................................................
TEMPERATURE (F)
RECORD
 HIGH             100   06/27/1933
                        06/30/1931
                        06/29/1931
 LOW               30   06/07/1924
HIGHEST            92   06/11        90       2       82  06/09
LOWEST             42   06/08        41       1       40  06/02
                                                          06/01
AVG. MAXIMUM     78.5              75.8     2.7     75.1
AVG. MINIMUM     56.0              53.9     2.1     53.5
MEAN             67.2              64.9     2.3     64.3
DAYS MAX >= 90      2               1.1     0.9        0
DAYS MAX <= 32      0               0.0     0.0        0
DAYS MIN <= 32      0               0.0     0.0        0
DAYS MIN <= 0       0               0.0     0.0        0

PRECIPITATION (INCHES)
RECORD
 MAXIMUM         9.61   1930
 MINIMUM         0.52   1976
TOTALS           5.22              4.31    0.91     4.56
DAILY AVG.       0.17              0.14    0.03     0.15
DAYS >= .01        14              12.2     1.8       14
DAYS >= .10        10               7.5     2.5        9
DAYS >= .50         3               2.8     0.2
DAYS >= 1.00        1               1.0     0.0        1
GREATEST
 STORM TOTAL       MM
 (MM/DD(HH))            MM

SNOWFALL (INCHES)
RECORDS
 TOTAL            0.0   MM
 24 HR TOTAL        T   MM
TOTALS            0.0               0.0     0.0      0.0
SINCE 7/1        43.4              59.6   -16.2     53.7
DAYS >= TRACE       0               0.0     0.0
DAYS >= 1.0         0               0.0     0.0        0
GREATEST
 SNOW DEPTH         0   MM                             0  MM
 24 HR TOTAL      0.0   06/30 TO 06/30

DEGREE_DAYS
HEATING TOTAL      30                89     -59       61
 SINCE 7/1       6813              8249   -1436     8485
COOLING TOTAL     104                85      19       47
 SINCE 1/1        151               104      47       65
.................................................................

WIND (MPH)
AVERAGE WIND SPEED              8.4
HIGHEST WIND SPEED/DIRECTION    46/280    DATE  06/05
HIGHEST GUST SPEED/DIRECTION    64/280    DATE  06/05

SKY COVER
POSSIBLE SUNSHINE (PERCENT)   MM
AVERAGE SKY COVER           0.40
NUMBER OF DAYS FAIR           17
NUMBER OF DAYS PC             10
NUMBER OF DAYS CLOUDY          3

AVERAGE RH (PERCENT)     66

WEATHER CONDITIONS. NUMBER OF DAYS WITH
THUNDERSTORM             10     MIXED PRECIP               0
HEAVY RAIN                9     RAIN                       8
LIGHT RAIN               15     FREEZING RAIN              0
LT FREEZING RAIN          0     HAIL                       0
HEAVY SNOW                0     SNOW                       0
LIGHT SNOW                0     SLEET                      0
FOG                       9     FOG W/VIS <= 1/4 MILE      1
HAZE                      5

-  INDICATES NEGATIVE NUMBERS.
R  INDICATES RECORD WAS SET OR TIED.
MM INDICATES DATA IS MISSING.
T  INDICATES TRACE AMOUNT.

$$
