210
CXUS51 KBOX 011315
CLMBDL


CLIMATE REPORT
NATIONAL WEATHER SERVICE TAUNTON MA
806 AM EST WED FEB 1 2017

...................................

...THE HARTFORD CT CLIMATE SUMMARY FOR THE MONTH OF JANUARY 2017...

CLIMATE NORMAL PERIOD 1981 TO 2010
CLIMATE RECORD PERIOD 1904 TO 2017

WEATHER         OBSERVED          NORMAL  DEPART
                 VALUE   DATE(S)  VALUE   FROM
                                          NORMAL
................................................
TEMPERATURE (F)
RECORD
 HIGH              72   01/06/2007
 LOW              -26   01/22/1961
HIGHEST            56   01/12
LOWEST              1   01/10
AVG. MAXIMUM     39.9              34.5     5.4
AVG. MINIMUM     25.5              17.7     7.8
MEAN             32.7              26.1     6.6
DAYS MAX >= 90      0               0.0     0.0
DAYS MAX <= 32      6              12.3    -6.3
DAYS MIN <= 32     20              27.8    -7.8
DAYS MIN <= 0       0               2.4    -2.4

PRECIPITATION (INCHES)
RECORD
 MAXIMUM         9.61   1978
 MINIMUM         0.38   1981
TOTALS           3.49              3.23    0.26
DAYS >= .01        14              10.8     3.2
DAYS >= .10         8               6.1     1.9
DAYS >= .50         2               2.6    -0.6
DAYS >= 1.00        0               0.7    -0.7
GREATEST
 24 HR. TOTAL    1.09   01/23 TO 01/24

SNOWFALL (INCHES)
RECORDS
 TOTAL           57.0   2011
 SNOW DEPTH        38   01/13/1996
TOTALS            8.4              12.3    -3.9
SINCE 7/1        20.1              21.7    -1.6
SNOWDEPTH AVG.      0
GREATEST
 SNOW DEPTH         4   01/08
 24 HR TOTAL      3.3   01/07 TO 01/07

DEGREE_DAYS
HEATING TOTAL     993              1206    -213
 SINCE 7/1       3040              3450    -410
COOLING TOTAL       0                 0       0
 SINCE 1/1          0                 0       0
.................................................

WIND (MPH)
AVERAGE WIND SPEED              7.8
RESULTANT WIND SPEED/DIRECTION   3/304
HIGHEST WIND SPEED/DIRECTION    29/020    DATE  01/24
HIGHEST GUST SPEED/DIRECTION    42/220    DATE  01/11

SKY COVER
POSSIBLE SUNSHINE (PERCENT)   MM
AVERAGE SKY COVER           0.70
NUMBER OF DAYS FAIR            2
NUMBER OF DAYS PC             12
NUMBER OF DAYS CLOUDY         17

AVERAGE RH (PERCENT)     71

WEATHER CONDITIONS. NUMBER OF DAYS WITH
THUNDERSTORM              0     MIXED PRECIP               0
HEAVY RAIN                1     RAIN                       7
LIGHT RAIN               15     FREEZING RAIN              0
LT FREEZING RAIN          0     HAIL                       0
HEAVY SNOW                0     SNOW                       0
LIGHT SNOW                6     SLEET                      3
FOG                      17     FOG W/VIS <= 1/4 MILE      2
HAZE                      0

-  INDICATES NEGATIVE NUMBERS.
R  INDICATES RECORD WAS SET OR TIED.
MM INDICATES DATA IS MISSING.
T  INDICATES TRACE AMOUNT.

$$

SIPPRELL
