000
CXUS51 KCTP 011521 RRB
CLMBFD

CLIMATE REPORT
NATIONAL WEATHER SERVICE STATE COLLEGE PA
1007 AM EST SUN FEB 1 2015

...................................

...THE BRADFORD CLIMATE SUMMARY FOR THE MONTH OF JANUARY 2015...

CLIMATE NORMAL PERIOD 1981 TO 2010
CLIMATE RECORD PERIOD 1957 TO 2015

WEATHER         OBSERVED          NORMAL  DEPART  LAST YEAR`S
                 VALUE   DATE(S)  VALUE   FROM    VALUE  DATE(S)
                                          NORMAL
................................................................
TEMPERATURE (F)
RECORD
 HIGH              63   01/13/2013
                        01/08/1998
 LOW              -27   01/17/1982
HIGHEST            55   01/04                         49  01/11
LOWEST            -11   01/17                        -15  01/07
AVG. MAXIMUM     25.9              29.0    -3.1     26.1
AVG. MINIMUM      7.5              13.6    -6.1      7.1
MEAN             16.7              21.3    -4.6     16.6
DAYS MAX >= 90      0                MM      MM        0
DAYS MAX <= 32     27                MM      MM       19
DAYS MIN <= 32     31                MM      MM       31
DAYS MIN <= 0       9                MM      MM       12

PRECIPITATION (INCHES)
RECORD
 MAXIMUM         5.83   1978
 MINIMUM         0.38   2001
TOTALS           1.84              3.29   -1.45     1.94
DAILY AVG.       0.06              0.11   -0.05     0.06
DAYS >= .01        14                MM      MM       12
DAYS >= .10         5                MM      MM        5
DAYS >= .50         1                MM      MM        1
DAYS >= 1.00        0                MM      MM        0
GREATEST
 24 HR. TOTAL    0.91   01/03 TO 01/04


DEGREE_DAYS
HEATING TOTAL    1490              1355     135     1442
 SINCE 7/1       4380              4411     -31     4378
COOLING TOTAL       0                 0       0        0
 SINCE 1/1          0                 0       0        0
.................................................

WIND (MPH)
AVERAGE WIND SPEED              8.6
HIGHEST WIND SPEED/DIRECTION    32/320    DATE  01/07
HIGHEST GUST SPEED/DIRECTION    41/310    DATE  01/07

SKY COVER
POSSIBLE SUNSHINE (PERCENT)   MM
AVERAGE SKY COVER           0.70
NUMBER OF DAYS FAIR            3
NUMBER OF DAYS PC              9
NUMBER OF DAYS CLOUDY         19

AVERAGE RH (PERCENT)     71

WEATHER CONDITIONS. NUMBER OF DAYS WITH
THUNDERSTORM              0     MIXED PRECIP               0
HEAVY RAIN                2     RAIN                       2
LIGHT RAIN                2     FREEZING RAIN              1
LT FREEZING RAIN          5     HAIL                       0
HEAVY SNOW                4     SNOW                      10
LIGHT SNOW               23     SLEET                      0
FOG                      18     FOG W/VIS <= 1/4 MILE      0
HAZE                     26

-  INDICATES NEGATIVE NUMBERS.
R  INDICATES RECORD WAS SET OR TIED.
MM INDICATES DATA IS MISSING.
T  INDICATES TRACE AMOUNT.

$$

EVANEGO
