000
CXUS55 KCYS 132151
CLMBFF


CLIMATE REPORT
NATIONAL WEATHER SERVICE CHEYENNE WY
251 PM MST WED JAN 13 2016

...................................

...THE SCOTTSBLUFF NE AIRPORT CLIMATE SUMMARY FOR THE YEAR OF 2015...

CLIMATE NORMAL PERIOD 1981 TO 2010
CLIMATE RECORD PERIOD 1871 TO 2016

WEATHER         OBSERVED          NORMAL  DEPART  LAST YEAR`S
                 VALUE   DATE(S)  VALUE   FROM    VALUE
                                          NORMAL
.............................................................
TEMPERATURE (F)
RECORD
 HIGH             110   07/11/1939
 LOW              -45   02/12/1899
HIGHEST           101   08/15                        105
LOWEST            -12   01/04                        -28
AVG. MAXIMUM     64.6              63.6     1.0     63.4
AVG. MINIMUM     36.3              34.1     2.2     33.5
MEAN             50.5              48.8     1.7     48.5
DAYS MAX >= 90     45              42.6               50
DAYS MAX <= 32     32              26.7               41
DAYS MIN <= 32    154             172.7              176
DAYS MIN <= 0      13              12.7               22

PRECIPITATION (INCHES)
RECORD
 MAXIMUM        27.48   1915
 MINIMUM         2.93   2002
TOTALS          23.56             15.79    7.77    19.27
DAILY AVG.       0.06              0.04    0.02     0.05
DAYS >= .01        98              87.2              108
DAYS >= .10        50              40.1               48
DAYS >= .50        14               8.0                8
DAYS >= 1.00        3               1.9                3
GREATEST
 24 HR. TOTAL    3.04   05/09 TO 05/10              3.47

SNOWFALL (INCHES)
RECORDS
 TOTAL           73.3   2014
TOTALS           37.7              42.1    -4.4     73.3
SINCE 7/1        16.9              16.0     0.9     30.9
DAYS >= TRACE      42              27.0               62
DAYS >= 1.0        11              13.6               23
GREATEST
 SNOW DEPTH        12   01/05                         14
                        01/04
                        01/01
 24 HR TOTAL      8.0   05/09 TO 05/10              10.5

DEGREE_DAYS
HEATING TOTAL    5973              6616    -643     6597
 SINCE 7/1         MM              2772      MM       MM
COOLING TOTAL     792               724      68      719
 SINCE 1/1        792               724      68      719
..............................................................

WIND (MPH)
AVERAGE WIND SPEED              8.9
HIGHEST WIND SPEED/DIRECTION    47/260    DATE  07/27
HIGHEST GUST SPEED/DIRECTION    59/250    DATE  07/27

SKY COVER
POSSIBLE SUNSHINE (PERCENT)   MM
AVERAGE SKY COVER           0.30
NUMBER OF DAYS FAIR          226
NUMBER OF DAYS PC             99
NUMBER OF DAYS CLOUDY         38

AVERAGE RH (PERCENT)     63

WEATHER CONDITIONS. NUMBER OF DAYS WITH
THUNDERSTORM              0     MIXED PRECIP               0
HEAVY RAIN               19     RAIN                      33
LIGHT RAIN               96     FREEZING RAIN              0
LT FREEZING RAIN          0     HAIL                       0
HEAVY SNOW                3     SNOW                      13
LIGHT SNOW               38     SLEET                      0
FOG                     131     FOG W/VIS <= 1/4 MILE     24
HAZE                     59

-  INDICATES NEGATIVE NUMBERS.
R  INDICATES RECORD WAS SET OR TIED.
MM INDICATES DATA IS MISSING.
T  INDICATES TRACE AMOUNT.

$$
