000
CXUS55 KCYS 161633
CLMBFF


CLIMATE REPORT
NATIONAL WEATHER SERVICE CHEYENNE WY
1033 AM MDT TUE JUN 16 2015

...................................

...THE SCOTTSBLUFF NE AIRPORT CLIMATE SUMMARY FOR THE MONTH OF MAY 2015...

CLIMATE NORMAL PERIOD 1981 TO 2010
CLIMATE RECORD PERIOD 1871 TO 2015

WEATHER         OBSERVED          NORMAL  DEPART  LAST YEAR`S
                 VALUE   DATE(S)  VALUE   FROM    VALUE  DATE(S)
                                          NORMAL
................................................................
TEMPERATURE (F)
RECORD
 HIGH             103   05/29/2003
 LOW               15   05/12/1983
                        05/03/1907
                        05/02/1898
HIGHEST            83   05/02        71      12       92
LOWEST             29   05/11        44     -15       27
AVG. MAXIMUM     63.9              71.6    -7.7     71.7
AVG. MINIMUM     42.8              42.9    -0.1     43.0
MEAN             53.4              57.3    -3.9     57.4
DAYS MAX >= 90      0               1.0                2
DAYS MAX <= 32      0               0.0                0
DAYS MIN <= 32      3               1.9                7
DAYS MIN <= 0       0               0.0                0

PRECIPITATION (INCHES)
RECORD
 MAXIMUM         7.72   1899
 MINIMUM            T   2011
TOTALS           7.95R             2.48    5.47     4.08
DAYS >= .01        17              11.4     5.6       17
DAYS >= .10        12               6.0     6.0        8
DAYS >= .50         5               1.4     3.6        2
DAYS >= 1.00        1               0.4     0.6        2
GREATEST
 24 HR. TOTAL    3.04   05/09 TO 05/10

SNOWFALL (INCHES)
RECORDS
 TOTAL             MM   MM
TOTALS            8.0               0.5     7.5      5.0
SINCE 7/1        51.7              42.1     9.6     66.5
SNOWDEPTH AVG.      0
DAYS >= TRACE       4               0.3     3.7        4
DAYS >= 1.0         2               0.2     1.8        1
GREATEST
 SNOW DEPTH         4   05/10                          1  05/12
 24 HR TOTAL      8.0   05/09 TO 05/10           05/11 TO 05/11
                                                          05/11 TO 05/11
                                                          05/11 TO 05/11

DEGREE_DAYS
HEATING TOTAL     352               262      90      259
 SINCE 7/1       6156              6555    -399     6619
COOLING TOTAL       0                21     -21       27
 SINCE 1/1          0                23     -23       27
..................................................

WIND (MPH)
AVERAGE WIND SPEED              10.4
HIGHEST WIND SPEED/DIRECTION    33/130    DATE  05/15
HIGHEST GUST SPEED/DIRECTION    41/120    DATE  05/15

SKY COVER
POSSIBLE SUNSHINE (PERCENT)   MM
AVERAGE SKY COVER           0.60
NUMBER OF DAYS FAIR            8
NUMBER OF DAYS PC             12
NUMBER OF DAYS CLOUDY         11

AVERAGE RH (PERCENT)     72

WEATHER CONDITIONS. NUMBER OF DAYS WITH
THUNDERSTORM              0     MIXED PRECIP               0
HEAVY RAIN                4     RAIN                       7
LIGHT RAIN               18     FREEZING RAIN              0
LT FREEZING RAIN          0     HAIL                       0
HEAVY SNOW                0     SNOW                       2
LIGHT SNOW                4     SLEET                      0
FOG                      18     FOG W/VIS <= 1/4 MILE      4
HAZE                      4

-  INDICATES NEGATIVE NUMBERS.
R  INDICATES RECORD WAS SET OR TIED.
MM INDICATES DATA IS MISSING.
T  INDICATES TRACE AMOUNT.

$$
