000
CXUS46 KHNX 051431 CCA
CLMBFL

CLIMATE REPORT
NATIONAL WEATHER SERVICE SAN JOAQUIN VALLEY, CA
1054 AM PDT SAT SEP 2 2017

...................................

...THE BAKERSFIELD CLIMATE SUMMARY FOR THE MONTH OF AUGUST 2017...

CLIMATE NORMAL PERIOD 1981 TO 2010
CLIMATE RECORD PERIOD 1889 TO 2017

WEATHER         OBSERVED          NORMAL  DEPART  LAST YEAR`S
                 VALUE   DATE(S)  VALUE   FROM    VALUE  DATE(S)
                                          NORMAL
................................................................
TEMPERATURE (F)
RECORD
 HIGH             117   08/14/1933
 LOW               44   08/22/1903
HIGHEST           112   08/29        MM      MM      107  08/15
LOWEST             65   08/15        MM      MM       64  08/27
AVG. MAXIMUM    100.6              95.8     4.8     99.2
AVG. MINIMUM     75.3              69.0     6.3     71.4
MEAN             87.9              82.4     5.5     85.3
DAYS MAX >= 90     30              25.6     4.4       31
DAYS MIN <= 32      0               0.0     0.0        0

PRECIPITATION (INCHES)
RECORD
 MAXIMUM         1.18   1983
TOTALS              T              0.04   -0.04     0.00
DAYS >= .01         0               0.3    -0.3        0
DAYS >= .10         0               0.0     0.0        0
DAYS >= .50         0               0.0     0.0        0
DAYS >= 1.00        0               0.0     0.0        0
GREATEST
 24 HR. TOTAL       T   08/30 TO 08/30
                        08/02 TO 08/02

SNOWFALL (INCHES)
RECORDS
 TOTAL            0.0
TOTALS            0.0               0.0

DEGREE_DAYS
HEATING TOTAL       0                 0       0        0
 SINCE 7/1          0                 0       0        0
COOLING TOTAL     719               539     180      637
 SINCE 1/1       2368              1768     600     2193
.................................................................

WIND (MPH)
AVERAGE WIND SPEED              5.9
HIGHEST WIND SPEED/DIRECTION    20/310    DATE  08/14
HIGHEST GUST SPEED/DIRECTION    22/300    DATE  08/18

AVERAGE RH (PERCENT)     36

WEATHER CONDITIONS. NUMBER OF DAYS WITH
THUNDERSTORM              0     RAIN                       0
HAIL                      0     FOG                        0
FOG W/VIS <= 1/4 MILE     0     HAZE                       1

-  INDICATES NEGATIVE NUMBERS.
R  INDICATES RECORD WAS SET OR TIED.
MM INDICATES DATA IS MISSING.
T  INDICATES TRACE AMOUNT.

$$
