000
CXUS46 KHNX 011300
CLMBFL


CLIMATE REPORT
NATIONAL WEATHER SERVICE SAN JOAQUIN VALLEY - HANFORD CA
500 AM PST THU JAN 1 2015

...................................

...THE BAKERSFIELD CLIMATE SUMMARY FOR THE MONTH OF DECEMBER 2014...

CLIMATE NORMAL PERIOD 1981 TO 2010
CLIMATE RECORD PERIOD 1889 TO 2014

WEATHER         OBSERVED          NORMAL  DEPART  LAST YEAR`S
                 VALUE   DATE(S)  VALUE   FROM    VALUE  DATE(S)
                                          NORMAL
................................................................
TEMPERATURE (F)
RECORD
 HIGH              87   12/02/1915
 LOW               13   12/24/1905
HIGHEST            75   12/03        MM      MM       71  12/30
                                                          12/25
LOWEST             33   12/31        MM      MM       26  12/10
                        12/29                             12/09
AVG. MAXIMUM     62.2              56.6     5.6     60.2
AVG. MINIMUM     45.2              39.0     6.2     35.2
MEAN             53.7              47.8     5.9     47.7
DAYS MAX >= 90      0               0.0     0.0        0
DAYS MIN <= 32      0               3.6    -3.6        8

PRECIPITATION (INCHES)
RECORD
 MAXIMUM         5.82   2010
TOTALS           2.02              1.02    1.00     0.10
DAYS >= .01         7               5.9     1.1        1
DAYS >= .10         4               2.8     1.2        1
DAYS >= .50         1               0.4     0.6        0
DAYS >= 1.00        1               0.1     0.9        0
GREATEST
 24 HR. TOTAL    1.12   12/12 TO 12/12

SNOWFALL (INCHES)
RECORDS
 TOTAL            4.0   12/11/1932
TOTALS            0.0               0.0

DEGREE_DAYS
HEATING TOTAL     345               533    -188      529
 SINCE 7/1        519               891    -372      773
COOLING TOTAL       0                 0       0        0
 SINCE 1/1       2983              2258     725     2557
.................................................................

WIND (MPH)
AVERAGE WIND SPEED              4.6
HIGHEST WIND SPEED/DIRECTION    45/140    DATE  12/11
HIGHEST GUST SPEED/DIRECTION    55/130    DATE  12/11

AVERAGE RH (PERCENT)     70

WEATHER CONDITIONS. NUMBER OF DAYS WITH
THUNDERSTORM              0     RAIN                       7
HAIL                      0     FOG                       19
FOG W/VIS <= 1/4 MILE     8     HAZE                      14

-  INDICATES NEGATIVE NUMBERS.
R  INDICATES RECORD WAS SET OR TIED.
MM INDICATES DATA IS MISSING.
T  INDICATES TRACE AMOUNT.

$$

SANGER/OCHS

WEATHER.GOV/HANFORD
