000
CXUS46 KHNX 020616
CLMBFL


CLIMATE REPORT
NATIONAL WEATHER SERVICE SAN JOAQUIN VALLEY, CA
1107 PM PDT MON MAY 1 2017

...................................

...THE BAKERSFIELD CLIMATE SUMMARY FOR THE MONTH OF APRIL 2017...

CLIMATE NORMAL PERIOD 1981 TO 2010
CLIMATE RECORD PERIOD 1889 TO 2017

WEATHER         OBSERVED          NORMAL  DEPART  LAST YEAR`S
                 VALUE   DATE(S)  VALUE   FROM    VALUE  DATE(S)
                                          NORMAL
................................................................
TEMPERATURE (F)
RECORD
 HIGH             101   04/30/1981
 LOW               28   04/08/1893
HIGHEST            90   04/05        MM      MM       92  04/18
LOWEST             40   04/09        MM      MM       46  04/23
AVG. MAXIMUM     78.4              75.0     3.4     79.3
AVG. MINIMUM     51.1              50.2     0.9     54.6
MEAN             64.8              62.6     2.2     66.9
DAYS MAX >= 90      1               1.9    -0.9        4
DAYS MIN <= 32      0               0.0     0.0        0

PRECIPITATION (INCHES)
RECORD
 MAXIMUM         2.99   1915
TOTALS           0.35              0.52   -0.17     0.97
DAYS >= .01         2               3.7    -1.7        6
DAYS >= .10         1               1.7    -0.7        3
DAYS >= .50         0               0.1    -0.1        0
DAYS >= 1.00        0               0.0     0.0        0
GREATEST
 24 HR. TOTAL    0.33   04/18 TO 04/18

SNOWFALL (INCHES)
RECORDS
 TOTAL            0.0
TOTALS            0.0               0.0

DEGREE_DAYS
HEATING TOTAL      52               129     -77       28
 SINCE 7/1       1592              2142    -550     1686
COOLING TOTAL      53                57      -4       96
 SINCE 1/1         79                66      13      102
.................................................................

WIND (MPH)
AVERAGE WIND SPEED              7.1
HIGHEST WIND SPEED/DIRECTION    35/360    DATE  04/08
HIGHEST GUST SPEED/DIRECTION    42/360    DATE  04/08

AVERAGE RH (PERCENT)     49

WEATHER CONDITIONS. NUMBER OF DAYS WITH
THUNDERSTORM              0     RAIN                       1
HAIL                      0     FOG                        3
FOG W/VIS <= 1/4 MILE     0     HAZE                       2

-  INDICATES NEGATIVE NUMBERS.
R  INDICATES RECORD WAS SET OR TIED.
MM INDICATES DATA IS MISSING.
T  INDICATES TRACE AMOUNT.

$$
