000
CXUS54 KAMA 011628
CLMBGD


CLIMATE REPORT
NATIONAL WEATHER SERVICE AMARILLO TX
1122 AM CDT SAT AUG 1 2015

...................................

...THE BORGER CLIMATE SUMMARY FOR THE MONTH OF JULY 2015...

CLIMATE NORMAL PERIOD 1981 TO 2013
CLIMATE RECORD PERIOD 1949 TO 2015

WEATHER         OBSERVED          NORMAL  DEPART  LAST YEAR`S
                 VALUE   DATE(S)  VALUE   FROM    VALUE  DATE(S)
                                          NORMAL
................................................................
TEMPERATURE (F)
HIGHEST           100   07/13                        104  07/26
                                                          07/25
LOWEST             59   07/08                         58  07/17
AVG. MAXIMUM     92.5              94.1    -1.6     90.7
AVG. MINIMUM     69.6              69.8    -0.2     69.1
MEAN             81.0              82.0    -1.0     79.9
DAYS MAX >= 90     23              24.6    -1.6       20
DAYS MAX <= 32      0               0.0     0.0        0
DAYS MIN <= 32      0               0.0     0.0        0
DAYS MIN <= 0       0               0.0     0.0        0

PRECIPITATION (INCHES)
TOTALS           8.52              2.62    5.90     3.17
DAILY AVG.       0.27              0.08    0.19     0.10
DAYS >= .01        12               6.5     5.5        7
DAYS >= .10        11               4.4     6.6        4
DAYS >= .50         5               1.6     3.4        3
DAYS >= 1.00        3               0.6     2.4        1
GREATEST
 24 HR. TOTAL    2.83   07/02 TO 07/03

SNOWFALL (INCHES)
TOTALS            0.0                MM      MM      0.0
SINCE 7/1         0.0                MM      MM      0.0
DAYS >= TRACE       0                MM      MM        0
DAYS >= 1.0         0                MM      MM        0
GREATEST
 SNOW DEPTH         0
 24 HR TOTAL      0.0

DEGREE_DAYS
HEATING TOTAL       0                 0       0        1
 SINCE 7/1          0                 0       0        1
COOLING TOTAL     503               526     -23      470
 SINCE 1/1       1040              1081     -41     1191
.................................................................

WIND (MPH)
AVERAGE WIND SPEED              9.2
HIGHEST WIND SPEED/DIRECTION    52/030    DATE  07/03
HIGHEST GUST SPEED/DIRECTION    66/020    DATE  07/03

SKY COVER
POSSIBLE SUNSHINE (PERCENT)   MM
NUMBER OF DAYS FAIR           24
NUMBER OF DAYS PC              6
NUMBER OF DAYS CLOUDY          1

AVERAGE RH (PERCENT)     60

WEATHER CONDITIONS. NUMBER OF DAYS WITH
THUNDERSTORM             12     MIXED PRECIP               0
HEAVY RAIN                9     RAIN                       8
LIGHT RAIN               13     FREEZING RAIN              0
LT FREEZING RAIN          0     HEAVY SNOW                 0
SNOW                      0     LIGHT SNOW                 0
SLEET                     0     FOG                        9
FOG W/VIS <= 1/4 MILE     1     HAZE                       2

-  INDICATES NEGATIVE NUMBERS.
R  INDICATES RECORD WAS SET OR TIED.
MM INDICATES DATA IS MISSING.
T  INDICATES TRACE AMOUNT.

$$
