000
CXUS51 KCAR 020236
CLMBGR

CLIMATE REPORT
NATIONAL WEATHER SERVICE CARIBOU, ME
455 PM EDT TUE JUL 1 2014

...................................

...THE BANGOR ME CLIMATE SUMMARY FOR THE MONTH OF JUNE 2014...

CLIMATE NORMAL PERIOD 1981 TO 2010
CLIMATE RECORD PERIOD 1925 TO 2014

WEATHER         OBSERVED          NORMAL  DEPART  LAST YEAR`S
                 VALUE   DATE(S)  VALUE   FROM    VALUE  DATE(S)
                                          NORMAL
................................................................
TEMPERATURE (F)
RECORD
 HIGH              98   06/27/1941
 LOW               29   06/03/1939
HIGHEST            89   06/09        MM      MM       90  06/25
                                                          06/01
LOWEST             41   06/01        MM      MM       42  06/06
AVG. MAXIMUM     75.2              74.3     0.9     73.1
AVG. MINIMUM     52.7              52.0     0.7     53.4
MEAN             63.9              63.2     0.7     63.2
DAYS MAX >= 90      0               0.9    -0.9        2
DAYS MAX <= 32      0               0.0     0.0        0
DAYS MIN <= 32      0               0.0     0.0        0
DAYS MIN <= 0       0               0.0     0.0        0

PRECIPITATION (INCHES)
RECORD
 MAXIMUM         8.12   2009
 MINIMUM         0.87   1930
TOTALS           3.59                     -0.17
DAILY AVG.       0.12              0.13   -0.01     0.18
DAYS >= .01        11              12.0    -1.0       17
DAYS >= .10         8               7.4     0.6        6
DAYS >= .50         4               2.6     1.4        5
DAYS >= 1.00        0               0.7    -0.7        2
GREATEST
 24 HR. TOTAL    1.28   06/25 TO 06/26           06/07 TO 06/08
                                                          06/30 TO 06/30
                                                          06/30 TO 06/30

SNOWFALL (INCHES)
RECORDS
 TOTAL             MM   MM
TOTALS            0.0               0.0     0.0      0.0
SINCE 7/1        80.0              66.1    13.9     74.3
SNOWDEPTH AVG.      0                MM      MM        0
DAYS >= 1.0         0               0.0     0.0        0
GREATEST
 SNOW DEPTH         0   MM                             0  MM
 24 HR TOTAL      0.0   06/30 TO 06/30           06/30 TO 06/30
                                                          06/30 TO 06/30
                                                          06/30 TO 06/30

DEGREE_DAYS
HEATING TOTAL      71               107     -36      100
 SINCE 7/1       8134              7860     274     7550
COOLING TOTAL      46                52      -6       57
 SINCE 1/1         46                58     -12       65
.................................................

WIND (MPH)
AVERAGE WIND SPEED              7.5
HIGHEST WIND SPEED/DIRECTION    29/340    DATE  06/15
HIGHEST GUST SPEED/DIRECTION    35/300    DATE  06/19

SKY COVER
POSSIBLE SUNSHINE (PERCENT)   MM
AVERAGE SKY COVER           0.60
NUMBER OF DAYS FAIR            3
NUMBER OF DAYS PC             16
NUMBER OF DAYS CLOUDY         11

AVERAGE RH (PERCENT)     68

WEATHER CONDITIONS. NUMBER OF DAYS WITH
THUNDERSTORM              0     MIXED PRECIP               0
HEAVY RAIN                1     RAIN                       5
LIGHT RAIN               13     FREEZING RAIN              0
LT FREEZING RAIN          0     HAIL                       0
HEAVY SNOW                0     SNOW                       0
LIGHT SNOW                0     SLEET                      0
FOG                      14     FOG W/VIS <= 1/4 MILE      0
HAZE                      1

-  INDICATES NEGATIVE NUMBERS.
R  INDICATES RECORD WAS SET OR TIED.
MM INDICATES DATA IS MISSING.
T  INDICATES TRACE AMOUNT.

&&

..................................................................

NORTHERN AND EASTERN MAINE MONTHLY CLIMATE NARRATIVE

JUNE 2004 AVERAGED A LITTLE ABOVE NORMAL FOR TEMPERATURE AND NEAR
NORMAL FOR RAINFALL FOR NORTHERN AND EASTERN MAINE...BOTH WITH SOME
GEOGRAPHICAL DISTRIBUTION ACROSS THE REGION.

AVERAGE TEMPERATURES ACTUALLY RANGED FROM NEAR NORMAL ACROSS THE
DOWNEAST COAST UPWARDS TO NEARLY 2.5 DEGREES ABOVE AVERAGE ACROSS
THE FAR NORTHEAST. BELIEVE IT OR NOT...THE AVERAGE OF 63.0 DEGREES
AT CARIBOU...WHICH WAS 2.3 DEGREES ABOVE NORMAL...TIED FOR THE 6TH
WARMEST JUNE (ALONG WITH 1995, 1979, AND 1973). THE WARMEST JUNE(S)
(2006 AND 1976) OF RECORD AT CARIBOU WAS 64.0 DEGREES...ONLY 3.3
DEGREES ABOVE THE 1981-2010 MEAN OF 60.7 WHICH IS UNUSUALLY LOW
VARIATION EVEN FOR A SUMMER MONTH...MEANING THAT THIS RECORD CAN BE
EASILY BROKEN IF A WARM AND RELATIVELY DRY REGIME WERE ABLE TO
DOMINATE THE ENTIRE MONTH OF JUNE. MOST LOCATIONS EXPERIENCED A WARM
FIRST 10 DAYS THIS MONTH FOLLOWED BY AT OR BELOW NORMAL TEMPERATURES
BETWEEN THE 11TH AND 26TH AND THEN A WARM FINISH FOR THE 27TH AND
30TH WHEN MOST LOCATIONS INLAND FROM THE IMMEDIATE COAST EXPERIENCED
MAXIMUM MONTHLY TEMPERATURES OF UPPER 80S TO AROUND 90 DEGREES.

RAINFALL RANGED FROM 75 TO 95 PERCENT OF AVERAGE ACROSS NORTHEAST
MAINE AND 100 TO 120 PERCENT OF AVERAGE ACROSS THE REMAINDER OF THE
REGION. AT CARIBOU...THIS WAS THE DRIEST JUNE SINCE 2007 WHEN ONLY
2.44 INCHES FELL...WITH 2009 NEARLY AS DRY WITH 2.69 INCHES. MORE
SO...THIS JUNE ENDED A STREAK (2010-2013)OF 4 CONSECUTIVE WET JUNES
WERE SIGNIFICANT PORTIONS OF THE REGION EXPERIENCED 150 TO 250
PERCENT OF AVERAGE RAINFALL. SIGNIFICANT TO HEAVY RAINFALL DAYS THIS
JUNE ACROSS THE REGION INCLUDED THE 6TH...18TH AND 25TH/26TH.

THE OFFICIAL CLIMATE PREDICTION CENTER FORECAST FOR OUR REGION FOR
THE MONTH OF JULY IS CALLING FOR EQUAL CHANCES OF ABOVE...NEAR
NORMAL OR BELOW NORMAL CATEGORIES FOR BOTH TEMPERATURE AND RAINFALL
FOR THE ENTIRE REGION. AVERAGE HIGH (LOW) TEMPERATURES FOR JULY FOR
THE REGION GENERALLY RANGE FROM 75 TO 80 (55 TO 60) DEGREES WITH
AVERAGE RAINFALL RANGING FROM AROUND 3.00 INCHES ALONG THE DOWNEAST
COAST UPWARDS TO 4.00 INCHES ACROSS NORTHERN AND WESTERN HIGHER
TERRAIN LOCATIONS.

$$

VJN
