000
CXUS51 KCAR 040109
CLMBGR

CLIMATE REPORT
NATIONAL WEATHER SERVICE CARIBOU, ME
621 PM EST SAT DEC 3 2016

...................................

...THE BANGOR ME CLIMATE SUMMARY FOR THE MONTH OF NOVEMBER 2016...

CLIMATE NORMAL PERIOD 1981 TO 2010
CLIMATE RECORD PERIOD 1925 TO 2016

WEATHER         OBSERVED          NORMAL  DEPART  LAST YEAR`S
                 VALUE   DATE(S)  VALUE   FROM    VALUE  DATE(S)
                                          NORMAL
................................................................
TEMPERATURE (F)
RECORD
 HIGH              75   11/06/1938
 LOW               -3   11/29/1940
HIGHEST            62   11/14        MM      MM       64  11/06
                        11/02
LOWEST             20   11/29        MM      MM       12  11/25
AVG. MAXIMUM     47.8              45.3     2.5     48.6
AVG. MINIMUM     31.6              28.5     3.1     29.4
MEAN             39.7              36.9     2.8     39.0
DAYS MAX >= 90      0               0.0     0.0        0
DAYS MAX <= 32      0               1.7    -1.7        2
DAYS MIN <= 32     19              20.4    -1.4       18
DAYS MIN <= 0       0               0.0     0.0        0

PRECIPITATION (INCHES)
RECORD
 MAXIMUM        11.61   1983
 MINIMUM         0.50   1939
TOTALS           4.16                     -0.04
DAILY AVG.       0.14              0.14    0.00     0.08
DAYS >= .01        12              11.5     0.5        8
DAYS >= .10         8               7.5     0.5        4
DAYS >= .50         3               3.0     0.0        2
DAYS >= 1.00        2               1.0     1.0        0
GREATEST
 24 HR. TOTAL    1.47   11/15 TO 11/16           11/22 TO 11/23
                                                          11/23 TO 11/23
                                                          11/23 TO 11/23

SNOWFALL (INCHES)
RECORDS
 TOTAL           25.9   2014
TOTALS            1.5               2.3    -0.8      2.5
SINCE 7/1         1.5               2.4    -0.9      2.5
SNOWDEPTH AVG.      0                MM      MM        0
DAYS >= 1.0         1               0.9     0.1        1
GREATEST
 SNOW DEPTH         0   MM                             2  11/23
 24 HR TOTAL      1.5   11/27 TO 11/27           11/23 TO 11/23
                                                          11/23 TO 11/23
                                                          11/23 TO 11/23

DEGREE_DAYS
HEATING TOTAL     753               843     -90      773
 SINCE 7/1       1419              1669    -250     1500
COOLING TOTAL       0                 0       0        0
 SINCE 1/1        448               318     130      406
....................................................

WIND (MPH)
AVERAGE WIND SPEED              6.8
HIGHEST WIND SPEED/DIRECTION    32/320    DATE  11/11
HIGHEST GUST SPEED/DIRECTION    43/330    DATE  11/11

SKY COVER
POSSIBLE SUNSHINE (PERCENT)   MM
AVERAGE SKY COVER           0.70
NUMBER OF DAYS FAIR            4
NUMBER OF DAYS PC             10
NUMBER OF DAYS CLOUDY         16

AVERAGE RH (PERCENT)     78

WEATHER CONDITIONS. NUMBER OF DAYS WITH
THUNDERSTORM              0     MIXED PRECIP               0
HEAVY RAIN                1     RAIN                       7
LIGHT RAIN               15     FREEZING RAIN              0
LT FREEZING RAIN          0     HAIL                       0
HEAVY SNOW                0     SNOW                       1
LIGHT SNOW                6     SLEET                      1
FOG                      15     FOG W/VIS <= 1/4 MILE      1
HAZE                      0

-  INDICATES NEGATIVE NUMBERS.
R  INDICATES RECORD WAS SET OR TIED.
MM INDICATES DATA IS MISSING.
T  INDICATES TRACE AMOUNT.

&&

...NOVEMBER 2016 NORTHERN AND EASTERN MAINE CLIMATE NARRATIVE...

NOVEMBER 2016 WILL BE REMEMBERED FOR SIGNIFICANTLY ABOVE AVERAGE
TEMPERATURES...BELOW TO NEAR NORMAL PRECIPITATION...AND SNOWFALL
THAT RANGED FROM BELOW AVERAGE DOWNEAST TO ABOVE AVERAGE NORTH...
WITH A SNOWY FINISH TO THE MONTH.

TEMPERATURE AVERAGES RANGED FROM 2.5 DEGREES ABOVE DOWNEAST TO 5.5
DEGREES ABOVE ACROSS THE FAR NORTH. AT CARIBOU...THE NOVEMBER 2016
AVERAGE OF 36.8 DEGREES TIED AS THE SECOND WARMEST NOVEMBER ON
RECORD WITH 2009...WITH ONLY THE 2011 AVERAGE OF 37.9 DEGREES
FINISHING WARMER. HOULTON WITH AN AVERAGE OF 37.0 HAD IT 8TH WARMEST
NOVEMBER...WITH THE WARMEST THERE 38.4 RECORDED IN NOVEMBER 2006.
THE COMPLETE LACK OF ARCTIC AIR MASSES CHARACTERIZED THE MONTH...
AND ALTHOUGH CLOUDY CONDITIONS KEPT AVERAGE HIGH TEMPS FROM BEING
VERY MUCH ABOVE NORMAL...OVERNIGHT LOWS WERE MUCH ABOVE AVERAGE. AT
CARIBOU...THE LOWEST TEMPERATURE OF THE MONTH OF 23 DEGREES RECORDED
ON THE 7TH...12TH AND 29TH WAS THE FIRST TIME THE MINIMUM NOVEMBER
TEMPERATURE FAILED TO FALL TO AT LEAST INTO THE TEENS PRIOR TO THE
END OF THE MONTH SINCE RECORDS BEGAN IN 1939.

TOTAL PRECIPITATION FOR THE MONTH RANGED FROM NEAR AVERAGE ACROSS
THE DOWNEAST AND FAR NORTHERN PORTIONS OF THE REGION TO AS LITTLE AS
70 PERCENT OF AVERAGE OVER CENTRAL PORTIONS OF THE REGION. ALL OF
THE REGION WOULD HAVE LIKELY EXPERIENCED WELL BELOW AVERAGE
PRECIPITATION IF IT WERE NOT FOR SIGNIFICANT EVENTS THAT OCCURRED ON
THE 16TH...25TH AND 26TH AND 29TH AND 30TH.

WITH THE ADVENT OF SOMEWHAT COLDER AIR MASSES AFTER THE 20TH...
ENOUGH COLD AIR BECAME IN PLACE FOR THE REMAINING PRECIPITATIONS
EVENTS TO BE MOSTLY SNOW ACROSS THE FAR NORTH AND A COMBO OF SNOW
AND RAIN EVENTS FOR CENTRAL PORTIONS OF THE REGION. ALTHOUGH CARIBOU
BEGAN THE SNOW SEASON WITH THE SECOND LATEST FIRST MEASURABLE SNOW
EVENT OF RECORD ON NOVEMBER 21ST ENDING ON THE 22ND...TWO OTHER
MODERATE TO HEAVY SNOW EVENTS FOLLOWED ON THE 25TH-26TH AND 29TH-
30TH. THIS RESULTED IN THE MONTH FINISHING SIGNIFICANTLY ABOVE
AVERAGE WITH THE MONTHLY TOTAL OF 20.2 INCHES THE 11TH SNOWIEST
NOVEMBER...SIGNIFICANTLY BEHIND THE 34.9 INCH SNOWIEST NOVEMBER
RECORDED IN 1974. THE SNOW DEPTH OF 16 INCHES AT CARIBOU ON THE 30TH
WAS ALSO THE 4TH HIGHEST EVER RECORDED FOR THE MONTH WITH WET HEAVY
SNOWFALL CLINGING TO TREES AND OTHER OUTDOOR OBJECTS...A STARK
CONTRAST TO WHAT WAS A VERY MILD...SNOWFREE FALL.

THE CLIMATE PREDICTION CENTER OUTLOOK FOR THE MONTH OF DECEMBER IS
CALLING FOR SLIGHTLY GREATER PROBABILITY FROM CLIMATOLOGY OF ABOVE
NORMAL TEMPERATURES AND PRECIPITATION FOR THE REGION. AVERAGE
DECEMBER DAILY MEAN TEMPS RANGE FROM THE MID TO UPPER TEENS IN THE
FAR NORTH TO THE UPPER 20S ALONG THE DOWNEAST COAST. AVERAGE LIQUID
EQUIVALENT PRECIPITATION FOR THE MONTH FOR THE ENTIRE AREA IS ABOUT
3.25 TO 3.50 INCHES WHILE AVERAGE SNOWFALL RANGES FROM AROUND 10
INCHES ALONG THE DOWNEAST COAST UPWARDS TO 25 TO 30 INCHES ACROSS
LOWER TERRAIN FAR NORTHERN LOCATIONS...WITH HIGHER AVERAGE SNOWFALL
FOR HIGHER TERRAIN LOCATIONS OF THE NORTHWEST.

$$

VJN
