000
CXUS55 KVEF 011155
CLMBIH


CLIMATE REPORT
NATIONAL WEATHER SERVICE LAS VEGAS, NV
442 AM PDT THU JUN 1 2017

...................................

...THE BISHOP CA CLIMATE SUMMARY FOR THE MONTH OF MAY 2017...

CLIMATE NORMAL PERIOD 1981 TO 2010
CLIMATE RECORD PERIOD 1943 TO 2017

WEATHER         OBSERVED          NORMAL  DEPART  LAST YEAR`S
                 VALUE   DATE(S)  VALUE   FROM    VALUE  DATE(S)
                                          NORMAL
................................................................
TEMPERATURE (F)
RECORD
 HIGH             102   MM
 LOW               25   05/22/2010
                        05/10/2010
                        05/11/2010
HIGHEST            93   05/30        81      12       95  05/31
                        05/24
                        05/23
LOWEST             34   05/16        44     -10       35  05/02
AVG. MAXIMUM     82.2              82.4    -0.2     80.3
AVG. MINIMUM     44.7              44.2     0.5     46.0
MEAN             63.5              63.3     0.2     63.1
DAYS MAX >= 90      7               6.7     0.3        4
DAYS MAX <= 32      0               0.0     0.0        0
DAYS MIN <= 32      0               1.1    -1.1        0
DAYS MIN <= 0       0               0.0     0.0        0

PRECIPITATION (INCHES)
RECORD
 MAXIMUM         1.39   2015
 MINIMUM         0.00   2007
                        2002
                        1985
TOTALS           0.35              0.19    0.16     0.34
DAILY AVG.       0.01              0.01    0.00     0.01
DAYS >= .01         3               1.7     1.3        7
DAYS >= .10         3               0.7     2.3        1
DAYS >= .50         0               0.1    -0.1        0
DAYS >= 1.00        0               0.0     0.0        0
GREATEST
 24 HR. TOTAL    0.13   05/15 TO 05/15

DEGREE_DAYS
HEATING TOTAL      99               116     -17       96
 SINCE 7/1       3783              4158    -375     3754
COOLING TOTAL      57                64      -7       47
 SINCE 1/1         57                68     -11       47

FREEZE DATES
RECORD
 EARLIEST     09/20/1986
 LATEST       06/07/1988
EARLIEST                        10/15
LATEST                          05/03
.................................................................

WIND (MPH)
AVERAGE WIND SPEED              8.6
HIGHEST WIND SPEED/DIRECTION    35/360    DATE  05/17
HIGHEST GUST SPEED/DIRECTION    46/010    DATE  05/17

SKY COVER
POSSIBLE SUNSHINE (PERCENT)   MM
AVERAGE SKY COVER           0.10
NUMBER OF DAYS FAIR           28
NUMBER OF DAYS PC              3
NUMBER OF DAYS CLOUDY          0

AVERAGE RH (PERCENT)     39

WEATHER CONDITIONS. NUMBER OF DAYS WITH
THUNDERSTORM              0     MIXED PRECIP               0
HEAVY RAIN                1     RAIN                       1
LIGHT RAIN                5     FREEZING RAIN              0
LT FREEZING RAIN          0     HAIL                       0
HEAVY SNOW                0     SNOW                       0
LIGHT SNOW                0     SLEET                      0
FOG                       2     FOG W/VIS <= 1/4 MILE      0
HAZE                      0

-  INDICATES NEGATIVE NUMBERS.
R  INDICATES RECORD WAS SET OR TIED.
MM INDICATES DATA IS MISSING.
T  INDICATES TRACE AMOUNT.

$$
