937
CXUS56 KSEW 011134
CLMBLI


CLIMATE REPORT
NATIONAL WEATHER SERVICE SEATTLE WA
434 AM PDT FRI JUL 1 2016

...................................

...THE BELLINGHAM WA AIRPORT CLIMATE SUMMARY FOR THE MONTH OF JUNE 2016...

CLIMATE NORMAL PERIOD 1981 TO 2010
CLIMATE RECORD PERIOD 1949 TO 2016

WEATHER         OBSERVED          NORMAL  DEPART  LAST YEAR`S
                 VALUE   DATE(S)  VALUE   FROM    VALUE  DATE(S)
                                          NORMAL
................................................................
TEMPERATURE (F)
RECORD
 HIGH              93   06/09/1955
 LOW               37   06/02/1999
                        06/02/1954
                        06/13/1952
HIGHEST            85   06/05        MM      MM       87  06/27
LOWEST             42   06/17        MM      MM       46  06/14
                                                          06/13
AVG. MAXIMUM     68.5              66.6     1.9     73.6
AVG. MINIMUM     52.3              50.3     2.0     54.5
MEAN             60.4              58.5     1.9     64.0
DAYS MAX >= 90      0               0.0     0.0        0
DAYS MAX <= 32      0               0.0     0.0        0
DAYS MIN <= 32      0               0.0     0.0        0
DAYS MIN <= 0       0               0.0     0.0        0

PRECIPITATION (INCHES)
RECORD
 MAXIMUM         4.78   1971
 MINIMUM         0.25   1977
TOTALS           0.92              1.86   -0.94     0.26
DAILY AVG.       0.03              0.06   -0.03     0.01
DAYS >= .01         8              10.0    -2.0        3
DAYS >= .10         3               5.4    -2.4        2
DAYS >= .50         0               0.9    -0.9        0
DAYS >= 1.00        0               0.1    -0.1        0
GREATEST
 24 HR. TOTAL    0.41   06/17 TO 06/18

DEGREE_DAYS
HEATING TOTAL     146               201     -55       69
COOLING TOTAL      17                 4      13       48
 SINCE 1/1         18                 4      14       48
.................................................................

WIND (MPH)
AVERAGE WIND SPEED              7.2
HIGHEST WIND SPEED/DIRECTION    21/150    DATE  06/21
HIGHEST GUST SPEED/DIRECTION    29/180    DATE  06/29

SKY COVER
POSSIBLE SUNSHINE (PERCENT)   MM
AVERAGE SKY COVER           0.40
NUMBER OF DAYS FAIR           14
NUMBER OF DAYS PC             10
NUMBER OF DAYS CLOUDY          6

AVERAGE RH (PERCENT)     71

WEATHER CONDITIONS. NUMBER OF DAYS WITH
THUNDERSTORM              0     MIXED PRECIP               0
HEAVY RAIN                0     RAIN                       2
LIGHT RAIN               14     FREEZING RAIN              0
LT FREEZING RAIN          0     HAIL                       0
HEAVY SNOW                0     SNOW                       0
LIGHT SNOW                0     SLEET                      0
FOG                       8     FOG W/VIS <= 1/4 MILE      0
HAZE                      0

-  INDICATES NEGATIVE NUMBERS.
R  INDICATES RECORD WAS SET OR TIED.
MM INDICATES DATA IS MISSING.
T  INDICATES TRACE AMOUNT.

$$
