000
CXUS54 KOHX 011318
CLMBNA


CLIMATE REPORT
NATIONAL WEATHER SERVICE NASHVILLE TN
717 AM CST WED FEB 1 2017

...................................

...THE NASHVILLE CLIMATE SUMMARY FOR THE MONTH OF JANUARY 2017...

CLIMATE NORMAL PERIOD 1981 TO 2010
CLIMATE RECORD PERIOD 1871 TO 2017

WEATHER         OBSERVED          NORMAL  DEPART  LAST YEAR`S
                 VALUE   DATE(S)  VALUE   FROM    VALUE
                                          NORMAL
.............................................................
TEMPERATURE (F)
RECORD
 HIGH              78   01/24/1972
                        01/25/1950
                        01/29/1911
 LOW              -17   01/21/1985
HIGHEST            72   01/16
LOWEST              8   01/08
AVG. MAXIMUM     55.0              46.9     8.1
AVG. MINIMUM     39.1              28.4    10.7
MEAN             47.0              37.7     9.3     37.3
DAYS MAX >= 90      0
DAYS MAX <= 32      3
DAYS MIN <= 32      8
DAYS MIN <= 0       0

PRECIPITATION (INCHES)
RECORD
 MAXIMUM        14.75   1937
 MINIMUM         0.19   1986
TOTALS           3.34              3.75   -0.41
DAYS >= .01        12
DAYS >= .10         5
DAYS >= .50         3
DAYS >= 1.00        1
GREATEST
 24 HR. TOTAL    1.26   01/19 TO 01/19

SNOWFALL (INCHES)
TOTALS            0.4R              2.6    -2.2
SINCE 7/1         0.7                      -2.4
DAYS >= TRACE       3
DAYS >= 1.0         0

DEGREE_DAYS
HEATING TOTAL     546               848    -302
 SINCE 7/1       1583              2285    -702
COOLING TOTAL       0                 0       0
 SINCE 1/1          0                 0       0
..............................................................

WIND (MPH)
AVERAGE WIND SPEED              8.4
HIGHEST GUST SPEED/DIRECTION    41/200    DATE  01/10

SKY COVER
POSSIBLE SUNSHINE (PERCENT)    0
AVERAGE SKY COVER           0.80
NUMBER OF DAYS FAIR            2
NUMBER OF DAYS PC              7
NUMBER OF DAYS CLOUDY         22

AVERAGE RH (PERCENT)     69

WEATHER CONDITIONS. NUMBER OF DAYS WITH
THUNDERSTORM              0     MIXED PRECIP               0
HEAVY RAIN                4     RAIN                       7
LIGHT RAIN               15     FREEZING RAIN              0
LT FREEZING RAIN          0     HAIL                       0
HEAVY SNOW                1     SNOW                       1
LIGHT SNOW                3     SLEET                      1
FOG                      14     FOG W/VIS <= 1/4 MILE      5
HAZE                      1

-  INDICATES NEGATIVE NUMBERS.
R  INDICATES RECORD WAS SET OR TIED.
MM INDICATES DATA IS MISSING.
T  INDICATES TRACE AMOUNT.

$$
