000
CXUS51 KBOX 011902
CLMBOS


CLIMATE REPORT
NATIONAL WEATHER SERVICE TAUNTON MA
240 PM EDT SAT APR 1 2017

...................................

...THE BOSTON MA CLIMATE SUMMARY FOR THE MONTH OF MARCH 2017...

CLIMATE NORMAL PERIOD 1981 TO 2010
CLIMATE RECORD PERIOD 1872 TO 2017

WEATHER         OBSERVED          NORMAL  DEPART
                 VALUE   DATE(S)  VALUE   FROM
                                          NORMAL
................................................
TEMPERATURE (F)
RECORD
 HIGH              89   3/31/1998
 LOW               -8   3/6/1872
HIGHEST            63   03/01
LOWEST              9   03/12
                        03/05
AVG. MAXIMUM     41.4              45.4    -4.0
AVG. MINIMUM     26.6              31.1    -4.5
MEAN             34.1              38.3    -4.2
DAYS MAX >= 90      0               0.0     0.0
DAYS MAX <= 32      5               1.8     3.2
DAYS MIN <= 32     21              15.3     5.7
DAYS MIN <= 0       0               0.0     0.0

PRECIPITATION (INCHES)
RECORD
 MAXIMUM        14.87   2010
 MINIMUM            T   1915
TOTALS           4.18              4.32   -0.14
DAILY AVG.       0.13              0.14   -0.01
DAYS >= .01        13              11.6     1.4
DAYS >= .10         5               7.4    -2.4
DAYS >= .50         3               2.6     0.4
DAYS >= 1.00        1               1.2    -0.2
GREATEST
 24 HR. TOTAL    1.62   03/14 TO 03/14

SNOWFALL (INCHES)
RECORDS
 TOTAL           38.9   1993
 SNOW DEPTH        MM   MM
TOTALS           10.1               7.8     2.3
SINCE 7/1        46.4              41.9     4.5
SNOWDEPTH AVG.     MM
DAYS >= 1.0         2               2.2    -0.2
GREATEST
 SNOW DEPTH        MM
 24 HR TOTAL      6.6   03/14 TO 03/14

DEGREE_DAYS
HEATING TOTAL     951               829     122
 SINCE 7/1       4490              4871    -381
COOLING TOTAL       0                 0       0
 SINCE 1/1          0                 0       0
.................................................

WIND (MPH)
AVERAGE WIND SPEED              13.7
RESULTANT WIND SPEED/DIRECTION   7/298
HIGHEST WIND SPEED/DIRECTION    45/040    DATE  03/14
HIGHEST GUST SPEED/DIRECTION    57/040    DATE  03/14

SKY COVER
POSSIBLE SUNSHINE (PERCENT)   MM
AVERAGE SKY COVER           0.60
NUMBER OF DAYS FAIR           10
NUMBER OF DAYS PC             10
NUMBER OF DAYS CLOUDY         11

AVERAGE RH (PERCENT)     58

WEATHER CONDITIONS. NUMBER OF DAYS WITH
THUNDERSTORM              0     MIXED PRECIP               0
HEAVY RAIN                1     RAIN                       5
LIGHT RAIN               11     FREEZING RAIN              0
LT FREEZING RAIN          1     HAIL                       2
HEAVY SNOW                2     SNOW                       4
LIGHT SNOW                9     SLEET                      1
FOG                      13     FOG W/VIS <= 1/4 MILE      2
HAZE                      3

-  INDICATES NEGATIVE NUMBERS.
R  INDICATES RECORD WAS SET OR TIED.
MM INDICATES DATA IS MISSING.
T  INDICATES TRACE AMOUNT.

$$
