691
CXUS51 KBOX 012027 CCC
CLMBOS

CLIMATE REPORT
NATIONAL WEATHER SERVICE TAUNTON MA
909 AM EST WED MAR 1 2017

...................................

...THE BOSTON MA CLIMATE SUMMARY FOR THE MONTH OF FEBRUARY 2017...

CLIMATE NORMAL PERIOD 1981 TO 2010
CLIMATE RECORD PERIOD 1872 TO 2017

WEATHER         OBSERVED          NORMAL  DEPART
                 VALUE   DATE(S)  VALUE   FROM
                                          NORMAL
................................................
TEMPERATURE (F)
RECORD
 HIGH              73R  02/24/2017
 LOW              -18   12/31/1999
HIGHEST            73R  02/24
LOWEST             11   02/10
                        02/09
AVG. MAXIMUM     44.7              38.7     6.0
AVG. MINIMUM     28.5              24.7     3.8
MEAN             36.6              31.7     4.9
DAYS MAX >= 90      0               0.0     0.0
DAYS MAX <= 32      2               6.4    -4.4
DAYS MIN <= 32     20              22.6    -2.6
DAYS MIN <= 0       0               0.1    -0.1

PRECIPITATION (INCHES)
RECORD
 MAXIMUM         7.94   2008
 MINIMUM         0.45   1877
TOTALS           3.22              3.25   -0.03
DAILY AVG.       0.12              0.12    0.00
DAYS >= .01        10               9.8     0.2
DAYS >= .10         6               5.8     0.2
DAYS >= .50         2               2.4    -0.4
DAYS >= 1.00        1               0.8     0.2
GREATEST
 24 HR. TOTAL    1.25   02/09 TO 02/09

SNOWFALL (INCHES)
RECORDS
 TOTAL           64.8   2015
 SNOW DEPTH         1   02/07/2004
TOTALS           21.5              10.9    10.6
SINCE 7/1        36.3              34.1     2.2
SNOWDEPTH AVG.     MM
DAYS >= 1.0         6               2.4     3.6
GREATEST
 SNOW DEPTH        MM
 24 HR TOTAL     10.9   02/09

DEGREE_DAYS
HEATING TOTAL     789               932    -143
 SINCE 7/1       3539              4042    -503
COOLING TOTAL       0                 0       0
 SINCE 1/1          0                 0       0
.................................................

WIND (MPH)
AVERAGE WIND SPEED              12.7
RESULTANT WIND SPEED/DIRECTION   6/271
HIGHEST WIND SPEED/DIRECTION    39/030    DATE  02/09
HIGHEST GUST SPEED/DIRECTION    49/030    DATE  02/09

SKY COVER
POSSIBLE SUNSHINE (PERCENT)   MM
AVERAGE SKY COVER           0.60
NUMBER OF DAYS FAIR            7
NUMBER OF DAYS PC             10
NUMBER OF DAYS CLOUDY         11

AVERAGE RH (PERCENT)     64

WEATHER CONDITIONS. NUMBER OF DAYS WITH
THUNDERSTORM              0     MIXED PRECIP               0
HEAVY RAIN                1     RAIN                       3
LIGHT RAIN                5     FREEZING RAIN              0
LT FREEZING RAIN          1     HAIL                       0
HEAVY SNOW                1     SNOW                       4
LIGHT SNOW                9     SLEET                      0
FOG                      13     FOG W/VIS <= 1/4 MILE      1
HAZE                      0

-  INDICATES NEGATIVE NUMBERS.
R  INDICATES RECORD WAS SET OR TIED.
MM INDICATES DATA IS MISSING.
T  INDICATES TRACE AMOUNT.

$$

SIPPRELL/CORREIA
