000
CXUS53 KDVN 011004
CLMBRL


CLIMATE REPORT
NATIONAL WEATHER SERVICE QUAD CITIES IA IL
459 AM CDT FRI MAY 1 2015

...................................

...THE BURLINGTON IA CLIMATE SUMMARY FOR THE MONTH OF APRIL 2015...

CLIMATE NORMAL PERIOD 1981 TO 2010
CLIMATE RECORD PERIOD 1897 TO 2015

WEATHER         OBSERVED          NORMAL  DEPART
                 VALUE   DATE(S)  VALUE   FROM
                                          NORMAL
................................................
TEMPERATURE (F)
RECORD
 HIGH              93   04/10/1930
 LOW               11   04/06/1982
HIGHEST            80   04/17        70      10
                        04/09
LOWEST             24   04/04        38     -14
AVG. MAXIMUM     67.0              64.8     2.2
AVG. MINIMUM     43.0              42.7     0.3
MEAN             55.0              53.8     1.2
DAYS MAX >= 90      0
DAYS MAX <= 32      0
DAYS MIN <= 32      2
DAYS MIN <= 0       0

PRECIPITATION (INCHES)
TOTALS           1.60              3.76   -2.16
DAILY AVG.       0.05              0.13   -0.08
DAYS >= .01         8
DAYS >= .10         4
DAYS >= .50         0
DAYS >= 1.00        0
GREATEST
 24 HR. TOTAL    0.48   04/13 TO 04/13

DEGREE_DAYS
HEATING TOTAL     298               356     -58
 SINCE 7/1       5995              5462     533
COOLING TOTAL       3                18     -15
 SINCE 1/1          3                20     -17
.................................................

WIND (MPH)
AVERAGE WIND SPEED              9.8
HIGHEST WIND SPEED/DIRECTION    33/250    DATE  04/09
HIGHEST GUST SPEED/DIRECTION    44/250    DATE  04/09

SKY COVER
POSSIBLE SUNSHINE (PERCENT)   MM
AVERAGE SKY COVER           0.40
NUMBER OF DAYS FAIR           17
NUMBER OF DAYS PC              8
NUMBER OF DAYS CLOUDY          5

AVERAGE RH (PERCENT)     58

WEATHER CONDITIONS. NUMBER OF DAYS WITH
THUNDERSTORM              0     HAIL                       0
SLEET                     0     FOG                       10
FOG W/VIS <= 1/4 MILE     2     HAZE                       9

-  INDICATES NEGATIVE NUMBERS.
R  INDICATES RECORD WAS SET OR TIED.
MM INDICATES DATA IS MISSING.
T  INDICATES TRACE AMOUNT.

$$
