443
CXUS44 KBRO 011033
CLMBRO


CLIMATE REPORT
NATIONAL WEATHER SERVICE BROWNSVILLE TX
522 AM CDT SAT APR 1 2017

...................................

...THE BROWNSVILLE CLIMATE SUMMARY FOR THE MONTH OF MARCH 2017...

CLIMATE NORMAL PERIOD 1981 TO 2010
CLIMATE RECORD PERIOD 1878 TO 2017

WEATHER         OBSERVED          NORMAL  DEPART  LAST YEAR`S
                 VALUE   DATE(S)  VALUE   FROM    VALUE  DATE(S)
                                          NORMAL
................................................................
TEMPERATURE (F)
HIGHEST            90   03/25        92      -2       91  03/31
LOWEST             54   03/14        42      12       47  03/21
AVG. MAXIMUM     82.3              78.9     3.4     80.9
AVG. MINIMUM     66.1              59.6     6.5     63.5
MEAN             74.2              69.3     4.9     72.2
DAYS MAX >= 90      1               1.0     0.0        1
DAYS MAX <= 32      0               0.0     0.0        0
DAYS MIN <= 32      0               0.0     0.0        0
DAYS MIN <= 0       0               0.0     0.0        0

PRECIPITATION (INCHES)
TOTALS           1.84              1.23    0.61     2.67
DAILY AVG.       0.06              0.04    0.02     0.09
DAYS >= .01         7               4.4     2.6        5
DAYS >= .10         1               1.9    -0.9        3
DAYS >= .50         1               0.5     0.5        1
DAYS >= 1.00        1               0.3     0.7        1
GREATEST
 24 HR. TOTAL    1.71   03/04 TO 03/04

DEGREE_DAYS
HEATING TOTAL       2                43     -41       13
 SINCE 7/1        201               546    -345      373
COOLING TOTAL     294               174     120      243
 SINCE 1/1        681               315     366      351
.................................................................

WIND (MPH)
AVERAGE WIND SPEED              12.0
HIGHEST WIND SPEED/DIRECTION    36/160     DATE   03/24
HIGHEST GUST SPEED/DIRECTION    42/160     DATE   03/24

SKY COVER
AVERAGE SKY COVER           0.50
NUMBER OF DAYS FAIR           10
NUMBER OF DAYS PC             14
NUMBER OF DAYS CLOUDY          7

AVERAGE RH (PERCENT)     76

WEATHER CONDITIONS. NUMBER OF DAYS WITH
THUNDERSTORM              0     MIXED PRECIP               0
HEAVY RAIN                1     RAIN                       1
LIGHT RAIN                8     FREEZING RAIN              0
LT FREEZING RAIN          0     HAIL                       0
HEAVY SNOW                0     SNOW                       0
LIGHT SNOW                0     SLEET                      0
FOG                       7     FOG W/VIS <= 1/4 MILE      0
HAZE                      1

-  INDICATES NEGATIVE NUMBERS.
R  INDICATES RECORD WAS SET OR TIED.
MM INDICATES DATA IS MISSING.
T  INDICATES TRACE AMOUNT.

$$
