000
CXAK59 PABR 040526
CLMBRW

CLIMATE REPORT
NATIONAL WEATHER SERVICE BARROW, AK
926 PM AKDT WED SEP 3 2014

...................................

...THE BARROW WSO AP CLIMATE SUMMARY FOR THE MONTH OF AUGUST 2014...

CLIMATE NORMAL PERIOD 1981 TO 2010
CLIMATE RECORD PERIOD 1915 TO 2014

WEATHER         OBSERVED          NORMAL  DEPART  LAST YEAR`S
                 VALUE   DATE(S)  VALUE   FROM    VALUE  DATE(S)
                                          NORMAL
................................................................
TEMPERATURE (F)
RECORD
 HIGH              76   8/08/1968
 LOW               20   8/16/1925
HIGHEST            57   8/22         61      -4      63  8/11
LOWEST             27                27       0      28  8/30
AVG. MAXIMUM       42.3              43.9    -1.6    43.2
AVG. MINIMUM       33.0              34.1    -1.1    36.0
MEAN               37.7              38.9    -1.2    39.6
DAYS MAX >= 90      0                 0.0     0.0     0
DAYS MAX <= 32      0                 0.9    -0.9     0
DAYS MAX >= 80      0                 0.0     0.0     0
DAYS MAX >= 70      0                 0.0    -0.0     0
DAYS MIN <= 32     11                13.5    -2.5     8
DAYS MIN <= 0       0                 0.0     0.0     0

PRECIPITATION (INCHES)
RECORD
 MAXIMUM            2.81   1963
 MINIMUM            0.00   1934
TOTALS              0.45              1.05   -0.60    1.35
DAILY AVG.          0.01              0.03   -0.02    0.04
DAYS >= .01         8                11.5    -3.5    15
DAYS >= .10         1                 3.9    -2.9     4
DAYS >= .50         0                 0.2    -0.2     0
DAYS >= 1.0         0                 0.0     0.0     0
GREATEST
 24 HR TOTAL        0.25   8/31                       0.34  8/10

SNOWFALL (INCHES)
RECORDS
 TOTAL              4.0   1969
 24 HR TOTAL        2.8   8-21-2003
 SNOW DEPTH         3     8-21-2003
TOTALS              0.5               0.9    -0.4     1.1
SINCE 7/1           1.4               1.0     0.4     1.1
SNOWDEPTH AVG.      0                 0       0       0
DAYS >= TRACE       7                 8.1    -1.1    10
DAYS >= 1.0         0                 0.2    -0.2     0
DAYS >= 6.0         0                 0.0     0.0     0
GREATEST
 SNOW DEPTH         T   8/29-30                       0  8/21
 24 HR TOTAL      0.5   8/29-30                     0.6  8/31

DEGREE_DAYS
HEATING TOTAL     838               807      31     780
 SINCE 7/1       1666              1554     112    1409
COOLING TOTAL       0                 0       0       0
 SINCE 1/1          0                 0       0       0
................................................................

WIND (MPH)
AVERAGE WIND SPEED               14.2
HIGHEST WIND SPEED/DIRECTION     36/070    DATE    08/7
HIGHEST GUST SPEED/DIRECTION     43/070    DATE    08/7

SKY COVER
POSSIBLE SUNSHINE (PERCENT)   MM
AVERAGE SKY COVER             MM
NUMBER OF DAYS FAIR           MM
NUMBER OF DAYS PC             MM
NUMBER OF DAYS CLOUDY         MM

AVERAGE RH (PERCENT)     MM

WEATHER CONDITIONS. NUMBER OF DAYS WITH
THUNDERSTORM              0     ICE PELLETS                 1
RAIN                     14     GLAZE                       2
DRIZZLE                  14     HAIL                        0
SNOW                      7     HAZE                        0
FOG                      19     FOG W/VIS <= 1/4 MILE      10
BLOWING SNOW              0


-  INDICATES NEGATIVE NUMBERS.
R  INDICATES RECORD WAS SET OR TIED.
MM INDICATES DATA IS MISSING.
T  INDICATES TRACE AMOUNT.

&&


$$
RFL SEP 14
