000
CXUS54 KLIX 061247
CLMBTR


CLIMATE REPORT
NATIONAL WEATHER SERVICE NEW ORLEANS
722 AM CDT SAT JUN 6 2015

...................................

...THE BATON ROUGE ASOS CLIMATE SUMMARY FOR THE MONTH OF MAY 2015...

CLIMATE NORMAL PERIOD 1981 TO 2010
CLIMATE RECORD PERIOD 1894 TO 2015

WEATHER         OBSERVED          NORMAL  DEPART  LAST YEAR`S
                 VALUE   DATE(S)  VALUE   FROM    VALUE  DATE(S)
                                          NORMAL
................................................................
TEMPERATURE (F)
RECORD
 HIGH              98   05/28/1953
 LOW               40   05/04/2013
                        05/17/1908
                        01/01/2000
HIGHEST            91   05/28                         89  05/26
                                                          05/25
                                                          05/23
LOWEST             56   05/02                         49  05/01
AVG. MAXIMUM     86.5              86.2     0.3     84.8
AVG. MINIMUM     66.3              65.2     1.1     63.1
MEAN             76.4              75.7     0.7     74.0
DAYS MAX >= 90      3               7.2    -4.2        0
DAYS MAX <= 32      0               0.0     0.0        0
DAYS MIN <= 32      0               0.0     0.0        0
DAYS MIN <= 0       0               0.0     0.0        0

PRECIPITATION (INCHES)
RECORD
 MAXIMUM
 MINIMUM
TOTALS          11.17              4.89    6.28     8.32
DAILY AVG.       0.36              0.16    0.20     0.27
DAYS >= .01        14               7.9     6.1        9
DAYS >= .10        11               5.7     5.3        5
DAYS >= .50         7               3.0     4.0        3
DAYS >= 1.00        4               1.6     2.4        2
GREATEST
 24 HR. TOTAL    4.24   05/30 TO 05/31

SNOWFALL (INCHES)
RECORDS
 TOTAL
 24 HR TOTAL
 SNOW DEPTH
TOTALS            0.0               0.0     0.0      0.0
SINCE 7/1           T               0.1    -0.1      0.4
SNOWDEPTH AVG.      0                                  0
DAYS >= TRACE       0               0.0     0.0        0
DAYS >= 1.0         0               0.0     0.0        0
GREATEST
 SNOW DEPTH         0                                  0
 24 HR TOTAL      0.0   05/31 TO 05/31

DEGREE_DAYS
HEATING TOTAL       0                 2      -2        6
 SINCE 7/1       1641              1555      86     1984
COOLING TOTAL     360               334      26      293
 SINCE 1/1        671               565     106      506
..................................................

WIND (MPH)
AVERAGE WIND SPEED              6.0
HIGHEST WIND SPEED/DIRECTION    33/270    DATE  05/26
HIGHEST GUST SPEED/DIRECTION    53/200    DATE  05/30

SKY COVER
POSSIBLE SUNSHINE (PERCENT)
AVERAGE SKY COVER           0.40
NUMBER OF DAYS FAIR           13
NUMBER OF DAYS PC             17
NUMBER OF DAYS CLOUDY          1

AVERAGE RH (PERCENT)     76

WEATHER CONDITIONS. NUMBER OF DAYS WITH
THUNDERSTORM              0     MIXED PRECIP               0
HEAVY RAIN                9     RAIN                       9
LIGHT RAIN               15     FREEZING RAIN              0
LT FREEZING RAIN          0     HAIL                       0
HEAVY SNOW                0     SNOW                       0
LIGHT SNOW                0     SLEET                      0
FOG                      22     FOG W/VIS <= 1/4 MILE      3
HAZE                      5

-  INDICATES NEGATIVE NUMBERS.
R  INDICATES RECORD WAS SET OR TIED.
MM INDICATES DATA IS MISSING.
T  INDICATES TRACE AMOUNT.

$$
