000
CXUS55 KPUB 020234
CLMCOS


CLIMATE REPORT
NATIONAL WEATHER SERVICE PUEBLO
830 PM MDT SAT JUL 1 2017

...................................

...THE COLORADO SPRINGS CO CLIMATE SUMMARY FOR THE MONTH OF JUNE 2017...

CLIMATE NORMAL PERIOD 1981 TO 2010
CLIMATE RECORD PERIOD 1872 TO 2017

WEATHER         OBSERVED          NORMAL  DEPART  LAST YEAR`S
                 VALUE   DATE(S)  VALUE   FROM    VALUE  DATE(S)
                                          NORMAL
................................................................
TEMPERATURE (F)
RECORD
 HIGH             101   06/21/2016
                        06/26/2012
                        54/01/2206
 LOW               30   06/02/1919
                        06/02/1917
HIGHEST            95   06/21        83      12      101  06/21
LOWEST             46   06/01        46       0       47  06/14
AVG. MAXIMUM     83.8              79.0     4.8     85.5
AVG. MINIMUM     54.8              51.3     3.5     55.5
MEAN             69.3              65.1     4.2     70.5
DAYS MAX >= 90      9               3.0     6.0
DAYS MAX <= 32      0               0.0     0.0
DAYS MIN <= 32      0               0.0     0.0
DAYS MIN <= 0       0               0.0     0.0

PRECIPITATION (INCHES)
RECORD
 MAXIMUM         8.00   1965
 MINIMUM         0.10   1888
TOTALS           0.50              2.50   -2.00     1.04
DAILY AVG.       0.02              0.08   -0.06
DAYS >= .01         9              10.2    -1.2
DAYS >= .10         1               4.8    -3.8
DAYS >= .50         0               1.6    -1.6
DAYS >= 1.00        0               0.5    -0.5
GREATEST
 24 HR. TOTAL    0.29   06/25 TO 06/26              0.33

SNOWFALL (INCHES)
RECORDS
 TOTAL            2.0   1917
TOTALS              T               0.0     0.0        T
SINCE 7/1        25.2              37.7   -12.5     50.7
SNOWDEPTH AVG.      0
DAYS >= 1.0         0               0.0     0.0
GREATEST
 SNOW DEPTH         0                                  0
 24 HR TOTAL        T   06/25 TO 06/25                 T

DEGREE_DAYS
HEATING TOTAL      21                79     -58        8
 SINCE 7/1       5099              6292   -1193     5484
COOLING TOTAL     157                83      74      181
 SINCE 1/1        159                93      66      183
.................................................................

WIND (MPH)
AVERAGE WIND SPEED              9.4
HIGHEST WIND SPEED/DIRECTION    40/050    DATE  06/22
HIGHEST GUST SPEED/DIRECTION    53/180    DATE  06/12

SKY COVER
POSSIBLE SUNSHINE (PERCENT)   MM
AVERAGE SKY COVER           0.50
NUMBER OF DAYS FAIR            5
NUMBER OF DAYS PC             23
NUMBER OF DAYS CLOUDY          2

AVERAGE RH (PERCENT)     46

WEATHER CONDITIONS. NUMBER OF DAYS WITH
THUNDERSTORM             12     MIXED PRECIP               0
HEAVY RAIN                0     RAIN                       5
LIGHT RAIN               15     FREEZING RAIN              0
LT FREEZING RAIN          0     HAIL                       2
HEAVY SNOW                0     SNOW                       0
LIGHT SNOW                0     SLEET                      0
FOG                       5     FOG W/VIS <= 1/4 MILE      0
HAZE                      3

-  INDICATES NEGATIVE NUMBERS.
R  INDICATES RECORD WAS SET OR TIED.
MM INDICATES DATA IS MISSING.
T  INDICATES TRACE AMOUNT.

$$
